000
CXUS55 KCYS 041724 CCA
CF6RWL
PRELIMINARY LOCAL CLIMATOLOGICAL DATA (WS FORM: F-6)...CORRECTED
STATION: RAWLINS WYOMING AIRPORT
MONTH: JULY
YEAR: 2022
LATITUDE: 41 47 N
LONGITUDE: 107 12 W
TEMPERATURE IN F: :PCPN: SNOW: WIND :SUNSHINE: SKY :PK WND
================================================================================
1 2 3 4 5 6A 6B 7 8 9 10 11 12 13 14 15 16 17 18
12Z AVG MX 2MIN
DY MAX MIN AVG DEP HDD CDD WTR SNW DPTH SPD SPD DIR MIN PSBL S-S WX SPD DR
================================================================================
1 84 43 64 -1 1 0 0.05 M M 5.7 43 300 M M 2 3 62 290
2 87 47 67 2 0 2 0.00 M M 7.8 22 200 M M 1 31 200
3 87 56 72 6 0 7 0.19 M M 12.0 30 270 M M 3 13 40 270
4 86 54 70 4 0 5 T M M 11.6 33 200 M M 2 3 45 210
5 88 50 69 3 0 4 0.00 M M 7.6 24 150 M M 1 3 34 210
6 83 58 71 5 0 6 0.00 M M 6.0 15 250 M M 4 24 170
7 87 59 73 6 0 8 T M M 8.1 26 190 M M 2 36 190
8 92 51 72 5 0 7 0.00 M M 6.4 22 230 M M 1 30 240
9 95 54 75 8 0 10 0.00 M M 9.1 28 220 M M 0 43 200
10 93 57 75 8 0 10 T M M 12.5 30 260 M M 0 42 230
11 86 45 66 -2 0 1 0.00 M M 8.8 20 300 M M 0 28 300
12 92 50 71 3 0 6 0.00 M M 8.8 23 360 M M 0 32 20
13 92 52 72 4 0 7 0.03 M M 9.0 32 220 M M 1 3 52 220
14 91 58 75 7 0 10 0.02 M M 9.6 33 330 M M 3 46 330
15 83 59 71 3 0 6 T M M 8.2 20 250 M M 5 3 26 280
16 90 55 73 4 0 8 T M M 10.1 32 350 M M 2 42 350
17 94 49 72 3 0 7 0.00 M M 4.7 15 110 M M 0 22 90
18 94 61 78 9 0 13 0.13 M M 15.7 36 200 M M 2 8 51 210
19 90 60 75 6 0 10 0.00 M M 17.5 32 300 M M 0 48 290
20 90 60 75 6 0 10 0.00 M M 13.2 25 280 M M 2 34 280
21 92 48 70 1 0 5 0.00 M M 12.4 29 250 M M 0 43 280
22 93 50 72 3 0 7 0.00 M M 7.1 23 310 M M 0 34 310
23 85 58 72 3 0 7 0.04 M M 7.1 35 240 M M 3 3 45 240
24 76 49 63 -6 2 0 0.00 M M 9.2 25 200 M M 1 38 210
25 89 47 68 -1 0 3 0.00 M M 9.2 28 260 M M 2 40 260
26 89 49 69 0 0 4 0.00 M M 8.6 20 80 M M 1 26 70
27 90 51 71 2 0 6 T M M 9.6 40 350 M M 0 3 51 30
28 85 55 70 1 0 5 T M M 11.6 32 250 M M 2 3 40 40
29 87 49 68 -1 0 3 0.00 M M 5.7 17 10 M M 0 24 360
30 88 52 70 1 0 5 T M M 9.7 24 290 M M 2 34 250
31 91 64 78 9 0 13 0.00 M M 8.1 21 60 M M 2 26 60
================================================================================
SM 2749 1650 3 195 0.46 M 290.7 M 44
================================================================================
AV 88.7 53.2 9.4 FASTST M M 1 MAX(MPH)
MISC ----> 43 300 62 290
================================================================================
NOTES:
# LAST OF SEVERAL OCCURRENCES
COLUMN 17 PEAK WIND IN M.P.H.
PRELIMINARY LOCAL CLIMATOLOGICAL DATA (WS FORM: F-6) , PAGE 2
STATION: RAWLINS WYOMING AIRPORT
MONTH: JULY
YEAR: 2022
LATITUDE: 41 47 N
LONGITUDE: 107 12 W
[TEMPERATURE DATA] [PRECIPITATION DATA] SYMBOLS USED IN COLUMN 16
AVERAGE MONTHLY: 71.0 TOTAL FOR MONTH: 0.46 1 = FOG OR MIST
DPTR FM NORMAL: 3.1 DPTR FM NORMAL: -0.26 2 = FOG REDUCING VISIBILITY
HIGHEST: 95 ON 9 GRTST 24HR 0.19 ON 3- 3 TO 1/4 MILE OR LESS
LOWEST: 43 ON 1 3 = THUNDER
SNOW, ICE PELLETS, HAIL 4 = ICE PELLETS
TOTAL MONTH: M 5 = HAIL
GRTST 24HR M ON M 6 = FREEZING RAIN OR DRIZZLE
GRTST DEPTH: M ON M 7 = DUSTSTORM OR SANDSTORM:
VSBY 1/2 MILE OR LESS
8 = SMOKE OR HAZE
[NO. OF DAYS WITH] [WEATHER - DAYS WITH] 9 = BLOWING SNOW
X = TORNADO
MAX 32 OR BELOW: 0 0.01 INCH OR MORE: 6
MAX 90 OR ABOVE: 15 0.10 INCH OR MORE: 2
MIN 32 OR BELOW: 0 0.50 INCH OR MORE: 0
MIN 0 OR BELOW: 0 1.00 INCH OR MORE: 0
[HDD (BASE 65) ]
TOTAL THIS MO. 3 CLEAR (SCALE 0-3) 28
DPTR FM NORMAL -23 PTCLDY (SCALE 4-7) 3
TOTAL FM JUL 1 3 CLOUDY (SCALE 8-10) 0
DPTR FM NORMAL -18
[CDD (BASE 65) ]
TOTAL THIS MO. 195
DPTR FM NORMAL 77 [PRESSURE DATA]
TOTAL FM JAN 1 233 HIGHEST SLP 30.11 ON 11
DPTR FM NORMAL 93 LOWEST SLP 29.68 ON 3
[REMARKS]
JULY 9...TIED RECORD HIGH 95 DEGREES PREVIOUSLY SET IN 2021
JULY 31...TIED RECORD HIGH LOW 64 DEGREES PREVIOUSLY SET IN 1988
MEAN TEMPERATURE 71.0 DEGREES WAS 6TH WARMEST JULY
#FINAL-07-22#