000
CXUS55 KCYS 011840
CLARWL
CLIMATE REPORT
NATIONAL WEATHER SERVICE CHEYENNE WY
1140 AM MST SUN JAN 01 2023
...................................
...THE RAWLINS WYOMING AIRPORT CLIMATE SUMMARY FOR THE YEAR OF 2022...
CLIMATE NORMAL PERIOD 1991 TO 2020
CLIMATE RECORD PERIOD 1951 TO 2022
WEATHER OBSERVED NORMAL DEPART LAST YEAR`S
VALUE DATE(S) VALUE FROM VALUE DATE(S)
NORMAL
................................................................
TEMPERATURE (F)
RECORD
HIGH 98 08/02/2000
07/12/1954
07/11/1954
LOW -36 02/02/2011
02/06/1989
01/19/1963
HIGHEST 96 08/10 MM MM 96 06/15
06/16
07/19
LOWEST -25 12/22 MM MM -14 02/14
AVG. MAXIMUM 56.9 56.2 0.7 58.2
AVG. MINIMUM 29.7 30.0 -0.3 31.7
MEAN 43.3 43.1 0.2 45.0
DAYS MAX >= 90 29 14.9 14.1 27
DAYS MAX <= 32 59 53.3 5.7 49
DAYS MIN <= 32 199 191.8 7.2 186
DAYS MIN <= 0 21 15.3 5.7 10
PRECIPITATION (INCHES)
RECORD
MAXIMUM 15.49 2009
MINIMUM 3.24 2002
TOTALS 6.82 9.04 -2.22 9.64
DAILY AVG. 0.02 0.02 -0.01 0.03
DAYS >= .01 77 82.1 -5.1 82
DAYS >= .10 24 27.5 -3.5 30
DAYS >= .50 1 2.5 -1.5 2
DAYS >= 1.00 0 0.4 -0.4 0
GREATEST
24 HR. TOTAL 0.79 MM 0.66
STORM TOTAL 0.56 0.61
(MM/DD(HH)) MM
DEGREE DAYS
HEATING TOTAL 8197 8168 29 7590
SINCE 7/1 3306 3348 MM
COOLING TOTAL 425 224 201 410
SINCE 1/1 425 225 MM
................................................................
WIND (MPH)
AVERAGE WIND SPEED 12.3
HIGHEST WIND SPEED/DIRECTION 49/260 DATE 12/21
HIGHEST GUST SPEED/DIRECTION 72/260 DATE 12/21
SKY COVER
POSSIBLE SUNSHINE (PERCENT) MM
AVERAGE SKY COVER 0.27
NUMBER OF DAYS FAIR 251
NUMBER OF DAYS PC 82
NUMBER OF DAYS CLOUDY 32
AVERAGE RH (PERCENT) 51
WEATHER CONDITIONS. NUMBER OF DAYS WITH
THUNDERSTORM 21 MIXED PRECIP 0
HEAVY RAIN 9 RAIN 16
LIGHT RAIN 89 FREEZING RAIN 0
LT FREEZING RAIN 0 HAIL 0
HEAVY SNOW 15 SNOW 21
LIGHT SNOW 107 SLEET 0
FOG 56 FOG W/VIS <= 1/4 MILE 15
HAZE 31
- INDICATES NEGATIVE NUMBERS.
R INDICATES RECORD WAS SET OR TIED.
MM INDICATES DATA IS MISSING.
T INDICATES TRACE AMOUNT.
$$