000
CXUS55 KPIH 011100
CF6RXE
PRELIMINARY LOCAL CLIMATOLOGICAL DATA (WS FORM: F-6)
STATION: REXBURG
MONTH: JUNE
YEAR: 2021
LATITUDE: 43 49 N
LONGITUDE: 111 48 W
TEMPERATURE IN F: :PCPN: SNOW: WIND :SUNSHINE: SKY :PK WND
================================================================================
1 2 3 4 5 6A 6B 7 8 9 10 11 12 13 14 15 16 17 18
12Z AVG MX 2MIN
DY MAX MIN AVG DEP HDD CDD WTR SNW DPTH SPD SPD DIR MIN PSBL S-S WX SPD DR
================================================================================
1 80 46 63 6 2 0 0.00 M M 3.7 10 220 M M 1 14 210
2 85 49 67 10 0 2 0.00 M M 3.3 9 210 M M 0 17 250
3 90 53 72 15 0 7 0.00 M M 3.9 12 240 M M 0 15 180
4 91 53 72 14 0 7 0.00 M M 8.1 21 210 M M 0 32 200
5 86 59 73 15 0 8 0.00 M M 13.2 35 240 M M 0 48 220
6 76 53 65 7 0 0 0.00 M M 11.8 23 220 M M 0 37 220
7 78 52 65 7 0 0 0.00 M M 9.4 21 210 M M 0 29 210
8 82 59 71 13 0 6 0.00 M M 8.1 21 240 M M 0 27 250
9 83 51 67 8 0 2 0.00 M M 6.8 15 230 M M 0 23 180
10 65 43 54 -5 11 0 0.00 M M 15.5 29 240 M M 5 42 220
11 70 36 53 -6 12 0 0.00 M M 5.7 18 240 M M 0 29 220
12 82 42 62 3 3 0 0.00 M M 5.8 18 210 M M 0 26 190
13 94 48 71 11 0 6 0.00 M M 3.5 10 160 M M 0 15 150
14 93 49 71 11 0 6 0.00 M M 4.1 12 240 M M 0 18 210
15 90 53 72 12 0 7 0.00 M M 8.6 20 230 M M 0 27 240
16 84 56 70 10 0 5 0.00 M M 11.5 18 210 M M 0 29 180
17 85 58 72 12 0 7 0.00 M M 8.6 17 180 M M 0 24 190
18 88 52 70 9 0 5 0.00 M M 5.0 12 210 M M 0 8 17 200
19 91 51 71 10 0 6 0.00 M M 6.9 25 200 M M 0 37 200
20 82 49 66 5 0 1 T M M 7.0 21 30 M M 1 29 20
21 85 48 67 6 0 2 0.00 M M 5.6 15 210 M M 0 20 220
22 91 52 72 10 0 7 0.00 M M 5.0 17 40 M M 0 26 40
23 87 58 73 11 0 8 0.00 M M 10.3 21 350 M M 1 8 36 360
24 81 53 67 5 0 2 0.04 M M 7.1 23 220 M M 2 3 33 10
25 79 53 66 3 0 1 T M M 4.7 15 80 M M 1 24 70
26 83 56 70 7 0 5 0.00 M M 8.4 22 30 M M 3 31 10
27 86 52 69 6 0 4 0.00 M M 7.8 16 20 M M 1 27 40
28 89 55 72 8 0 7 0.00 M M 4.4 13 40 M M 0 19 80
29 91 59 75 11 0 10 0.20 M M 5.7 16 170 M M 1 3 24 150
30 89 54 72 8 0 7 0.00 M M 4.4 12 20 M M 0 17 360
================================================================================
SM 2536 1552 28 128 0.24 M 213.9 M 16
================================================================================
AV 84.5 51.7 7.1 FASTST M M 1 MAX(MPH)
MISC ----> 35 240 48 220
================================================================================
NOTES:
# LAST OF SEVERAL OCCURRENCES
COLUMN 17 PEAK WIND IN M.P.H.
PRELIMINARY LOCAL CLIMATOLOGICAL DATA (WS FORM: F-6) , PAGE 2
STATION: REXBURG
MONTH: JUNE
YEAR: 2021
LATITUDE: 43 49 N
LONGITUDE: 111 48 W
[TEMPERATURE DATA] [PRECIPITATION DATA] SYMBOLS USED IN COLUMN 16
AVERAGE MONTHLY: 68.1 TOTAL FOR MONTH: 0.24 1 = FOG OR MIST
DPTR FM NORMAL: 7.8 DPTR FM NORMAL: -1.19 2 = FOG REDUCING VISIBILITY
HIGHEST: 94 ON 13 GRTST 24HR 0.20 ON 29-29 TO 1/4 MILE OR LESS
LOWEST: 36 ON 11 3 = THUNDER
SNOW, ICE PELLETS, HAIL 4 = ICE PELLETS
TOTAL MONTH: M 5 = HAIL
GRTST 24HR M ON M 6 = FREEZING RAIN OR DRIZZLE
GRTST DEPTH: M ON M 7 = DUSTSTORM OR SANDSTORM:
VSBY 1/2 MILE OR LESS
8 = SMOKE OR HAZE
[NO. OF DAYS WITH] [WEATHER - DAYS WITH] 9 = BLOWING SNOW
X = TORNADO
MAX 32 OR BELOW: 0 0.01 INCH OR MORE: 2
MAX 90 OR ABOVE: 8 0.10 INCH OR MORE: 1
MIN 32 OR BELOW: 0 0.50 INCH OR MORE: 0
MIN 0 OR BELOW: 0 1.00 INCH OR MORE: 0
[HDD (BASE 65) ]
TOTAL THIS MO. 28 CLEAR (SCALE 0-3) 29
DPTR FM NORMAL -138 PTCLDY (SCALE 4-7) 1
TOTAL FM JUL 1 7697 CLOUDY (SCALE 8-10) 0
DPTR FM NORMAL -198
[CDD (BASE 65) ]
TOTAL THIS MO. 128
DPTR FM NORMAL 105 [PRESSURE DATA]
TOTAL FM JAN 1 128 HIGHEST SLP 30.24 ON 11
DPTR FM NORMAL 102 LOWEST SLP 29.56 ON 5
[REMARKS]
#FINAL-06-21#