000
CXUS54 KEWX 011010
CF6RYW
PRELIMINARY LOCAL CLIMATOLOGICAL DATA (WS FORM: F-6)
STATION: LAGO VISTA
MONTH: JANUARY
YEAR: 2021
LATITUDE: 30 30 N
LONGITUDE: 97 58 W
TEMPERATURE IN F: :PCPN: SNOW: WIND :SUNSHINE: SKY :PK WND
================================================================================
1 2 3 4 5 6A 6B 7 8 9 10 11 12 13 14 15 16 17 18
12Z AVG MX 2MIN
DY MAX MIN AVG DEP HDD CDD WTR SNW DPTH SPD SPD DIR MIN PSBL S-S WX SPD DR
================================================================================
1 51 33 42 M 23 0 0.00 M M 9.7 16 280 M M 6 26 280
2 62 33 48 M 17 0 0.00 M M 5.5 12 270 M M 0 17 270
3 70 40 55 M 10 0 0.00 M M 7.8 13 240 M M 0 20 200
4 76 45 61 M 4 0 0.00 M M 5.5 9 30 M M 0 M M
5 72 45 59 M 6 0 0.00 M M 7.5 10 20 M M 4 16 170
6 64 46 55 M 10 0 0.01 M M 9.3 18 300 M M 6 12 36 290
7 61 37 49 M 16 0 0.00 M M 9.0 14 330 M M 0 22 320
8 54 34 44 M 21 0 0.00 M M 4.9 8 10 M M 1 16 20
9 56 30 43 M 22 0 0.00 M M 6.4 9 70 M M 3 17 80
10 40 32 36 M 29 0 0.59 M M 8.6 13 60 M M 10 18 70
11 46 31 39 M 26 0 0.00 M M 5.9 9 330 M M 6 17 360
12 53 27 40 M 25 0 0.00 M M 4.0 7 190 M M 1 M M
13 68 32 50 M 15 0 0.00 M M 5.9 12 200 M M 0 17 200
14 64 44 54 M 11 0 0.00 M M 9.6 17 360 M M 0 25 360
15 58 39 49 M 16 0 0.00 M M 9.0 17 290 M M 0 32 300
16 64 35 50 M 15 0 0.00 M M 4.9 9 280 M M 3 M M
17 49 37 43 M 22 0 0.00 M M 4.5 9 260 M M 0 M M
18 73 42 58 M 7 0 0.00 M M 7.6 17 190 M M 5 24 200
19 64 44 54 M 11 0 0.04 M M 7.8 16 20 M M 10 18 28 20
20 49 43 46 M 19 0 0.01 M M 5.0 10 40 M M 10 12 17 50
21 63 47 55 M 10 0 0.00 M M 4.0 8 250 M M 7 12 M M
22 76 50 63 M 2 0 0.02 M M 5.1 12 30 M M 7 1 20 350
23 64 47 56 M 9 0 0.07 M M 3.2 7 80 M M 10 12 M M
24 67 58 63 M 2 0 0.01 M M 5.9 10 170 M M 10 12 23 150
25 74 54 64 M 1 0 0.06 M M 8.2 15 310 M M 3 1 24 180
26 73 46 60 M 5 0 0.00 M M 5.8 17 20 M M 1 28 20
27 65 37 51 M 14 0 0.00 M M 8.1 15 20 M M 1 23 20
28 57 32 45 M 20 0 0.00 M M 6.0 9 40 M M 0 M M
29 69 37 53 M 12 0 0.00 M M 6.5 13 170 M M 4 22 150
30 79 56 68 M 0 3 0.00 M M 9.5 15 190 M M 6 25 200
31 66 47 57 M 8 0 0.00 M M 8.1 15 330 M M 0 8 23 350
================================================================================
SM 1947 1260 408 3 0.81 M 208.9 M 114
================================================================================
AV 62.8 40.6 6.7 FASTST M M 4 MAX(MPH)
MISC ----> 18 300 36 290
================================================================================
NOTES:
# LAST OF SEVERAL OCCURRENCES
COLUMN 17 PEAK WIND IN M.P.H.
PRELIMINARY LOCAL CLIMATOLOGICAL DATA (WS FORM: F-6) , PAGE 2
STATION: LAGO VISTA
MONTH: JANUARY
YEAR: 2021
LATITUDE: 30 30 N
LONGITUDE: 97 58 W
[TEMPERATURE DATA] [PRECIPITATION DATA] SYMBOLS USED IN COLUMN 16
AVERAGE MONTHLY: 51.7 TOTAL FOR MONTH: 0.81 1 = FOG OR MIST
DPTR FM NORMAL: 0.0 DPTR FM NORMAL: M 2 = FOG REDUCING VISIBILITY
HIGHEST: 79 ON 30 GRTST 24HR 0.83 ON 9-10 TO 1/4 MILE OR LESS
LOWEST: 27 ON 12 3 = THUNDER
SNOW, ICE PELLETS, HAIL 4 = ICE PELLETS
TOTAL MONTH: M 5 = HAIL
GRTST 24HR M ON M 6 = FREEZING RAIN OR DRIZZLE
GRTST DEPTH: M ON M 7 = DUSTSTORM OR SANDSTORM:
VSBY 1/2 MILE OR LESS
8 = SMOKE OR HAZE
[NO. OF DAYS WITH] [WEATHER - DAYS WITH] 9 = BLOWING SNOW
X = TORNADO
MAX 32 OR BELOW: 0 0.01 INCH OR MORE: 8
MAX 90 OR ABOVE: 0 0.10 INCH OR MORE: 1
MIN 32 OR BELOW: 6 0.50 INCH OR MORE: 1
MIN 0 OR BELOW: 0 1.00 INCH OR MORE: 0
[HDD (BASE 65) ]
TOTAL THIS MO. 408 CLEAR (SCALE 0-3) 16
DPTR FM NORMAL M PTCLDY (SCALE 4-7) 10
TOTAL FM JUL 1 869 CLOUDY (SCALE 8-10) 5
DPTR FM NORMAL M
[CDD (BASE 65) ]
TOTAL THIS MO. 3
DPTR FM NORMAL M [PRESSURE DATA]
TOTAL FM JAN 1 3 HIGHEST SLP M ON M
DPTR FM NORMAL M LOWEST SLP M ON M
[REMARKS]
#FINAL-01-21#