000
CXUS56 KSGX 011045
CF6SAN
PRELIMINARY LOCAL CLIMATOLOGICAL DATA (WS FORM: F-6)
STATION: SAN DIEGO INTL AIRPORT CA
MONTH: JULY
YEAR: 2023
LATITUDE: 32 43 N
LONGITUDE: 117 10 W
TEMPERATURE IN F: :PCPN: SNOW: WIND :SUNSHINE: SKY :PK WND
================================================================================
1 2 3 4 5 6A 6B 7 8 9 10 11 12 13 14 15 16 17 18
12Z AVG MX 2MIN
DY MAX MIN AVG DEP HDD CDD WTR SNW DPTH SPD SPD DIR MIN PSBL S-S WX SPD DR
================================================================================
1 73 62 68 -1 0 3 0.00 M M 5.7 12 220 M M 8 18 24 200
2 73 63 68 -1 0 3 0.00 M M 6.2 15 280 M M 6 18 20 300
3 72 63 68 -2 0 3 0.00 M M 6.4 14 300 M M 7 18 20 320
4 72 62 67 -3 0 2 0.00 M M 6.2 14 300 M M 6 18 19 310
5 72 61 67 -3 0 2 0.00 M M 6.4 15 280 M M 5 20 250
6 70 61 66 -4 0 1 0.00 M M 5.6 14 270 M M 6 21 260
7 70 62 66 -4 0 1 0.00 M M 5.4 13 260 M M 5 23 250
8 70 63 67 -3 0 2 0.00 M M 6.4 14 200 M M 8 27 200
9 72 63 68 -2 0 3 0.00 M M 6.2 14 280 M M 7 8 23 210
10 73 63 68 -2 0 3 0.00 M M 5.7 14 280 M M 6 8 18 260
11 76 63 70 0 0 5 0.00 M M 5.6 13 280 M M 4 18 17 290
12 80 66 73 3 0 8 0.00 M M 5.9 17 290 M M 4 20 280
13 80 67 74 3 0 9 0.00 M M 6.3 15 290 M M 3 20 320
14 78 65 72 1 0 7 0.00 M M 5.8 10 270 M M 3 20 180
15 75 66 71 0 0 6 0.00 M M 5.6 12 210 M M 7 8 24 210
16 75 65 70 -1 0 5 0.00 M M 5.5 12 170 M M 7 21 200
17 78 67 73 2 0 8 0.00 M M 5.0 10 290 M M 4 8 19 220
18 77 67 72 1 0 7 0.00 M M 5.9 13 270 M M 4 1 17 270
19 78 67 73 2 0 8 0.00 M M 6.9 15 280 M M 5 8 18 280
20 76 67 72 1 0 7 0.00 M M 5.9 13 280 M M 4 19 240
21 77 66 72 1 0 7 0.00 M M 5.9 13 170 M M 5 18 19 200
22 76 65 71 0 0 6 0.00 M M 5.0 13 280 M M 8 18 19 250
23 75 65 70 -1 0 5 T M M 5.5 13 290 M M 8 18 19 200
24 76 66 71 0 0 6 0.00 M M 5.0 14 290 M M 6 18 18 250
25 78 66 72 1 0 7 0.00 M M 4.4 14 280 M M 6 1 16 260
26 82 68 75 3 0 10 0.00 M M 3.8 10 210 M M 4 1 22 200
27 77 69 73 1 0 8 0.00 M M 5.8 12 210 M M 7 24 210
28 74 68 71 -1 0 6 0.00 M M 5.2 15 210 M M 8 18 26 200
29 78 68 73 1 0 8 0.00 M M 5.0 13 210 M M 7 8 26 210
30 80 69 75 3 0 10 0.00 M M 5.8 15 170 M M 8 1 27 200
31 78 69 74 2 0 9 T M M 4.8 13 220 M M 7 1 24 190
================================================================================
SM 2341 2022 0 175 T M 174.8 M 183
================================================================================
AV 75.5 65.2 5.6 FASTST M M 6 MAX(MPH)
MISC ----> 17 290 # 27 200
================================================================================
NOTES:
# LAST OF SEVERAL OCCURRENCES
COLUMN 17 PEAK WIND IN M.P.H.
PRELIMINARY LOCAL CLIMATOLOGICAL DATA (WS FORM: F-6) , PAGE 2
STATION: SAN DIEGO INTL AIRPORT CA
MONTH: JULY
YEAR: 2023
LATITUDE: 32 43 N
LONGITUDE: 117 10 W
[TEMPERATURE DATA] [PRECIPITATION DATA] SYMBOLS USED IN COLUMN 16
AVERAGE MONTHLY: 70.4 TOTAL FOR MONTH: T 1 = FOG OR MIST
DPTR FM NORMAL: -0.3 DPTR FM NORMAL: -0.08 2 = FOG REDUCING VISIBILITY
HIGHEST: 82 ON 26 GRTST 24HR T ON 23-23 TO 1/4 MILE OR LESS
LOWEST: 61 ON 6, 5 3 = THUNDER
SNOW, ICE PELLETS, HAIL 4 = ICE PELLETS
TOTAL MONTH: M 5 = HAIL
GRTST 24HR M ON M 6 = FREEZING RAIN OR DRIZZLE
GRTST DEPTH: M ON M 7 = DUSTSTORM OR SANDSTORM:
VSBY 1/2 MILE OR LESS
8 = SMOKE OR HAZE
[NO. OF DAYS WITH] [WEATHER - DAYS WITH] 9 = BLOWING SNOW
X = TORNADO
MAX 32 OR BELOW: 0 0.01 INCH OR MORE: 0
MAX 90 OR ABOVE: 0 0.10 INCH OR MORE: 0
MIN 32 OR BELOW: 0 0.50 INCH OR MORE: 0
MIN 0 OR BELOW: 0 1.00 INCH OR MORE: 0
[HDD (BASE 65) ]
TOTAL THIS MO. 0 CLEAR (SCALE 0-3) 1
DPTR FM NORMAL -1 PTCLDY (SCALE 4-7) 29
TOTAL FM JUL 1 0 CLOUDY (SCALE 8-10) 1
DPTR FM NORMAL 0
[CDD (BASE 65) ]
TOTAL THIS MO. 175
DPTR FM NORMAL -2 [PRESSURE DATA]
TOTAL FM JAN 1 208 HIGHEST SLP 30.01 ON 24
DPTR FM NORMAL -122 LOWEST SLP 29.82 ON 22
[REMARKS]
#FINAL-07-23#