000
CXUS56 KSGX 012233
CLMSAN
CLIMATE REPORT
NATIONAL WEATHER SERVICE SAN DIEGO, CA
333 PM PDT SAT APR 01 2023
...................................
...THE SAN DIEGO INTL AIRPORT CA CLIMATE SUMMARY FOR THE MONTH OF MARCH 2023...
CLIMATE NORMAL PERIOD: 1991 TO 2020
CLIMATE RECORD PERIOD: 1874 TO 2023
WEATHER OBSERVED NORMAL DEPART LAST YEAR`S
VALUE DATE(S) VALUE FROM VALUE DATE(S)
NORMAL
................................................................
TEMPERATURE (F)
RECORD
HIGH 99 03/29/1879
LOW 36 03/05/1894
HIGHEST 76 03/18 66 10 85 03/23
LOWEST 40 03/02 53 -13 42 03/08
AVG. MAXIMUM 63.2 67.0 -3.8 67.4
AVG. MINIMUM 50.4 54.5 -4.1 51.3
MEAN 56.8 60.7 -3.9 59.4
DAYS MAX >= 90 0 0.1 -0.1 0
DAYS MAX <= 32 0 0.0 0.0 0
DAYS MAX >= 45 31 31
DAYS MIN <= 32 0 0.0 0.0 0
PRECIPITATION (INCHES)
RECORD
MAXIMUM 7.88 1867
MINIMUM 0.00 1997
TOTALS 3.97 1.46 2.51 1.61
DAILY AVG. 0.13 0.05 0.08 0.05
DAYS >= .01 12 6.2 5.8 6
DAYS >= .10 9 3.1 5.9 4
DAYS >= .50 3 1.0 2.0 1
DAYS >= 1.00 1 0.3 0.7 0
DAYS >= %-5.2F 0 0
DAYS >= %-5.2F 0 0
GREATEST
24 HR. TOTAL 1.06 03/21 TO 03/21 0.69 03/28 TO 03/29
STORM TOTAL 1.06 0.62
(MM/DD(HH)) MM
DEGREE DAYS
HEATING TOTAL 247 142 105 170
SINCE 7/1 1235 850 385 MM
COOLING TOTAL 0 10 -10 5
SINCE 1/1 0 18 -18 MM
FREEZE DATES
RECORD
EARLIEST MM
LATEST MM
EARLIEST MM
LATEST MM
................................................................
WIND (MPH)
AVERAGE WIND SPEED 6.0
RESULTANT WIND SPEED/DIRECTION 3/260
HIGHEST WIND SPEED/DIRECTION 32/280 DATE 03/01
HIGHEST GUST SPEED/DIRECTION 49/260 DATE 03/01
SKY COVER
POSSIBLE SUNSHINE (PERCENT) MM
AVERAGE SKY COVER 0.63
NUMBER OF DAYS FAIR 5
NUMBER OF DAYS PC 15
NUMBER OF DAYS CLOUDY 11
AVERAGE RH (PERCENT) 68
WEATHER CONDITIONS. NUMBER OF DAYS WITH
THUNDERSTORM 1 MIXED PRECIP 0
HEAVY RAIN 4 RAIN 7
LIGHT RAIN 12 FREEZING RAIN 0
LT FREEZING RAIN 0 HAIL 0
HEAVY SNOW 0 SNOW 0
LIGHT SNOW 0 SLEET 0
FOG 13 FOG W/VIS <= 1/4 MILE 1
HAZE 8
- INDICATES NEGATIVE NUMBERS.
R INDICATES RECORD WAS SET OR TIED.
MM INDICATES DATA IS MISSING.
T INDICATES TRACE AMOUNT.
$$