000
CXUS54 KEWX 012216
CLMSAT
CLIMATE REPORT
NATIONAL WEATHER SERVICE AUSTIN/SAN ANTONIO
411 PM CST FRI DEC 01 2023
...................................
...THE SAN ANTONIO CLIMATE SUMMARY FOR THE MONTH OF NOVEMBER 2023...
CLIMATE NORMAL PERIOD: 1991 TO 2020
CLIMATE RECORD PERIOD: 1886 TO 2023
WEATHER OBSERVED NORMAL DEPART LAST YEAR`S
VALUE DATE(S) VALUE FROM VALUE DATE(S)
NORMAL
................................................................
TEMPERATURE (F)
HIGHEST 85 11/07 88 11/04
LOWEST 38 11/22 38 11/13
11/15
AVG. MAXIMUM 68.9 71.7 -2.8 69.0
AVG. MINIMUM 52.5 49.8 2.7 51.6
MEAN 60.7 60.7 -0.0 60.3
DAYS MAX >= 90 0 0
DAYS MAX <= 32 0 0
DAYS MIN <= 32 0 0
DAYS MIN <= 0 0 0
PRECIPITATION (INCHES)
TOTALS 1.40 2.08 -0.68 1.79
DAILY AVG. 0.05 0.07 -0.02 0.06
DAYS >= .01 7 13
DAYS >= .10 5 6
DAYS >= .50 0 1
DAYS >= 1.00 0 0
GREATEST
24 HR. TOTAL 0.53 11/09 TO 11/10
SNOWFALL (INCHES)
TOTALS 0.0 0.0 0.0 0.0
SINCE 7/1 0.0 0.0 0.0 MM
DEGREE DAYS
HEATING TOTAL 173 186 -13 222
SINCE 7/1 209 220 -11 MM
COOLING TOTAL 50 58 -8 89
SINCE 1/1 3958 3132 826 MM
................................................................
WIND (MPH)
AVERAGE WIND SPEED 6.4
HIGHEST WIND SPEED/DIRECTION 25/360 DATE 11/21
25/360 11/26
HIGHEST GUST SPEED/DIRECTION 39/010 DATE 11/21
SKY COVER
POSSIBLE SUNSHINE (PERCENT) MM
AVERAGE SKY COVER 0.69
NUMBER OF DAYS FAIR 5
NUMBER OF DAYS PC 8
NUMBER OF DAYS CLOUDY 17
AVERAGE RH (PERCENT) 71
WEATHER CONDITIONS. NUMBER OF DAYS WITH
THUNDERSTORM 0 MIXED PRECIP 0
HEAVY RAIN 1 RAIN 4
LIGHT RAIN 14 FREEZING RAIN 0
LT FREEZING RAIN 0 HAIL 0
HEAVY SNOW 0 SNOW 0
LIGHT SNOW 0 SLEET 0
FOG 11 FOG W/VIS <= 1/4 MILE 1
HAZE 0
- INDICATES NEGATIVE NUMBERS.
R INDICATES RECORD WAS SET OR TIED.
MM INDICATES DATA IS MISSING.
T INDICATES TRACE AMOUNT.
&&
MONTHLY CLIMATE SUMMARY:
NOVEMBER 2023 WAS TIED FOR THE 66TH WARMEST AND WAS THE
64TH DRIEST NOVEMBER ON RECORD.
SEA LEVEL PRESSURE DATA:
HIGHEST SLP 30.48 ON 1ST
LOWEST SLP 29.64 ON 20TH
PRELIMINARY LOCAL CLIMATOLOGICAL DATA (WS FORM: F-6)
STATION: SAN ANTONIO
MONTH: NOVEMBER
YEAR: 2023
LATITUDE: 29 31 N
LONGITUDE: 98 28 W
TEMPERATURE IN F: :PCPN: SNOW: WIND :SUNSHINE: SKY :PK WND
================================================================================
1 2 3 4 5 6A 6B 7 8 9 10 11 12 13 14 15 16 17 18
12Z AVG MX 2MIN
DY MAX MIN AVG DEP HDD CDD WTR SNW DPTH SPD SPD DIR MIN PSBL S-S WX SPD DR
================================================================================
1 64 40 52 -14 13 0 0.00 0.0 0 5.0 13 40 M M 0 18 50
2 67 42 55 -10 10 0 0.00 0.0 0 4.7 15 170 M M 7 20 150
3 76 51 64 -1 1 0 0.00 0.0 0 5.3 16 150 M M 5 22 160
4 80 59 70 5 0 5 0.00 0.0 0 4.8 16 140 M M 7 1 21 150
5 81 56 69 5 0 4 0.00 0.0 0 3.8 14 160 M M 8 20 150
6 81 66 74 10 0 9 0.00 0.0 0 9.4 17 220 M M 8 24 180
7 85 63 74 10 0 9 0.00 0.0 0 7.5 17 160 M M 6 23 150
8 82 69 76 13 0 11 T 0.0 0 7.3 16 150 M M 8 1 23 140
9 75 57 66 3 0 1 0.38 0.0 0 7.4 22 350 M M 10 1 30 20
10 59 54 57 -5 8 0 0.15 0.0 0 11.6 20 350 M M 10 1 28 10
11 60 55 58 -4 7 0 T 0.0 0 6.8 15 10 M M 10 21 20
12 59 56 58 -4 7 0 0.35 0.0 0 6.6 14 360 M M 10 1 18 360
13 64 54 59 -2 6 0 T 0.0 0 8.9 14 360 M M 10 20 20
14 74 54 64 3 1 0 0.00 0.0 0 6.0 12 10 M M 4 18 340
15 76 50 63 2 2 0 0.00 0.0 0 3.6 9 40 M M 1 14 40
16 65 49 57 -3 8 0 0.00 0.0 0 4.6 9 120 M M 3 12 12 150
17 79 56 68 8 0 3 T 0.0 0 7.9 17 360 M M 7 1 24 360
18 66 60 63 3 2 0 0.00 0.0 0 5.9 15 350 M M 9 21 10
19 67 58 63 3 2 0 0.04 0.0 0 4.9 13 150 M M 10 1 15 150
20 82 63 73 14 0 8 T 0.0 0 7.9 22 300 M M 8 1 32 360
21 63 45 54 -5 11 0 0.00 0.0 0 12.9 25 360 M M 4 39 10
22 68 38 53 -6 12 0 0.00 0.0 0 3.0 9 320 M M 2 13 320
23 58 40 49 -9 16 0 0.13 0.0 0 4.1 13 270 M M 6 16 270
24 65 39 52 -6 13 0 0.00 0.0 0 5.3 13 90 M M 2 21 70
25 60 51 56 -2 9 0 T 0.0 0 6.6 14 90 M M 10 18 70
26 59 47 53 -5 12 0 T 0.0 0 10.5 25 360 M M 9 38 360
27 58 46 52 -5 13 0 0.00 0.0 0 5.5 13 60 M M 10 18 50
28 62 48 55 -2 10 0 0.00 0.0 0 4.6 9 170 M M 8 14 180
29 62 52 57 0 8 0 0.05 0.0 0 5.8 16 130 M M 10 1 22 140
30 70 56 63 7 2 0 0.30 0.0 0 4.7 16 190 M M 9 1 22 190
================================================================================
SM 2067 1574 173 50 1.40 0.0 192.9 M 211
================================================================================
AV 68.9 52.5 6.4 FASTST M M 7 MAX(MPH)
MISC ----> # 25 360 39 10
================================================================================
NOTES:
# LAST OF SEVERAL OCCURRENCES
COLUMN 17 PEAK WIND IN M.P.H.
SYMBOLS USED IN COLUMN 16
1 = FOG OR MIST
2 = FOG REDUCING VISIBILITY TO 1/4 MILE OR LESS
3 = THUNDER
4 = ICE PELLETS
5 = HAIL
6 = FREEZING RAIN OR DRIZZLE
7 = DUSTSTORM OR SANDSTORM: VSBY 1/2 MILE OR LESS
8 = SMOKE OR HAZE
9 = BLOWING SNOW
X = TORNADO
$$