000
CXUS56 KLOX 011155
CF6SBA
PRELIMINARY LOCAL CLIMATOLOGICAL DATA (WS FORM: F-6)
STATION: SANTA BARBARA AIRPORT CA
MONTH: MAY
YEAR: 2022
LATITUDE: 34 25 N
LONGITUDE: 119 50 W
TEMPERATURE IN F: :PCPN: SNOW: WIND :SUNSHINE: SKY :PK WND
================================================================================
1 2 3 4 5 6A 6B 7 8 9 10 11 12 13 14 15 16 17 18
12Z AVG MX 2MIN
DY MAX MIN AVG DEP HDD CDD WTR SNW DPTH SPD SPD DIR MIN PSBL S-S WX SPD DR
================================================================================
1 68 49 59 0 6 0 0.00 M M 5.7 14 130 M M 0 8 16 140
2 66 49 58 -1 7 0 0.00 M M 5.5 13 250 M M 3 18 15 80
3 68 51 60 1 5 0 0.00 M M 5.9 15 270 M M 3 18 18 240
4 70 48 59 -1 6 0 0.00 M M 4.9 16 260 M M 0 18 19 260
5 63 50 57 -3 8 0 0.00 M M 5.9 13 240 M M 5 18 17 240
6 67 49 58 -2 7 0 0.00 M M 4.9 14 150 M M 0 8 17 150
7 77 51 64 4 1 0 0.00 M M 4.4 20 340 M M 0 18 29 330
8 77 49 63 3 2 0 0.00 M M 12.2 29 270 M M 0 39 270
9 70 47 59 -1 6 0 0.00 M M 12.6 30 260 M M 0 37 260
10 72 43 58 -2 7 0 0.00 M M 9.0 29 240 M M 0 36 250
11 72 50 61 1 4 0 0.00 M M 11.7 28 250 M M 0 38 250
12 75 49 62 2 3 0 0.00 M M 7.2 20 20 M M 0 25 270
13 82 47 65 5 0 0 0.00 M M 4.3 17 40 M M 0 23 40
14 82 50 66 6 0 1 0.00 M M 4.1 10 240 M M 0 14 240
15 76 55 66 6 0 1 0.00 M M 6.0 15 130 M M 0 18 20 170
16 69 52 61 1 4 0 0.00 M M 7.0 16 130 M M 0 19 150
17 64 48 56 -4 9 0 0.00 M M 6.4 15 130 M M 1 8 19 130
18 68 51 60 0 5 0 0.00 M M 5.5 10 220 M M 1 18 14 180
19 65 55 60 0 5 0 0.00 M M 4.7 10 110 M M 9 1 14 110
20 65 55 60 0 5 0 0.02 M M 4.6 10 260 M M 9 18 13 230
21 71 49 60 -1 5 0 0.00 M M 6.1 16 250 M M 2 18 20 240
22 65 53 59 -2 6 0 0.00 M M 6.2 12 220 M M 4 18 16 230
23 65 53 59 -2 6 0 0.00 M M 5.0 12 200 M M 7 18 19 200
24 66 56 61 0 4 0 0.00 M M 5.8 14 250 M M 6 18 17 240
25 68 56 62 1 3 0 0.00 M M 5.5 10 110 M M 8 18 14 170
26 63 59 61 0 4 0 T M M 4.6 10 270 M M 10 18 13 260
27 68 53 61 0 4 0 0.01 M M 5.3 17 250 M M 6 18 22 260
28 69 50 60 -1 5 0 0.00 M M 6.4 16 360 M M 1 20 360
29 81 55 68 7 0 3 0.00 M M 10.2 26 340 M M 0 35 330
30 82 58 70 9 0 5 0.00 M M 9.2 21 60 M M 0 28 320
31 74 51 63 2 2 0 0.00 M M 7.1 17 130 M M 0 18 21 130
================================================================================
SM 2188 1591 129 10 0.03 M 203.9 M 75
================================================================================
AV 70.6 51.3 6.6 FASTST M M 2 MAX(MPH)
MISC ----> 30 260 39 270
================================================================================
NOTES:
# LAST OF SEVERAL OCCURRENCES
COLUMN 17 PEAK WIND IN M.P.H.
PRELIMINARY LOCAL CLIMATOLOGICAL DATA (WS FORM: F-6) , PAGE 2
STATION: SANTA BARBARA AIRPORT CA
MONTH: MAY
YEAR: 2022
LATITUDE: 34 25 N
LONGITUDE: 119 50 W
[TEMPERATURE DATA] [PRECIPITATION DATA] SYMBOLS USED IN COLUMN 16
AVERAGE MONTHLY: 61.0 TOTAL FOR MONTH: 0.03 1 = FOG OR MIST
DPTR FM NORMAL: 0.7 DPTR FM NORMAL: -0.39 2 = FOG REDUCING VISIBILITY
HIGHEST: 82 ON 30,14 GRTST 24HR 0.02 ON 20-20 TO 1/4 MILE OR LESS
LOWEST: 43 ON 10 3 = THUNDER
SNOW, ICE PELLETS, HAIL 4 = ICE PELLETS
TOTAL MONTH: M 5 = HAIL
GRTST 24HR M ON M 6 = FREEZING RAIN OR DRIZZLE
GRTST DEPTH: M ON M 7 = DUSTSTORM OR SANDSTORM:
VSBY 1/2 MILE OR LESS
8 = SMOKE OR HAZE
[NO. OF DAYS WITH] [WEATHER - DAYS WITH] 9 = BLOWING SNOW
X = TORNADO
MAX 32 OR BELOW: 0 0.01 INCH OR MORE: 2
MAX 90 OR ABOVE: 0 0.10 INCH OR MORE: 0
MIN 32 OR BELOW: 0 0.50 INCH OR MORE: 0
MIN 0 OR BELOW: 0 1.00 INCH OR MORE: 0
[HDD (BASE 65) ]
TOTAL THIS MO. 129 CLEAR (SCALE 0-3) 22
DPTR FM NORMAL -28 PTCLDY (SCALE 4-7) 5
TOTAL FM JUL 1 2066 CLOUDY (SCALE 8-10) 4
DPTR FM NORMAL -134
[CDD (BASE 65) ]
TOTAL THIS MO. 10
DPTR FM NORMAL 0 [PRESSURE DATA]
TOTAL FM JAN 1 44 HIGHEST SLP 30.19 ON 12
DPTR FM NORMAL 26 LOWEST SLP 29.72 ON 30
[REMARKS]
#FINAL-05-22#