000
CXUS53 KIWX 010810
CF6SBN
PRELIMINARY LOCAL CLIMATOLOGICAL DATA (WS FORM: F-6)
STATION: SOUTH BEND
MONTH: MAY
YEAR: 2023
LATITUDE: 41 42 N
LONGITUDE: 86 19 W
TEMPERATURE IN F: :PCPN: SNOW: WIND :SUNSHINE: SKY :PK WND
================================================================================
1 2 3 4 5 6A 6B 7 8 9 10 11 12 13 14 15 16 17 18
12Z AVG MX 2MIN
DY MAX MIN AVG DEP HDD CDD WTR SNW DPTH SPD SPD DIR MIN PSBL S-S WX SPD DR
================================================================================
1 43 36 40 -14 25 0 0.85 T 0 18.2 29 310 M M 10 1 42 280
2 45 38 42 -12 23 0 0.26 0.0 0 16.0 26 310 M M 10 1 37 310
3 50 38 44 -11 21 0 0.00 0.0 0 14.0 28 340 M M 7 42 320
4 68 37 53 -2 12 0 0.00 0.0 0 3.1 9 140 M M 3 13 300
5 75 50 63 8 2 0 0.00 0.0 0 11.9 23 150 M M 0 34 140
6 75 54 65 9 0 0 T 0.0 0 12.6 23 130 M M 5 3 31 140
7 81 61 71 15 0 6 0.07 0.0 0 8.2 16 120 M M 4 38 20 110
8 65 57 61 5 4 0 T 0.0 0 7.9 17 120 M M 6 18 25 120
9 73 49 61 4 4 0 0.00 0.0 0 6.5 16 310 M M 2 1 23 10
10 79 45 62 5 3 0 0.00 0.0 0 3.3 12 10 M M 0 17 160
11 82 49 66 9 0 1 0.00 0.0 0 5.7 17 130 M M 0 23 140
12 76 64 70 12 0 5 0.12 0.0 0 5.9 12 110 M M 4 1 17 60
13 72 65 69 11 0 4 0.02 0.0 0 6.3 20 110 M M 10 18 25 110
14 73 57 65 7 0 0 T 0.0 0 8.6 15 110 M M 9 23 60
15 73 47 60 1 5 0 0.00 0.0 0 5.2 13 320 M M 3 17 340
16 77 42 60 1 5 0 0.00 0.0 0 6.7 17 320 M M 0 24 310
17 67 45 56 -4 9 0 0.00 0.0 0 7.0 13 130 M M 0 19 120
18 73 44 59 -1 6 0 0.00 0.0 0 9.5 18 130 M M 0 21 120
19 74 53 64 4 1 0 0.48 0.0 0 8.2 21 10 M M 5 18 26 240
20 61 44 53 -7 12 0 0.00 0.0 0 9.0 20 330 M M 3 18 26 320
21 76 45 61 0 4 0 0.00 0.0 0 5.7 16 280 M M 0 21 10
22 80 46 63 2 2 0 0.00 0.0 0 3.5 14 350 M M 0 18 10
23 84 52 68 6 0 3 0.00 0.0 0 4.5 14 340 M M 0 18 340
24 82 51 67 5 0 2 0.00 0.0 0 7.7 18 30 M M 1 26 20
25 70 46 58 -4 7 0 0.00 0.0 0 7.7 14 60 M M 0 22 40
26 77 38 58 -4 7 0 0.00 0.0 0 5.3 16 110 M M 0 22 110
27 79 42 61 -2 4 0 0.00 0.0 0 4.2 13 120 M M 0 20 70
28 83 50 67 4 0 2 0.00 0.0 0 4.8 14 360 M M 0 19 100
29 86 50 68 4 0 3 0.00 0.0 0 4.1 16 320 M M 0 22 320
30 92 55 74 10 0 9 0.00 0.0 0 6.0 16 90 M M 2 22 80
31 91 65 78 14 0 13 0.00 0.0 0 7.0 20 280 M M 2 3 26 130
================================================================================
SM 2282 1515 156 48 1.80 T 234.3 M 86
================================================================================
AV 73.6 48.9 7.6 FASTST M M 3 MAX(MPH)
MISC ----> 29 310 # 42 280
================================================================================
NOTES:
# LAST OF SEVERAL OCCURRENCES
COLUMN 17 PEAK WIND IN M.P.H.
PRELIMINARY LOCAL CLIMATOLOGICAL DATA (WS FORM: F-6) , PAGE 2
STATION: SOUTH BEND
MONTH: MAY
YEAR: 2023
LATITUDE: 41 42 N
LONGITUDE: 86 19 W
[TEMPERATURE DATA] [PRECIPITATION DATA] SYMBOLS USED IN COLUMN 16
AVERAGE MONTHLY: 61.2 TOTAL FOR MONTH: 1.80 1 = FOG OR MIST
DPTR FM NORMAL: 2.1 DPTR FM NORMAL: -2.40 2 = FOG REDUCING VISIBILITY
HIGHEST: 92 ON 30 GRTST 24HR 0.88 ON 1- 2 TO 1/4 MILE OR LESS
LOWEST: 36 ON 1 3 = THUNDER
SNOW, ICE PELLETS, HAIL 4 = ICE PELLETS
TOTAL MONTH: T 5 = HAIL
GRTST 24HR T ON 1- 1 6 = FREEZING RAIN OR DRIZZLE
GRTST DEPTH: 0 7 = DUSTSTORM OR SANDSTORM:
VSBY 1/2 MILE OR LESS
8 = SMOKE OR HAZE
[NO. OF DAYS WITH] [WEATHER - DAYS WITH] 9 = BLOWING SNOW
X = TORNADO
MAX 32 OR BELOW: 0 0.01 INCH OR MORE: 6
MAX 90 OR ABOVE: 2 0.10 INCH OR MORE: 4
MIN 32 OR BELOW: 0 0.50 INCH OR MORE: 1
MIN 0 OR BELOW: 0 1.00 INCH OR MORE: 0
[HDD (BASE 65) ]
TOTAL THIS MO. 156 CLEAR (SCALE 0-3) 19
DPTR FM NORMAL -75 PTCLDY (SCALE 4-7) 8
TOTAL FM JUL 1 5433 CLOUDY (SCALE 8-10) 4
DPTR FM NORMAL -925
[CDD (BASE 65) ]
TOTAL THIS MO. 48
DPTR FM NORMAL 0 [PRESSURE DATA]
TOTAL FM JAN 1 64 HIGHEST SLP 30.38 ON 26
DPTR FM NORMAL 8 LOWEST SLP 29.34 ON 1
[REMARKS]
#FINAL-05-23#