000
CXUS53 KIWX 010810
CF6SBN
PRELIMINARY LOCAL CLIMATOLOGICAL DATA (WS FORM: F-6)
STATION: SOUTH BEND
MONTH: MARCH
YEAR: 2021
LATITUDE: 41 42 N
LONGITUDE: 86 19 W
TEMPERATURE IN F: :PCPN: SNOW: WIND :SUNSHINE: SKY :PK WND
================================================================================
1 2 3 4 5 6A 6B 7 8 9 10 11 12 13 14 15 16 17 18
12Z AVG MX 2MIN
DY MAX MIN AVG DEP HDD CDD WTR SNW DPTH SPD SPD DIR MIN PSBL S-S WX SPD DR
================================================================================
1 36 18 27 -5 38 0 T T T 12.7 24 350 M M 5 30 320
2 41 15 28 -4 37 0 0.00 0.0 T 9.0 22 200 M M 1 28 240
3 53 28 41 8 24 0 0.00 0.0 T 10.1 17 310 M M 0 28 350
4 39 24 32 -1 33 0 0.00 0.0 0 11.2 24 360 M M 2 32 360
5 43 19 31 -2 34 0 0.00 0.0 0 7.4 18 310 M M 0 23 310
6 44 19 32 -2 33 0 0.00 0.0 0 6.6 17 320 M M 0 24 310
7 49 16 33 -1 32 0 0.00 0.0 0 4.1 10 180 M M 0 14 170
8 67 37 52 18 13 0 0.00 0.0 0 11.5 25 250 M M 2 36 240
9 68 36 52 17 13 0 0.00 0.0 0 8.5 23 180 M M 0 30 170
10 69 53 61 26 4 0 T 0.0 0 18.3 32 200 M M 6 43 210
11 65 37 51 15 14 0 0.01 0.0 0 16.8 30 220 M M 4 45 210
12 50 33 42 6 23 0 0.00 0.0 0 9.2 21 360 M M 0 28 350
13 56 21 39 3 26 0 0.00 0.0 0 3.2 12 310 M M 0 16 300
14 56 28 42 5 23 0 0.00 0.0 0 9.1 15 360 M M 0 22 20
15 38 28 33 -4 32 0 0.07 0.0 0 18.5 31 100 M M 5 18 44 100
16 40 32 36 -1 29 0 0.00 0.0 0 4.4 13 110 M M 10 18 17 140
17 59 35 47 9 18 0 0.01 0.0 0 8.0 17 60 M M 5 18 27 60
18 48 34 41 3 24 0 0.12 0.0 0 16.1 26 30 M M 7 18 42 20
19 52 28 40 2 25 0 0.00 0.0 0 8.3 18 30 M M 0 28 30
20 59 22 41 2 24 0 0.00 0.0 0 5.7 14 150 M M 0 21 160
21 66 29 48 9 17 0 0.00 0.0 0 9.0 21 180 M M 0 27 150
22 68 35 52 12 13 0 0.00 0.0 0 8.0 24 190 M M 4 30 200
23 73 47 60 20 5 0 0.15 0.0 0 9.7 23 150 M M 7 31 180
24 65 50 58 18 7 0 T 0.0 0 15.8 33 220 M M 9 46 230
25 57 46 52 11 13 0 1.08 0.0 0 8.3 30 20 M M 7 1 39 10
26 47 37 42 1 23 0 0.61 0.0 0 9.2 29 340 M M 10 1 38 20
27 66 38 52 10 13 0 0.22 0.0 0 10.0 26 150 M M 7 18 35 140
28 54 27 41 -1 24 0 0.01 0.0 0 15.6 30 310 M M 7 1 41 310
29 57 26 42 0 23 0 0.00 0.0 0 10.3 22 170 M M 0 31 160
30 70 46 58 15 7 0 0.07 0.0 0 16.9 30 210 M M 3 45 210
31 47 29 38 -5 27 0 0.01 M 0 12.4 22 310 M M 5 18 35 290
================================================================================
SM 1702 973 671 0 2.36 T 323.9 M 106
================================================================================
AV 54.9 31.4 10.4 FASTST M M 3 MAX(MPH)
MISC ----> 33 220 46 230
================================================================================
NOTES:
# LAST OF SEVERAL OCCURRENCES
COLUMN 17 PEAK WIND IN M.P.H.
PRELIMINARY LOCAL CLIMATOLOGICAL DATA (WS FORM: F-6) , PAGE 2
STATION: SOUTH BEND
MONTH: MARCH
YEAR: 2021
LATITUDE: 41 42 N
LONGITUDE: 86 19 W
[TEMPERATURE DATA] [PRECIPITATION DATA] SYMBOLS USED IN COLUMN 16
AVERAGE MONTHLY: 43.1 TOTAL FOR MONTH: 2.36 1 = FOG OR MIST
DPTR FM NORMAL: 5.6 DPTR FM NORMAL: -0.06 2 = FOG REDUCING VISIBILITY
HIGHEST: 73 ON 23 GRTST 24HR 1.69 ON 25-26 TO 1/4 MILE OR LESS
LOWEST: 15 ON 2 3 = THUNDER
SNOW, ICE PELLETS, HAIL 4 = ICE PELLETS
TOTAL MONTH: T 5 = HAIL
GRTST 24HR T ON 1- 1 6 = FREEZING RAIN OR DRIZZLE
GRTST DEPTH: T 7 = DUSTSTORM OR SANDSTORM:
VSBY 1/2 MILE OR LESS
8 = SMOKE OR HAZE
[NO. OF DAYS WITH] [WEATHER - DAYS WITH] 9 = BLOWING SNOW
X = TORNADO
MAX 32 OR BELOW: 0 0.01 INCH OR MORE: 11
MAX 90 OR ABOVE: 0 0.10 INCH OR MORE: 5
MIN 32 OR BELOW: 17 0.50 INCH OR MORE: 2
MIN 0 OR BELOW: 0 1.00 INCH OR MORE: 1
[HDD (BASE 65) ]
TOTAL THIS MO. 671 CLEAR (SCALE 0-3) 15
DPTR FM NORMAL -184 PTCLDY (SCALE 4-7) 13
TOTAL FM JUL 1 5066 CLOUDY (SCALE 8-10) 3
DPTR FM NORMAL -478
[CDD (BASE 65) ]
TOTAL THIS MO. 0
DPTR FM NORMAL -1 [PRESSURE DATA]
TOTAL FM JAN 1 0 HIGHEST SLP 30.61 ON 20
DPTR FM NORMAL -1 LOWEST SLP 29.48 ON 26
[REMARKS]
#FINAL-03-21#