000
CXUS51 KAKQ 011225
CF6SBY
PRELIMINARY LOCAL CLIMATOLOGICAL DATA (WS FORM: F-6)
STATION: SALISBURY MD
MONTH: NOVEMBER
YEAR: 2023
LATITUDE: 38 20 N
LONGITUDE: 75 30 W
TEMPERATURE IN F: :PCPN: SNOW: WIND :SUNSHINE: SKY :PK WND
================================================================================
1 2 3 4 5 6A 6B 7 8 9 10 11 12 13 14 15 16 17 18
12Z AVG MX 2MIN
DY MAX MIN AVG DEP HDD CDD WTR SNW DPTH SPD SPD DIR MIN PSBL S-S WX SPD DR
================================================================================
1 52 35 44 -9 21 0 0.00 0.0 0 10.4 24 320 M M 4 34 320
2 53 30 42 -10 23 0 0.00 0.0 0 3.2 10 10 M M 0 14 10
3 61 28 45 -7 20 0 0.00 0.0 0 1.9 9 220 M M 0 14 200
4 71 34 53 1 12 0 0.00 0.0 0 1.4 12 220 M M 1 12 15 230
5 73 39 56 5 9 0 0.00 0.0 0 1.9 10 320 M M 0 1 17 310
6 68 43 56 5 9 0 0.00 0.0 0 3.9 12 120 M M 1 1 16 140
7 75 51 63 12 2 0 0.00 0.0 0 7.1 16 210 M M 0 23 240
8 64 43 54 4 11 0 0.00 0.0 0 5.7 14 350 M M 0 22 340
9 73 44 59 9 6 0 T 0.0 0 5.9 14 250 M M 3 22 250
10 63 40 52 2 13 0 0.06 0.0 0 6.9 18 350 M M 9 1 27 10
11 60 35 48 -2 17 0 0.00 0.0 0 2.3 9 360 M M 1 12 13 10
12 55 33 44 -5 21 0 0.00 0.0 0 6.2 15 40 M M 0 1 21 10
13 56 28 42 -7 23 0 0.00 0.0 0 1.7 9 230 M M 0 13 240
14 60 33 47 -2 18 0 0.00 0.0 0 4.9 20 330 M M 0 1 30 340
15 59 31 45 -3 20 0 0.00 0.0 0 2.6 9 200 M M 0 14 210
16 69 36 53 5 12 0 0.00 0.0 0 3.5 12 200 M M 1 1 17 250
17 74 40 57 9 8 0 0.00 0.0 0 4.8 16 190 M M 1 12 23 210
18 63 34 49 2 16 0 0.00 0.0 0 6.8 26 330 M M 3 12 34 320
19 59 30 45 -2 20 0 0.00 0.0 0 2.6 12 310 M M 0 16 330
20 54 31 43 -4 22 0 0.00 0.0 0 5.9 16 50 M M 0 22 30
21 61 35 48 1 17 0 0.89 0.0 0 10.5 22 150 M M 8 1 35 170
22 64 50 57 11 8 0 0.81 0.0 0 9.3 28 180 M M 9 1 45 160
23 54 35 45 -1 20 0 0.00 0.0 0 7.8 22 320 M M 1 30 320
24 54 34 44 -2 21 0 0.00 0.0 0 4.4 17 10 M M 0 1 25 10
25 48 29 39 -6 26 0 0.00 0.0 0 6.4 21 10 M M 2 30 10
26 59 34 47 2 18 0 0.33 0.0 0 6.2 20 260 M M 8 1 29 260
27 55 34 45 0 20 0 T 0.0 0 9.0 20 310 M M 4 31 320
28 44 27 36 -9 29 0 0.00 0.0 0 9.2 24 310 M M 3 37 290
29 39 23 31 -13 34 0 0.00 0.0 0 5.5 16 230 M M 1 21 260
30 57 24 41 -3 24 0 0.00 0.0 0 3.9 14 180 M M 0 20 200
================================================================================
SM 1797 1043 520 0 2.09 0.0 161.8 M 60
================================================================================
AV 59.9 34.8 5.4 FASTST M M 2 MAX(MPH)
MISC ----> 28 180 45 160
================================================================================
NOTES:
# LAST OF SEVERAL OCCURRENCES
COLUMN 17 PEAK WIND IN M.P.H.
PRELIMINARY LOCAL CLIMATOLOGICAL DATA (WS FORM: F-6) , PAGE 2
STATION: SALISBURY MD
MONTH: NOVEMBER
YEAR: 2023
LATITUDE: 38 20 N
LONGITUDE: 75 30 W
[TEMPERATURE DATA] [PRECIPITATION DATA] SYMBOLS USED IN COLUMN 16
AVERAGE MONTHLY: 47.3 TOTAL FOR MONTH: 2.09 1 = FOG OR MIST
DPTR FM NORMAL: -0.9 DPTR FM NORMAL: -1.07 2 = FOG REDUCING VISIBILITY
HIGHEST: 75 ON 7 GRTST 24HR 1.70 ON 21-22 TO 1/4 MILE OR LESS
LOWEST: 23 ON 29 3 = THUNDER
SNOW, ICE PELLETS, HAIL 4 = ICE PELLETS
TOTAL MONTH: 0.0 INCH 5 = HAIL
GRTST 24HR 0.0 6 = FREEZING RAIN OR DRIZZLE
GRTST DEPTH: 0 7 = DUSTSTORM OR SANDSTORM:
VSBY 1/2 MILE OR LESS
8 = SMOKE OR HAZE
[NO. OF DAYS WITH] [WEATHER - DAYS WITH] 9 = BLOWING SNOW
X = TORNADO
MAX 32 OR BELOW: 0 0.01 INCH OR MORE: 4
MAX 90 OR ABOVE: 0 0.10 INCH OR MORE: 3
MIN 32 OR BELOW: 10 0.50 INCH OR MORE: 2
MIN 0 OR BELOW: 0 1.00 INCH OR MORE: 0
[HDD (BASE 65) ]
TOTAL THIS MO. 520 CLEAR (SCALE 0-3) 22
DPTR FM NORMAL 15 PTCLDY (SCALE 4-7) 6
TOTAL FM JUL 1 687 CLOUDY (SCALE 8-10) 2
DPTR FM NORMAL -82
[CDD (BASE 65) ]
TOTAL THIS MO. 0
DPTR FM NORMAL -2 [PRESSURE DATA]
TOTAL FM JAN 1 1372 HIGHEST SLP 30.54 ON 3
DPTR FM NORMAL 72 LOWEST SLP 29.67 ON 22
[REMARKS]
#FINAL-11-23#