000
CXUS56 KSTO 180618
CF6SCK
PRELIMINARY LOCAL CLIMATOLOGICAL DATA (WS FORM: F-6)
STATION: STOCKTON AIRPORT CA
MONTH: NOVEMBER
YEAR: 2021
LATITUDE: 37 54 N
LONGITUDE: 121 15 W
TEMPERATURE IN F: :PCPN: SNOW: WIND :SUNSHINE: SKY :PK WND
================================================================================
1 2 3 4 5 6A 6B 7 8 9 10 11 12 13 14 15 16 17 18
12Z AVG MX 2MIN
DY MAX MIN AVG DEP HDD CDD WTR SNW DPTH SPD SPD DIR MIN PSBL S-S WX SPD DR
================================================================================
1 63 52 58 -2 7 0 T M M 5.5 13 140 M M 6 18 16 140
2 69 52 61 2 4 0 0.00 M M 4.2 12 290 M M 7 1 14 280
3 72 48 60 1 5 0 0.00 0.0 M 3.5 8 110 M M 0 1 13 270
4 69 50 60 1 5 0 0.02 0.0 M 6.0 16 270 M M 5 1 21 330
5 67 44 56 -2 9 0 0.00 M M 5.4 15 310 M M 0 1 18 310
6 66 48 57 -1 8 0 0.00 M M 6.5 21 290 M M 1 25 290
7 62 40 51 -7 14 0 0.00 M M 9.2 18 310 M M 0 22 290
8 64 38 51 -6 14 0 0.07 M M 6.4 22 140 M M 3 1 27 140
9 63 48 56 -1 9 0 0.37 M M 11.3 28 150 M M 7 1 35 150
10 63 45 54 -2 11 0 0.00 M M 6.5 13 320 M M 5 12 16 310
11 67 45 56 0 9 0 0.00 0.0 M 2.3 8 270 M M 2 128 10 280
12 62 44 53 -3 12 0 0.00 M M 2.7 8 290 M M 5 128 9 280
13 55 48 52 -3 13 0 0.00 0.0 M 2.9 10 140 M M 10 12 13 130
14 56 50 53 -2 12 0 0.00 M M 2.3 8 150 M M 10 12 10 150
15 56 48 52 -3 13 0 0.00 M M 3.7 10 150 M M 7 1 12 150
16 59 46 53 -1 12 0 0.00 M M 6.4 17 290 M M 5 18 21 290
17 61 44 53 -1 12 0 0.00 M M 2.6 8 360 M M 6 128 11 340
18 61 42 52 -2 13 0 0.00 M M 1.9 10 300 M M 5 128 13 280
19 67 47 57 4 8 0 0.00 M M 5.9 13 340 M M 7 128 17 340
20 66 47 57 4 8 0 0.00 M M 6.0 10 310 M M 3 1 15 300
21 68 39 54 1 11 0 0.00 M M 2.1 8 280 M M 2 128 11 270
22 67 40 54 2 11 0 0.00 M M 2.2 9 150 M M 3 128 13 120
23 59 40 50 -2 15 0 0.00 M M 7.3 17 320 M M 4 128 21 320
24 63 37 50 -2 15 0 0.00 M M 6.0 14 330 M M 0 18 29 150
25 66 35 51 -1 14 0 0.00 M M 3.5 8 130 M M 1 128 10 130
26 66 38 52 1 13 0 0.00 0.0 M 2.7 9 320 M M 2 128 13 300
27 68 39 54 3 11 0 0.00 0.0 M 2.9 8 120 M M 0 18 10 120
28 68 40 54 3 11 0 0.00 M M 3.2 8 110 M M 0 18 11 120
29 68 39 54 4 11 0 0.00 M M 2.9 10 330 M M 1 128 13 330
30 68 39 54 4 11 0 0.00 M M 2.8 7 250 M M 1 128 8 240
================================================================================
SM 1929 1312 321 0 0.46 0.0 136.8 M 108
================================================================================
AV 64.3 43.7 4.6 FASTST M M 4 MAX(MPH)
MISC ----> 28 150 35 150
================================================================================
NOTES:
# LAST OF SEVERAL OCCURRENCES
COLUMN 17 PEAK WIND IN M.P.H.
PRELIMINARY LOCAL CLIMATOLOGICAL DATA (WS FORM: F-6) , PAGE 2
STATION: STOCKTON AIRPORT CA
MONTH: NOVEMBER
YEAR: 2021
LATITUDE: 37 54 N
LONGITUDE: 121 15 W
[TEMPERATURE DATA] [PRECIPITATION DATA] SYMBOLS USED IN COLUMN 16
AVERAGE MONTHLY: 54.0 TOTAL FOR MONTH: 0.46 1 = FOG OR MIST
DPTR FM NORMAL: -0.7 DPTR FM NORMAL: -0.94 2 = FOG REDUCING VISIBILITY
HIGHEST: 72 ON 3 GRTST 24HR 0.44 ON 8- 9 TO 1/4 MILE OR LESS
LOWEST: 35 ON 25 3 = THUNDER
SNOW, ICE PELLETS, HAIL 4 = ICE PELLETS
TOTAL MONTH: 0.0 INCH 5 = HAIL
GRTST 24HR 0.0 6 = FREEZING RAIN OR DRIZZLE
GRTST DEPTH: M ON M 7 = DUSTSTORM OR SANDSTORM:
VSBY 1/2 MILE OR LESS
8 = SMOKE OR HAZE
[NO. OF DAYS WITH] [WEATHER - DAYS WITH] 9 = BLOWING SNOW
X = TORNADO
MAX 32 OR BELOW: 0 0.01 INCH OR MORE: 3
MAX 90 OR ABOVE: 0 0.10 INCH OR MORE: 1
MIN 32 OR BELOW: 0 0.50 INCH OR MORE: 0
MIN 0 OR BELOW: 0 1.00 INCH OR MORE: 0
[HDD (BASE 65) ]
TOTAL THIS MO. 321 CLEAR (SCALE 0-3) 16
DPTR FM NORMAL 10 PTCLDY (SCALE 4-7) 12
TOTAL FM JUL 1 459 CLOUDY (SCALE 8-10) 2
DPTR FM NORMAL 80
[CDD (BASE 65) ]
TOTAL THIS MO. 0
DPTR FM NORMAL -2 [PRESSURE DATA]
TOTAL FM JAN 1 1382 HIGHEST SLP 30.41 ON 25
DPTR FM NORMAL -184 LOWEST SLP 29.98 ON 9
[REMARKS]
#FINAL-11-21#