000
CXUS56 KLOX 121548
CF6SDB
PRELIMINARY LOCAL CLIMATOLOGICAL DATA (WS FORM: F-6)
STATION: SANDBERG CA
MONTH: DECEMBER
YEAR: 2023
LATITUDE: 34 45 N
LONGITUDE: 118 44 W
TEMPERATURE IN F: :PCPN: SNOW: WIND :SUNSHINE: SKY :PK WND
================================================================================
1 2 3 4 5 6A 6B 7 8 9 10 11 12 13 14 15 16 17 18
12Z AVG MX 2MIN
DY MAX MIN AVG DEP HDD CDD WTR SNW DPTH SPD SPD DIR MIN PSBL S-S WX SPD DR
================================================================================
1 41 35 38 -8 27 0 T M M 28.0 44 320 M M 6 128 55 350
2 53 36 45 -1 20 0 0.00 M M 14.4 31 310 M M 0 39 330
3 60 39 50 4 15 0 0.00 M M 12.1 32 330 M M 0 39 340
4 61 45 53 7 12 0 0.00 M M 15.1 24 60 M M 0 38 70
5 63 52 58 13 7 0 0.00 M M 19.1 26 60 M M 0 41 70
6 68 44 56 11 9 0 0.00 M M 14.1 28 320 M M 0 36 200
7 46 38 42 -3 23 0 0.01 M M 25.4 37 320 M M 6 12 66 300
8 49 35 42 -3 23 0 T M M 17.1 40 330 M M 4 128 58 340
9 48 37 43 -2 22 0 0.00 M M 32.2 38 60 M M 0 64 60
10 53 41 47 3 18 0 0.00 M M 20.1 35 60 M M 0 54 70
11 67 47 57 13 8 0 0.00 M M 10.7 20 340 M M 0 29 340
12 62 46 54 10 11 0 0.00 M M 8.8 24 320 M M 0 31 310
13 53 43 48 4 17 0 0.00 M M 16.1 25 60 M M 0 42 60
14 56 43 50 6 15 0 0.00 M M 16.2 24 60 M M 0 40 80
15 55 45 50 6 15 0 0.00 M M 23.6 29 70 M M 0 54 70
16 60 48 54 10 11 0 0.00 M M 18.5 28 70 M M 0 46 70
17 59 52 56 12 9 0 0.00 M M 19.3 30 50 M M 1 50 70
18 59 46 53 9 12 0 0.03 M M 10.0 18 140 M M 8 12 27 130
19 50 45 48 4 17 0 0.18 M M 14.7 23 170 M M 10 12 39 170
20 48 45 47 3 18 0 1.43 M M 18.4 31 140 M M M 2 47 160
21 48 44 46 2 19 0 1.39 M M 17.8 31 90 M M 9 12 44 110
22 48 43 46 2 19 0 0.41 M M 15.4 39 320 M M 10 12 55 310
23 55 43 49 5 16 0 0.00 M M 9.2 26 310 M M M 128 36 290
24 54 42 48 4 17 0 0.00 M M 7.5 15 50 M M M 19 60
25 57 42 50 6 15 0 0.00 M M 9.8 21 330 M M M 26 320
26 60 46 53 9 12 0 0.00 M M 7.0 13 60 M M M 17 60
27 58 45 52 8 13 0 0.00 M M 8.4 14 180 M M M 22 180
28 57 43 50 6 15 0 0.00 M M 12.3 21 60 M M M 34 60
29 57 40 49 5 16 0 0.00 M M 12.4 22 170 M M 0 12 35 70
30 47 39 43 -2 22 0 0.55 M M 11.5 26 330 M M 8 128 37 340
31 45 38 42 -3 23 0 0.00 M M 9.2 18 70 M M 6 12 25 70
================================================================================
SM 1697 1327 496 0 4.00 M 474.4 M 68
================================================================================
AV 54.7 42.8 15.3 FASTST M M 3 MAX(MPH)
MISC ----> 44 320 66 300
================================================================================
NOTES:
# LAST OF SEVERAL OCCURRENCES
COLUMN 17 PEAK WIND IN M.P.H.
PRELIMINARY LOCAL CLIMATOLOGICAL DATA (WS FORM: F-6) , PAGE 2
STATION: SANDBERG CA
MONTH: DECEMBER
YEAR: 2023
LATITUDE: 34 45 N
LONGITUDE: 118 44 W
[TEMPERATURE DATA] [PRECIPITATION DATA] SYMBOLS USED IN COLUMN 16
AVERAGE MONTHLY: 48.8 TOTAL FOR MONTH: 4.00 1 = FOG OR MIST
DPTR FM NORMAL: 4.2 DPTR FM NORMAL: 1.95 2 = FOG REDUCING VISIBILITY
HIGHEST: 68 ON 6 GRTST 24HR 1.43 ON 20-20 TO 1/4 MILE OR LESS
LOWEST: 35 ON 8, 1 3 = THUNDER
SNOW, ICE PELLETS, HAIL 4 = ICE PELLETS
TOTAL MONTH: M 5 = HAIL
GRTST 24HR M ON M 6 = FREEZING RAIN OR DRIZZLE
GRTST DEPTH: M ON M 7 = DUSTSTORM OR SANDSTORM:
VSBY 1/2 MILE OR LESS
8 = SMOKE OR HAZE
[NO. OF DAYS WITH] [WEATHER - DAYS WITH] 9 = BLOWING SNOW
X = TORNADO
MAX 32 OR BELOW: 0 0.01 INCH OR MORE: 7
MAX 90 OR ABOVE: 0 0.10 INCH OR MORE: 5
MIN 32 OR BELOW: 0 0.50 INCH OR MORE: 3
MIN 0 OR BELOW: 0 1.00 INCH OR MORE: 2
[HDD (BASE 65) ]
TOTAL THIS MO. 496 CLEAR (SCALE 0-3) 15
DPTR FM NORMAL -136 PTCLDY (SCALE 4-7) 5
TOTAL FM JUL 1 1110 CLOUDY (SCALE 8-10) 11
DPTR FM NORMAL -141
[CDD (BASE 65) ]
TOTAL THIS MO. 0
DPTR FM NORMAL 0 [PRESSURE DATA]
TOTAL FM JAN 1 1157 HIGHEST SLP M ON M
DPTR FM NORMAL -139 LOWEST SLP 29.82 ON 12
[REMARKS]
#FINAL-12-23#