000
CXUS53 KLMK 010810
CF6SDF
PRELIMINARY LOCAL CLIMATOLOGICAL DATA (WS FORM: F-6)
STATION: LOUISVILLE KY
MONTH: JANUARY
YEAR: 2021
LATITUDE: 38 10 N
LONGITUDE: 85 44 W
TEMPERATURE IN F: :PCPN: SNOW: WIND :SUNSHINE: SKY :PK WND
================================================================================
1 2 3 4 5 6A 6B 7 8 9 10 11 12 13 14 15 16 17 18
12Z AVG MX 2MIN
DY MAX MIN AVG DEP HDD CDD WTR SNW DPTH SPD SPD DIR MIN PSBL S-S WX SPD DR
================================================================================
1 58 35 47 12 18 0 0.95 T 0 9.2 32 270 M M 9 1 41 270
2 47 38 43 8 22 0 T 0.0 0 4.2 16 270 M M 10 1 24 220
3 41 34 38 3 27 0 T 0.0 0 7.0 15 270 M M 9 1 20 260
4 51 28 40 5 25 0 0.00 0.0 0 2.0 7 200 M M 3 1 9 200
5 43 34 39 4 26 0 0.01 0.0 0 9.0 18 300 M M 10 1 25 290
6 40 34 37 2 28 0 0.00 0.0 0 5.9 14 60 M M 10 17 70
7 42 31 37 2 28 0 0.05 0.6 0 10.0 21 60 M M 9 1 31 90
8 35 32 34 -1 31 0 0.07 1.0 2 9.6 15 360 M M 10 1 20 20
9 32 29 31 -4 34 0 0.00 0.0 0 5.3 12 350 M M 10 14 330
10 34 23 29 -6 36 0 0.00 0.0 T 3.1 10 270 M M 7 18 13 270
11 32 28 30 -5 35 0 0.00 0.0 0 6.0 10 230 M M 10 15 280
12 40 26 33 -2 32 0 0.00 0.0 0 7.8 14 290 M M 6 17 160
13 50 31 41 6 24 0 0.00 0.0 0 8.3 17 240 M M 5 8 22 240
14 54 33 44 9 21 0 T 0.0 0 9.9 17 180 M M 8 25 220
15 47 34 41 6 24 0 0.06 T 0 11.6 26 240 M M 8 1 38 250
16 38 33 36 1 29 0 0.04 0.4 T 9.7 18 280 M M 10 1 23 250
17 37 32 35 0 30 0 0.10 0.8 0 8.2 18 270 M M 10 1 25 280
18 42 30 36 1 29 0 0.01 0.1 T 7.5 14 270 M M 9 19 250
19 50 35 43 8 22 0 T T 0 5.9 20 280 M M 8 28 280
20 41 27 34 -1 31 0 0.00 0.0 0 9.1 21 290 M M 4 32 310
21 52 39 46 11 19 0 T T 0 11.0 17 240 M M 8 4 26 230
22 44 27 36 1 29 0 0.00 0.0 0 9.2 15 330 M M 3 20 320
23 39 20 30 -5 35 0 0.00 0.0 0 6.7 15 360 M M 3 19 360
24 39 32 36 1 29 0 0.12 T 0 4.5 12 110 M M 10 146 14 100
25 40 36 38 3 27 0 1.71 0.0 0 7.4 18 90 M M 10 13 24 100
26 52 37 45 10 20 0 T 0.0 0 12.3 25 270 M M 10 1 32 270
27 37 28 33 -2 32 0 0.19 2.8 0 10.6 22 350 M M 10 12 27 360
28 33 18 26 -9 39 0 T T 3 6.9 18 340 M M 4 1 23 350
29 38 21 30 -6 35 0 0.00 0.0 T 3.5 9 110 M M 3 18 15 120
30 43 27 35 -1 30 0 0.34 T 0 7.9 20 110 M M 8 14 27 100
31 49 34 42 6 23 0 0.22 T 0 13.8 24 260 M M 10 1 31 260
================================================================================
SM 1320 946 870 0 3.87 5.7 243.1 M 244
================================================================================
AV 42.6 30.5 7.8 FASTST M M 8 MAX(MPH)
MISC ----> 32 270 41 270
================================================================================
NOTES:
# LAST OF SEVERAL OCCURRENCES
COLUMN 17 PEAK WIND IN M.P.H.
PRELIMINARY LOCAL CLIMATOLOGICAL DATA (WS FORM: F-6) , PAGE 2
STATION: LOUISVILLE KY
MONTH: JANUARY
YEAR: 2021
LATITUDE: 38 10 N
LONGITUDE: 85 44 W
[TEMPERATURE DATA] [PRECIPITATION DATA] SYMBOLS USED IN COLUMN 16
AVERAGE MONTHLY: 36.5 TOTAL FOR MONTH: 3.87 1 = FOG OR MIST
DPTR FM NORMAL: 1.6 DPTR FM NORMAL: 0.63 2 = FOG REDUCING VISIBILITY
HIGHEST: 58 ON 1 GRTST 24HR 1.99 ON 25-25 TO 1/4 MILE OR LESS
LOWEST: 18 ON 28 3 = THUNDER
SNOW, ICE PELLETS, HAIL 4 = ICE PELLETS
TOTAL MONTH: 5.7 INCHES 5 = HAIL
GRTST 24HR 2.8 ON 27-27 6 = FREEZING RAIN OR DRIZZLE
GRTST DEPTH: 3 ON 28 7 = DUSTSTORM OR SANDSTORM:
VSBY 1/2 MILE OR LESS
8 = SMOKE OR HAZE
[NO. OF DAYS WITH] [WEATHER - DAYS WITH] 9 = BLOWING SNOW
X = TORNADO
MAX 32 OR BELOW: 2 0.01 INCH OR MORE: 13
MAX 90 OR ABOVE: 0 0.10 INCH OR MORE: 7
MIN 32 OR BELOW: 18 0.50 INCH OR MORE: 2
MIN 0 OR BELOW: 0 1.00 INCH OR MORE: 1
[HDD (BASE 65) ]
TOTAL THIS MO. 870 CLEAR (SCALE 0-3) 4
DPTR FM NORMAL -63 PTCLDY (SCALE 4-7) 10
TOTAL FM JUL 1 2227 CLOUDY (SCALE 8-10) 17
DPTR FM NORMAL -276
[CDD (BASE 65) ]
TOTAL THIS MO. 0
DPTR FM NORMAL 0 [PRESSURE DATA]
TOTAL FM JAN 1 0 HIGHEST SLP 30.67 ON 28
DPTR FM NORMAL 0 LOWEST SLP 29.56 ON 15
[REMARKS]
#FINAL-01-21#