000
CXUS52 KMLB 031956
CF6SFB
PRELIMINARY LOCAL CLIMATOLOGICAL DATA (WS FORM: F-6)
STATION: SANFORD
MONTH: MARCH
YEAR: 2022
LATITUDE: 28 46 N
LONGITUDE: 81 15 W
TEMPERATURE IN F: :PCPN: SNOW: WIND :SUNSHINE: SKY :PK WND
================================================================================
1 2 3 4 5 6A 6B 7 8 9 10 11 12 13 14 15 16 17 18
12Z AVG MX 2MIN
DY MAX MIN AVG DEP HDD CDD WTR SNW DPTH SPD SPD DIR MIN PSBL S-S WX SPD DR
================================================================================
1 75 57 66 1 0 1 0.00 0.0 0 8.7 17 50 M M 7 23 50
2 79 51 65 0 0 0 0.00 0.0 0 5.2 15 70 M M 0 19 90
3 84 52 68 3 0 3 0.00 0.0 0 2.7 14 100 M M 1 16 110
4 84 56 70 5 0 5 0.00 0.0 0 4.8 17 60 M M 0 21 100
5 84 58 71 5 0 6 0.00 0.0 0 8.4 22 90 M M 3 12 30 120
6 86 60 73 7 0 8 0.00 0.0 0 7.9 22 120 M M 1 25 140
7 86 64 75 9 0 10 0.99 0.0 0 8.0 17 140 M M 3 13 22 140
8 86 69 78 12 0 13 0.04 0.0 0 6.6 21 130 M M 9 1 24 120
9 85 67 76 10 0 11 0.02 0.0 0 9.0 21 10 M M 7 3 24 10
10 80 64 72 6 0 7 1.18 0.0 0 5.7 30 350 M M 7 13 39 350
11 85 65 75 9 0 10 T 0.0 0 5.9 28 290 M M 3 13 32 280
12 76 45 61 -5 4 0 0.31 0.0 0 15.5 31 280 M M 4 13 42 240
13 64 39 52 -15 13 0 0.00 0.0 0 12.6 21 350 M M 2 27 350
14 76 51 64 -3 1 0 0.00 0.0 0 9.0 18 120 M M 3 25 80
15 79 62 71 4 0 6 0.36 0.0 0 9.7 21 100 M M 5 13 25 110
16 83 65 74 7 0 9 0.82 T 0 6.4 39 360 M M 6 135 56 350
17 80 61 71 4 0 6 0.00 0.0 0 5.8 13 250 M M 3 1 17 270
18 90 58 74 7 0 9 0.95 0.0 0 5.9 17 360 M M 4 123 22 170
19 88 65 77 9 0 12 0.00 0.0 0 7.7 18 180 M M 1 22 170
20 77 54 66 -2 0 1 0.02 0.0 0 6.7 16 340 M M 2 3 22 350
21 79 55 67 -1 0 2 0.00 0.0 0 9.3 20 100 M M 1 25 100
22 82 59 71 3 0 6 0.00 0.0 0 10.1 22 110 M M 2 27 120
23 88 65 77 9 0 12 T 0.0 0 10.0 21 160 M M 5 30 160
24 78 63 71 3 0 6 0.30 0.0 0 7.9 20 200 M M 7 13 27 190
25 77 58 68 0 0 3 T 0.0 0 10.7 25 280 M M 4 32 290
26 78 53 66 -3 0 1 0.00 0.0 0 11.3 24 270 M M 0 30 280
27 79 53 66 -3 0 1 0.00 0.0 0 10.2 20 270 M M 0 26 260
28 84 60 72 3 0 7 0.00 0.0 0 10.0 17 260 M M 0 23 280
29 86 57 72 3 0 7 0.00 0.0 0 6.5 14 80 M M 0 1 17 100
30 85 60 73 4 0 8 0.00 0.0 0 11.7 23 110 M M 2 12 30 120
31 86 67 77 7 0 12 1.04 0.0 0 11.3 21 310 M M 3 13 27 190
================================================================================
SM 2529 1813 18 182 6.03 T 261.2 M 95
================================================================================
AV 81.6 58.5 8.4 FASTST M M 3 MAX(MPH)
MISC ----> 39 360 56 350
================================================================================
NOTES:
# LAST OF SEVERAL OCCURRENCES
COLUMN 17 PEAK WIND IN M.P.H.
PRELIMINARY LOCAL CLIMATOLOGICAL DATA (WS FORM: F-6) , PAGE 2
STATION: SANFORD
MONTH: MARCH
YEAR: 2022
LATITUDE: 28 46 N
LONGITUDE: 81 15 W
[TEMPERATURE DATA] [PRECIPITATION DATA] SYMBOLS USED IN COLUMN 16
AVERAGE MONTHLY: 70.0 TOTAL FOR MONTH: 6.03 1 = FOG OR MIST
DPTR FM NORMAL: 2.9 DPTR FM NORMAL: 3.18 2 = FOG REDUCING VISIBILITY
HIGHEST: 90 ON 18 GRTST 24HR 1.19 ON 9-10 TO 1/4 MILE OR LESS
LOWEST: 39 ON 13 3 = THUNDER
SNOW, ICE PELLETS, HAIL 4 = ICE PELLETS
TOTAL MONTH: T 5 = HAIL
GRTST 24HR T ON 16-16 6 = FREEZING RAIN OR DRIZZLE
GRTST DEPTH: 0 7 = DUSTSTORM OR SANDSTORM:
VSBY 1/2 MILE OR LESS
8 = SMOKE OR HAZE
[NO. OF DAYS WITH] [WEATHER - DAYS WITH] 9 = BLOWING SNOW
X = TORNADO
MAX 32 OR BELOW: 0 0.01 INCH OR MORE: 11
MAX 90 OR ABOVE: 1 0.10 INCH OR MORE: 8
MIN 32 OR BELOW: 0 0.50 INCH OR MORE: 5
MIN 0 OR BELOW: 0 1.00 INCH OR MORE: 2
[HDD (BASE 65) ]
TOTAL THIS MO. 18 CLEAR (SCALE 0-3) 19
DPTR FM NORMAL -39 PTCLDY (SCALE 4-7) 11
TOTAL FM JUL 1 328 CLOUDY (SCALE 8-10) 1
DPTR FM NORMAL -219
[CDD (BASE 65) ]
TOTAL THIS MO. 182
DPTR FM NORMAL 60 [PRESSURE DATA]
TOTAL FM JAN 1 308 HIGHEST SLP 30.40 ON 13
DPTR FM NORMAL 76 LOWEST SLP 29.75 ON 12
[REMARKS]
#FINAL-03-22#
HAIL OCCURRED AT THE AIRPORT ON 3/16 (INCLUDED AS "T" IN SNOW COLUMN)