000
CXUS52 KMLB 010743
CF6SFB
PRELIMINARY LOCAL CLIMATOLOGICAL DATA (WS FORM: F-6)
STATION: SANFORD
MONTH: NOVEMBER
YEAR: 2021
LATITUDE: 28 46 N
LONGITUDE: 81 15 W
TEMPERATURE IN F: :PCPN: SNOW: WIND :SUNSHINE: SKY :PK WND
================================================================================
1 2 3 4 5 6A 6B 7 8 9 10 11 12 13 14 15 16 17 18
12Z AVG MX 2MIN
DY MAX MIN AVG DEP HDD CDD WTR SNW DPTH SPD SPD DIR MIN PSBL S-S WX SPD DR
================================================================================
1 78 55 67 -4 0 2 0.00 0.0 0 5.0 13 60 M M 2 16 350
2 85 64 75 4 0 10 0.00 0.0 0 4.4 12 60 M M 1 16 10
3 85 63 74 3 0 9 0.00 0.0 0 6.2 14 50 M M 1 8 19 150
4 78 67 73 3 0 8 0.00 0.0 0 7.4 14 10 M M 1 19 40
5 71 67 69 -1 0 4 3.47 0.0 0 10.9 23 20 M M 9 1 35 20
6 70 52 61 -9 4 0 0.10 0.0 0 16.2 28 320 M M 9 1 35 330
7 69 51 60 -10 5 0 T 0.0 0 10.5 22 320 M M 7 28 320
8 75 54 65 -5 0 0 0.00 0.0 0 9.5 18 20 M M 0 23 30
9 80 58 69 0 0 4 0.00 0.0 0 9.1 17 40 M M 3 21 30
10 81 59 70 1 0 5 T 0.0 0 6.8 17 80 M M 5 1 22 110
11 85 67 76 7 0 11 0.14 0.0 0 4.4 15 150 M M 8 1 19 150
12 78 67 73 4 0 8 0.00 0.0 0 3.6 13 360 M M 3 12 16 10
13 82 59 71 3 0 6 T 0.0 0 4.7 18 310 M M 5 12 24 310
14 72 52 62 -6 3 0 0.00 0.0 0 7.5 14 280 M M 0 17 280
15 74 49 62 -6 3 0 0.00 0.0 0 6.9 14 350 M M 0 18 360
16 78 49 64 -4 1 0 0.00 0.0 0 4.9 14 50 M M 0 19 60
17 83 58 71 3 0 6 0.00 0.0 0 5.7 18 100 M M 1 22 90
18 80 67 74 6 0 9 0.37 0.0 0 4.7 15 120 M M 4 1 19 100
19 79 68 74 7 0 9 0.32 0.0 0 8.5 21 20 M M 9 1 26 30
20 76 68 72 5 0 7 0.06 0.0 0 11.0 23 60 M M 8 1 29 30
21 81 67 74 7 0 9 T 0.0 0 9.1 17 60 M M 7 21 50
22 75 63 69 2 0 4 0.01 0.0 0 8.1 20 320 M M 6 12 26 320
23 65 51 58 -9 7 0 0.00 0.0 0 12.5 21 20 M M 0 30 350
24 74 50 62 -5 3 0 0.00 0.0 0 8.4 16 70 M M 5 20 70
25 79 55 67 1 0 2 0.00 0.0 0 4.2 15 30 M M 3 23 50
26 78 56 67 1 0 2 0.00 0.0 0 7.2 17 260 M M 5 20 260
27 71 50 61 -5 4 0 0.00 0.0 0 6.4 14 350 M M 1 18 340
28 69 48 59 -7 6 0 T 0.0 0 4.4 10 340 M M 3 14 340
29 72 52 62 -4 3 0 0.01 0.0 0 7.1 15 300 M M 2 8 19 330
30 73 46 60 -6 5 0 0.00 0.0 0 4.8 14 60 M M 0 20 60
================================================================================
SM 2296 1732 44 115 4.48 0.0 220.1 M 108
================================================================================
AV 76.5 57.7 7.3 FASTST M M 4 MAX(MPH)
MISC ----> 28 320 # 35 20
================================================================================
NOTES:
# LAST OF SEVERAL OCCURRENCES
COLUMN 17 PEAK WIND IN M.P.H.
PRELIMINARY LOCAL CLIMATOLOGICAL DATA (WS FORM: F-6) , PAGE 2
STATION: SANFORD
MONTH: NOVEMBER
YEAR: 2021
LATITUDE: 28 46 N
LONGITUDE: 81 15 W
[TEMPERATURE DATA] [PRECIPITATION DATA] SYMBOLS USED IN COLUMN 16
AVERAGE MONTHLY: 67.1 TOTAL FOR MONTH: 4.48 1 = FOG OR MIST
DPTR FM NORMAL: -1.1 DPTR FM NORMAL: 2.60 2 = FOG REDUCING VISIBILITY
HIGHEST: 85 ON 11, 3 GRTST 24HR 3.53 ON 5- 6 TO 1/4 MILE OR LESS
LOWEST: 46 ON 30 3 = THUNDER
SNOW, ICE PELLETS, HAIL 4 = ICE PELLETS
TOTAL MONTH: 0.0 INCH 5 = HAIL
GRTST 24HR 0.0 6 = FREEZING RAIN OR DRIZZLE
GRTST DEPTH: 0 7 = DUSTSTORM OR SANDSTORM:
VSBY 1/2 MILE OR LESS
8 = SMOKE OR HAZE
[NO. OF DAYS WITH] [WEATHER - DAYS WITH] 9 = BLOWING SNOW
X = TORNADO
MAX 32 OR BELOW: 0 0.01 INCH OR MORE: 8
MAX 90 OR ABOVE: 0 0.10 INCH OR MORE: 5
MIN 32 OR BELOW: 0 0.50 INCH OR MORE: 1
MIN 0 OR BELOW: 0 1.00 INCH OR MORE: 1
[HDD (BASE 65) ]
TOTAL THIS MO. 44 CLEAR (SCALE 0-3) 15
DPTR FM NORMAL 0 PTCLDY (SCALE 4-7) 11
TOTAL FM JUL 1 44 CLOUDY (SCALE 8-10) 4
DPTR FM NORMAL -7
[CDD (BASE 65) ]
TOTAL THIS MO. 115
DPTR FM NORMAL -25 [PRESSURE DATA]
TOTAL FM JAN 1 3640 HIGHEST SLP 30.30 ON 24
DPTR FM NORMAL 160 LOWEST SLP 29.84 ON 6
[REMARKS]
#FINAL-11-21#