000
CXUS52 KMLB 010626
CF6SFB
PRELIMINARY LOCAL CLIMATOLOGICAL DATA (WS FORM: F-6)
STATION: SANFORD
MONTH: OCTOBER
YEAR: 2021
LATITUDE: 28 46 N
LONGITUDE: 81 15 W
TEMPERATURE IN F: :PCPN: SNOW: WIND :SUNSHINE: SKY :PK WND
================================================================================
1 2 3 4 5 6A 6B 7 8 9 10 11 12 13 14 15 16 17 18
12Z AVG MX 2MIN
DY MAX MIN AVG DEP HDD CDD WTR SNW DPTH SPD SPD DIR MIN PSBL S-S WX SPD DR
================================================================================
1 90 68 79 0 0 14 0.00 0.0 0 6.6 16 60 M M 0 21 100
2 89 73 81 2 0 16 0.00 0.0 0 7.2 16 90 M M 1 21 130
3 89 72 81 2 0 16 0.02 0.0 0 5.8 14 110 M M 4 1 20 60
4 88 68 78 -1 0 13 T 0.0 0 4.8 16 90 M M 2 20 70
5 91 70 81 3 0 16 0.00 0.0 0 5.5 16 110 M M 1 20 110
6 89 74 82 4 0 17 0.00 0.0 0 4.1 13 60 M M 1 16 80
7 92 73 83 5 0 18 0.00 0.0 0 4.5 15 100 M M 1 18 100
8 90 70 80 2 0 15 0.70 0.0 0 6.8 22 30 M M 3 13 27 360
9 86 69 78 0 0 13 0.00 0.0 0 5.4 14 330 M M 3 1 19 330
10 85 69 77 0 0 12 0.09 0.0 0 7.5 17 30 M M 1 22 10
11 87 69 78 1 0 13 0.18 0.0 0 4.6 22 50 M M 3 8 28 50
12 88 71 80 3 0 15 0.00 0.0 0 5.8 16 60 M M 2 19 50
13 88 73 81 5 0 16 0.00 0.0 0 6.2 15 70 M M 2 20 60
14 88 72 80 4 0 15 T 0.0 0 5.8 14 30 M M 3 8 17 50
15 89 71 80 4 0 15 0.00 0.0 0 4.9 16 40 M M 1 19 30
16 89 69 79 3 0 14 0.00 0.0 0 3.7 10 280 M M 1 14 350
17 83 65 74 -1 0 9 0.00 0.0 0 10.8 20 10 M M 3 25 10
18 82 61 72 -3 0 7 0.00 0.0 0 7.2 16 60 M M 1 20 70
19 84 65 75 0 0 10 0.00 0.0 0 7.3 16 70 M M 2 21 70
20 85 63 74 0 0 9 0.00 0.0 0 5.1 16 60 M M 1 21 60
21 87 66 77 3 0 12 0.00 0.0 0 4.0 15 100 M M 1 22 120
22 89 62 76 2 0 11 0.00 0.0 0 2.6 15 100 M M 0 19 100
23 88 69 79 5 0 14 0.00 0.0 0 4.3 14 70 M M 0 16 70
24 88 72 80 7 0 15 0.20 0.0 0 6.0 17 110 M M 2 1 22 100
25 87 74 81 8 0 16 1.44 0.0 0 7.5 22 260 M M 4 13 29 250
26 87 66 77 4 0 12 0.00 0.0 0 11.3 23 270 M M 2 30 300
27 83 60 72 -1 0 7 0.00 0.0 0 4.6 12 290 M M 0 15 300
28 82 65 74 2 0 9 1.23 0.0 0 8.7 23 260 M M 6 13 29 250
29 83 64 74 2 0 9 0.04 0.0 0 10.0 28 230 M M 7 36 230
30 74 60 67 -5 0 2 0.01 0.0 0 8.6 23 270 M M 6 30 280
31 73 59 66 -6 0 1 0.00 0.0 0 7.9 17 280 M M 3 24 260
================================================================================
SM 2673 2102 0 381 3.91 0.0 195.1 M 67
================================================================================
AV 86.2 67.8 6.3 FASTST M M 2 MAX(MPH)
MISC ----> 28 230 36 230
================================================================================
NOTES:
# LAST OF SEVERAL OCCURRENCES
COLUMN 17 PEAK WIND IN M.P.H.
PRELIMINARY LOCAL CLIMATOLOGICAL DATA (WS FORM: F-6) , PAGE 2
STATION: SANFORD
MONTH: OCTOBER
YEAR: 2021
LATITUDE: 28 46 N
LONGITUDE: 81 15 W
[TEMPERATURE DATA] [PRECIPITATION DATA] SYMBOLS USED IN COLUMN 16
AVERAGE MONTHLY: 77.0 TOTAL FOR MONTH: 3.91 1 = FOG OR MIST
DPTR FM NORMAL: 1.5 DPTR FM NORMAL: 0.01 2 = FOG REDUCING VISIBILITY
HIGHEST: 92 ON 7 GRTST 24HR 1.61 ON 24-25 TO 1/4 MILE OR LESS
LOWEST: 59 ON 31 3 = THUNDER
SNOW, ICE PELLETS, HAIL 4 = ICE PELLETS
TOTAL MONTH: 0.0 INCH 5 = HAIL
GRTST 24HR 0.0 6 = FREEZING RAIN OR DRIZZLE
GRTST DEPTH: 0 7 = DUSTSTORM OR SANDSTORM:
VSBY 1/2 MILE OR LESS
8 = SMOKE OR HAZE
[NO. OF DAYS WITH] [WEATHER - DAYS WITH] 9 = BLOWING SNOW
X = TORNADO
MAX 32 OR BELOW: 0 0.01 INCH OR MORE: 9
MAX 90 OR ABOVE: 4 0.10 INCH OR MORE: 5
MIN 32 OR BELOW: 0 0.50 INCH OR MORE: 3
MIN 0 OR BELOW: 0 1.00 INCH OR MORE: 2
[HDD (BASE 65) ]
TOTAL THIS MO. 0 CLEAR (SCALE 0-3) 24
DPTR FM NORMAL -6 PTCLDY (SCALE 4-7) 7
TOTAL FM JUL 1 0 CLOUDY (SCALE 8-10) 0
DPTR FM NORMAL -3
[CDD (BASE 65) ]
TOTAL THIS MO. 381
DPTR FM NORMAL 47 [PRESSURE DATA]
TOTAL FM JAN 1 3525 HIGHEST SLP M ON M
DPTR FM NORMAL 185 LOWEST SLP 29.64 ON 29
[REMARKS]
#FINAL-10-21#