000
CXUS56 KMTR 010900
CF6SFD
PRELIMINARY LOCAL CLIMATOLOGICAL DATA (WS FORM: F-6)
STATION: SAN FRANCISCO DWTN CA
MONTH: APRIL
YEAR: 2023
LATITUDE: 37 46 N
LONGITUDE: 122 26 W
TEMPERATURE IN F: :PCPN: SNOW: WIND :SUNSHINE: SKY :PK WND
================================================================================
1 2 3 4 5 6A 6B 7 8 9 10 11 12 13 14 15 16 17 18
12Z AVG MX 2MIN
DY MAX MIN AVG DEP HDD CDD WTR SNW DPTH SPD SPD DIR MIN PSBL S-S WX SPD DR
================================================================================
1 60 45 53 -3 12 0 0.00 M 0 M M M M M M M M
2 55 47 51 -5 14 0 0.00 M 0 M M M M M M M M
3 55 44 50 -6 15 0 0.00 M 0 M M M M M M M M
4 56 42 49 -7 16 0 0.00 M 0 M M M M M M M M
5 58 44 51 -5 14 0 0.00 M 0 M M M M M M M M
6 61 47 54 -2 11 0 0.00 M 0 M M M M M M M M
7 58 50 54 -2 11 0 0.21 M 0 M M M M M M M M
8 61 49 55 -1 10 0 0.00 M 0 M M M M M M M M
9 68 49 59 3 6 0 0.00 M 0 M M M M M M M M
10 68 50 59 3 6 0 0.00 M 0 M M M M M M M M
11 59 49 54 -2 11 0 0.02 M 0 M M M M M M M M
12 56 47 52 -4 13 0 0.00 M 0 M M M M M M M M
13 60 46 53 -3 12 0 0.00 M 0 M M M M M M M M
14 56 46 51 -5 14 0 0.00 M 0 M M M M M M M M
15 57 47 52 -4 13 0 0.00 M 0 M M M M M M M M
16 56 46 51 -5 14 0 0.00 M 0 M M M M M M M M
17 56 48 52 -4 13 0 0.01 M 0 M M M M M M M M
18 57 46 52 -4 13 0 0.00 M 0 M M M M M M M M
19 57 46 52 -4 13 0 0.00 M 0 M M M M M M M M
20 63 47 55 -1 10 0 0.00 M 0 M M M M M M M M
21 72 52 62 6 3 0 0.00 M 0 M M M M M M M M
22 66 51 59 3 6 0 0.00 M 0 M M M M M M M M
23 62 50 56 -1 9 0 0.00 M 0 M M M M M M M M
24 63 48 56 -1 9 0 0.00 M 0 M M M M M M M M
25 67 48 58 1 7 0 0.00 M 0 M M M M M M M M
26 71 49 60 3 5 0 0.00 M 0 M M M M M M M M
27 74 47 61 4 4 0 0.00 M 0 M M M M M M M M
28 62 50 56 -1 9 0 0.00 M 0 M M M M M M M M
29 57 48 53 -4 12 0 0.00 M 0 M M M M M M M M
30 58 49 54 -3 11 0 0.00 M 0 M M M M M M M M
================================================================================
SM 1829 1427 316 0 0.24 M M M M
================================================================================
AV 61.0 47.6 M FASTST M M M MAX(MPH)
MISC ----> M M M M
================================================================================
NOTES:
# LAST OF SEVERAL OCCURRENCES
COLUMN 17 PEAK WIND IN M.P.H.
PRELIMINARY LOCAL CLIMATOLOGICAL DATA (WS FORM: F-6) , PAGE 2
STATION: SAN FRANCISCO DWTN CA
MONTH: APRIL
YEAR: 2023
LATITUDE: 37 46 N
LONGITUDE: 122 26 W
[TEMPERATURE DATA] [PRECIPITATION DATA] SYMBOLS USED IN COLUMN 16
AVERAGE MONTHLY: 54.3 TOTAL FOR MONTH: 0.24 1 = FOG OR MIST
DPTR FM NORMAL: -2.1 DPTR FM NORMAL: -1.36 2 = FOG REDUCING VISIBILITY
HIGHEST: 74 ON 27 GRTST 24HR 0.21 ON 7- 7 TO 1/4 MILE OR LESS
LOWEST: 42 ON 4 3 = THUNDER
SNOW, ICE PELLETS, HAIL 4 = ICE PELLETS
TOTAL MONTH: M 5 = HAIL
GRTST 24HR M ON M 6 = FREEZING RAIN OR DRIZZLE
GRTST DEPTH: 0 7 = DUSTSTORM OR SANDSTORM:
VSBY 1/2 MILE OR LESS
8 = SMOKE OR HAZE
[NO. OF DAYS WITH] [WEATHER - DAYS WITH] 9 = BLOWING SNOW
X = TORNADO
MAX 32 OR BELOW: 0 0.01 INCH OR MORE: 3
MAX 90 OR ABOVE: 0 0.10 INCH OR MORE: 1
MIN 32 OR BELOW: 0 0.50 INCH OR MORE: 0
MIN 0 OR BELOW: 0 1.00 INCH OR MORE: 0
[HDD (BASE 65) ]
TOTAL THIS MO. 316 CLEAR (SCALE 0-3) 0
DPTR FM NORMAL 51 PTCLDY (SCALE 4-7) 0
TOTAL FM JUL 1 2662 CLOUDY (SCALE 8-10) 30
DPTR FM NORMAL 280
[CDD (BASE 65) ]
TOTAL THIS MO. 0
DPTR FM NORMAL -5 [PRESSURE DATA]
TOTAL FM JAN 1 0 HIGHEST SLP M ON M
DPTR FM NORMAL -7 LOWEST SLP 9999.00 ON 1
[REMARKS]
#FINAL-04-23#