000
CXUS56 KMTR 010900
CF6SFD
PRELIMINARY LOCAL CLIMATOLOGICAL DATA (WS FORM: F-6)
STATION: SAN FRANCISCO DWTN CA
MONTH: MAY
YEAR: 2022
LATITUDE: 37 46 N
LONGITUDE: 122 26 W
TEMPERATURE IN F: :PCPN: SNOW: WIND :SUNSHINE: SKY :PK WND
================================================================================
1 2 3 4 5 6A 6B 7 8 9 10 11 12 13 14 15 16 17 18
12Z AVG MX 2MIN
DY MAX MIN AVG DEP HDD CDD WTR SNW DPTH SPD SPD DIR MIN PSBL S-S WX SPD DR
================================================================================
1 62 48 55 -2 10 0 0.00 M 0 M M M M M M M M
2 61 49 55 -2 10 0 0.00 M 0 M M M M M M M M
3 69 50 60 3 5 0 0.00 M 0 M M M M M M M M
4 64 49 57 0 8 0 0.00 M 0 M M M M M M M M
5 59 49 54 -3 11 0 0.00 M 0 M M M M M M M M
6 65 54 60 3 5 0 0.02 M 0 M M M M M M M M
7 61 51 56 -1 9 0 0.00 M 0 M M M M M M M M
8 57 49 53 -4 12 0 0.00 M 0 M M M M M M M M
9 57 47 52 -5 13 0 0.00 M 0 M M M M M M M M
10 55 47 51 -6 14 0 0.00 M 0 M M M M M M M M
11 59 46 53 -4 12 0 0.00 M 0 M M M M M M M M
12 58 48 53 -4 12 0 0.00 M 0 M M M M M M M M
13 66 52 59 1 6 0 0.00 M 0 M M M M M M M M
14 69 52 61 3 4 0 0.00 M 0 M M M M M M M M
15 61 51 56 -2 9 0 0.00 M 0 M M M M M M M M
16 59 51 55 -3 10 0 0.00 M 0 M M M M M M M M
17 63 49 56 -2 9 0 0.00 M 0 M M M M M M M M
18 77 50 64 6 1 0 0.00 M 0 M M M M M M M M
19 67 54 61 3 4 0 0.00 M 0 M M M M M M M M
20 69 50 60 2 5 0 0.00 M 0 M M M M M M M M
21 68 50 59 1 6 0 0.00 M 0 M M M M M M M M
22 67 50 59 1 6 0 0.00 M 0 M M M M M M M M
23 68 52 60 2 5 0 0.00 M 0 M M M M M M M M
24 79 52 66 8 0 1 0.00 M 0 M M M M M M M M
25 68 52 60 2 5 0 0.00 M 0 M M M M M M M M
26 62 52 57 -1 8 0 0.00 M 0 M M M M M M M M
27 61 51 56 -2 9 0 0.00 M 0 M M M M M M M M
28 64 52 58 -1 7 0 0.00 M 0 M M M M M M M M
29 65 51 58 -1 7 0 0.00 M 0 M M M M M M M M
30 63 51 57 -2 8 0 0.00 M 0 M M M M M M M M
31 68 50 59 0 6 0 0.00 M 0 M M M M M M M M
================================================================================
SM 1991 1559 236 1 0.02 M M M M
================================================================================
AV 64.2 50.3 M FASTST M M M MAX(MPH)
MISC ----> M M M M
================================================================================
NOTES:
# LAST OF SEVERAL OCCURRENCES
COLUMN 17 PEAK WIND IN M.P.H.
PRELIMINARY LOCAL CLIMATOLOGICAL DATA (WS FORM: F-6) , PAGE 2
STATION: SAN FRANCISCO DWTN CA
MONTH: MAY
YEAR: 2022
LATITUDE: 37 46 N
LONGITUDE: 122 26 W
[TEMPERATURE DATA] [PRECIPITATION DATA] SYMBOLS USED IN COLUMN 16
AVERAGE MONTHLY: 57.3 TOTAL FOR MONTH: 0.02 1 = FOG OR MIST
DPTR FM NORMAL: -0.5 DPTR FM NORMAL: -0.68 2 = FOG REDUCING VISIBILITY
HIGHEST: 79 ON 24 GRTST 24HR 0.02 ON 6- 6 TO 1/4 MILE OR LESS
LOWEST: 46 ON 11 3 = THUNDER
SNOW, ICE PELLETS, HAIL 4 = ICE PELLETS
TOTAL MONTH: M 5 = HAIL
GRTST 24HR M ON M 6 = FREEZING RAIN OR DRIZZLE
GRTST DEPTH: 0 7 = DUSTSTORM OR SANDSTORM:
VSBY 1/2 MILE OR LESS
8 = SMOKE OR HAZE
[NO. OF DAYS WITH] [WEATHER - DAYS WITH] 9 = BLOWING SNOW
X = TORNADO
MAX 32 OR BELOW: 0 0.01 INCH OR MORE: 1
MAX 90 OR ABOVE: 0 0.10 INCH OR MORE: 0
MIN 32 OR BELOW: 0 0.50 INCH OR MORE: 0
MIN 0 OR BELOW: 0 1.00 INCH OR MORE: 0
[HDD (BASE 65) ]
TOTAL THIS MO. 236 CLEAR (SCALE 0-3) 0
DPTR FM NORMAL 4 PTCLDY (SCALE 4-7) 0
TOTAL FM JUL 1 2534 CLOUDY (SCALE 8-10) 31
DPTR FM NORMAL -77
[CDD (BASE 65) ]
TOTAL THIS MO. 1
DPTR FM NORMAL -7 [PRESSURE DATA]
TOTAL FM JAN 1 9 HIGHEST SLP M ON M
DPTR FM NORMAL -6 LOWEST SLP 9999.00 ON 1
[REMARKS]
#FINAL-05-22#