000
CXUS56 KOTX 011614
CLMSFF
CLIMATE REPORT
NATIONAL WEATHER SERVICE SPOKANE WA
814 AM PST FRI DEC 01 2023
...................................
...THE SPOKANE WA FELTS AIRPORT CLIMATE SUMMARY FOR THE MONTH OF NOVEMBER 2023...
CLIMATE NORMAL PERIOD 1991 TO 2020
CLIMATE RECORD PERIOD 9999 TO 9999
WEATHER OBSERVED NORMAL DEPART LAST YEAR`S
VALUE DATE(S) VALUE FROM VALUE DATE(S)
NORMAL
................................................................
TEMPERATURE (F)
RECORD
HIGH 69 11/12/1999
LOW -2 11/24/2010
HIGHEST 57 11/04 MM MM 54 11/04
LOWEST 19 11/28 MM MM 9 11/29
AVG. MAXIMUM 44.0 45.1 -1.1 38.1
AVG. MINIMUM 30.9 30.7 0.2 23.3
MEAN 37.5 37.9 -0.4 30.7
DAYS MAX >= 90 0 0.0 0.0 0
DAYS MAX <= 32 4 1.8 2.2 4
DAYS MIN <= 32 17 16.8 0.2 28
DAYS MIN <= 0 0 0.1 -0.1 0
PRECIPITATION (INCHES)
RECORD
MAXIMUM 3.73 2006
MINIMUM 0.69 2019
TOTALS 2.00 2.01 -0.01 2.68
DAILY AVG. 0.07 0.07 -0.00 0.09
DAYS >= .01 10 13.5 -3.5 9
DAYS >= .10 5 6.9 -1.9 6
DAYS >= .50 1 0.3 0.7 3
DAYS >= 1.00 0 0.0 0.0 0
GREATEST
24 HR. TOTAL 0.67 11/01 TO 11/02 0.80
DEGREE DAYS
HEATING TOTAL 818 813 5 1021
SINCE 7/1 1370 1483 -113 MM
COOLING TOTAL 0 0 0 0
SINCE 1/1 771 507 264 MM
................................................................
WIND (MPH)
AVERAGE WIND SPEED 2.5
HIGHEST WIND SPEED/DIRECTION 33/230 DATE 11/11
HIGHEST GUST SPEED/DIRECTION 45/260 DATE 11/11
SKY COVER
POSSIBLE SUNSHINE (PERCENT) MM
AVERAGE SKY COVER 0.62
NUMBER OF DAYS FAIR 7
NUMBER OF DAYS PC 12
NUMBER OF DAYS CLOUDY 11
AVERAGE RH (PERCENT) 82
WEATHER CONDITIONS. NUMBER OF DAYS WITH
THUNDERSTORM 0 MIXED PRECIP 2
HEAVY RAIN 0 RAIN 8
LIGHT RAIN 12 FREEZING RAIN 0
LT FREEZING RAIN 0 HAIL 0
HEAVY SNOW 0 SNOW 0
LIGHT SNOW 2 SLEET 0
FOG 27 FOG W/VIS <= 1/4 MILE 11
HAZE 5
- INDICATES NEGATIVE NUMBERS.
R INDICATES RECORD WAS SET OR TIED.
MM INDICATES DATA IS MISSING.
T INDICATES TRACE AMOUNT.
$$