000
CXUS54 KHGX 011410
CF6SGR
PRELIMINARY LOCAL CLIMATOLOGICAL DATA (WS FORM: F-6)
STATION: SUGAR LAND/HULL FLD
MONTH: MAY
YEAR: 2023
LATITUDE: 29 37 N
LONGITUDE: 95 39 W
TEMPERATURE IN F: :PCPN: SNOW: WIND :SUNSHINE: SKY :PK WND
================================================================================
1 2 3 4 5 6A 6B 7 8 9 10 11 12 13 14 15 16 17 18
12Z AVG MX 2MIN
DY MAX MIN AVG DEP HDD CDD WTR SNW DPTH SPD SPD DIR MIN PSBL S-S WX SPD DR
================================================================================
1 86 56 71 -3 0 6 0.00 0.0 0 4.6 17 160 M M 0 18 22 160
2 83 63 73 -1 0 8 0.00 0.0 0 5.5 14 160 M M 3 12 20 140
3 85 61 73 -1 0 8 0.00 0.0 0 6.8 17 160 M M 0 1 25 90
4 85 65 75 0 0 10 0.00 0.0 0 9.1 18 140 M M 7 24 130
5 91 75 83 8 0 18 0.02 0.0 0 8.1 17 180 M M 7 23 170
6 90 68 79 4 0 14 0.07 0.0 0 12.5 25 140 M M 5 33 140
7 79 73 76 0 0 11 0.55 0.0 0 9.7 26 160 M M 7 13 35 160
8 87 71 79 3 0 14 0.00 0.0 0 9.8 24 60 M M 6 13 33 60
9 79 68 74 -2 0 9 0.56 0.0 0 7.9 28 200 M M M 3 39 200
10 78 67 73 -3 0 8 1.77 0.0 0 6.9 16 70 M M 8 13 21 60
11 89 74 82 5 0 17 0.00 0.0 0 11.0 18 140 M M 8 24 140
12 89 78 84 7 0 19 T 0.0 0 13.6 21 150 M M 9 29 130
13 82 70 76 -1 0 11 1.16 0.0 0 8.1 17 10 M M 8 13 23 130
14 84 70 77 0 0 12 0.59 0.0 0 7.3 29 190 M M 7 13 46 180
15 88 71 80 2 0 15 0.20 0.0 0 4.8 20 340 M M 4 3 24 350
16 87 66 77 -1 0 12 0.27 0.0 0 4.1 26 140 M M 2 13 43 180
17 87 65 76 -2 0 11 0.00 0.0 0 3.5 10 300 M M 1 1 15 280
18 90 67 79 1 0 14 0.00 0.0 0 4.1 10 170 M M 1 1 13 240
19 91 70 81 2 0 16 0.00 0.0 0 6.0 15 190 M M 0 1 19 180
20 90 72 81 2 0 16 0.00 0.0 0 7.3 18 10 M M 1 22 360
21 81 70 76 -3 0 11 0.00 0.0 0 6.4 14 20 M M 4 8 17 20
22 86 71 79 -1 0 14 0.00 0.0 0 4.6 12 160 M M 6 16 170
23 91 69 80 0 0 15 0.00 0.0 0 2.8 14 40 M M 3 13 17 30
24 90 70 80 0 0 15 0.00 0.0 0 5.2 20 300 M M 3 3 30 270
25 88 70 79 -1 0 14 0.00 0.0 0 6.0 12 40 M M 2 17 40
26 92 68 80 0 0 15 0.00 0.0 0 4.8 14 60 M M 1 19 90
27 89 68 79 -2 0 14 0.01 0.0 0 3.2 14 180 M M 2 1 18 180
28 87 66 77 -4 0 12 T 0.0 0 5.4 16 150 M M 3 22 170
29 87 70 79 -2 0 14 0.00 0.0 0 4.8 14 160 M M 3 3 19 200
30 89 69 79 -2 0 14 T 0.0 0 5.2 15 180 M M 2 3 23 150
31 90 68 79 -2 0 14 0.00 0.0 0 6.7 16 150 M M 3 3 22 130
================================================================================
SM 2690 2129 0 401 5.20 0.0 205.8 M 116
================================================================================
AV 86.8 68.7 6.6 FASTST M M 4 MAX(MPH)
MISC ----> 29 190 46 180
================================================================================
NOTES:
# LAST OF SEVERAL OCCURRENCES
COLUMN 17 PEAK WIND IN M.P.H.
PRELIMINARY LOCAL CLIMATOLOGICAL DATA (WS FORM: F-6) , PAGE 2
STATION: SUGAR LAND/HULL FLD
MONTH: MAY
YEAR: 2023
LATITUDE: 29 37 N
LONGITUDE: 95 39 W
[TEMPERATURE DATA] [PRECIPITATION DATA] SYMBOLS USED IN COLUMN 16
AVERAGE MONTHLY: 77.7 TOTAL FOR MONTH: 5.20 1 = FOG OR MIST
DPTR FM NORMAL: -0.2 DPTR FM NORMAL: -0.04 2 = FOG REDUCING VISIBILITY
HIGHEST: 92 ON 26 GRTST 24HR 2.07 ON 9-10 TO 1/4 MILE OR LESS
LOWEST: 56 ON 1 3 = THUNDER
SNOW, ICE PELLETS, HAIL 4 = ICE PELLETS
TOTAL MONTH: 0.0 INCH 5 = HAIL
GRTST 24HR 0.0 6 = FREEZING RAIN OR DRIZZLE
GRTST DEPTH: 0 7 = DUSTSTORM OR SANDSTORM:
VSBY 1/2 MILE OR LESS
8 = SMOKE OR HAZE
[NO. OF DAYS WITH] [WEATHER - DAYS WITH] 9 = BLOWING SNOW
X = TORNADO
MAX 32 OR BELOW: 0 0.01 INCH OR MORE: 10
MAX 90 OR ABOVE: 9 0.10 INCH OR MORE: 7
MIN 32 OR BELOW: 0 0.50 INCH OR MORE: 5
MIN 0 OR BELOW: 0 1.00 INCH OR MORE: 2
[HDD (BASE 65) ]
TOTAL THIS MO. 0 CLEAR (SCALE 0-3) 16
DPTR FM NORMAL -1 PTCLDY (SCALE 4-7) 12
TOTAL FM JUL 1 999 CLOUDY (SCALE 8-10) 3
DPTR FM NORMAL -146
[CDD (BASE 65) ]
TOTAL THIS MO. 401
DPTR FM NORMAL 2 [PRESSURE DATA]
TOTAL FM JAN 1 881 HIGHEST SLP 30.17 ON 15
DPTR FM NORMAL 136 LOWEST SLP 29.80 ON 17
[REMARKS]
#FINAL-05-23#