000
CXUS54 KLZK 011230
CF6SGT
PRELIMINARY LOCAL CLIMATOLOGICAL DATA (WS FORM: F-6)
STATION: STUTTGART AIRPORT
MONTH: JANUARY
YEAR: 2022
LATITUDE: 34 35 N
LONGITUDE: 91 34 W
TEMPERATURE IN F: :PCPN: SNOW: WIND :SUNSHINE: SKY :PK WND
================================================================================
1 2 3 4 5 6A 6B 7 8 9 10 11 12 13 14 15 16 17 18
12Z AVG MX 2MIN
DY MAX MIN AVG DEP HDD CDD WTR SNW DPTH SPD SPD DIR MIN PSBL S-S WX SPD DR
================================================================================
1 M M M M M M 1.03 M M 14.1 28 300 M M 8 3 35 300
2 M M M M M M 0.05 M M 17.3 22 340 M M 9 26 340
3 M M M M M M 0.00 M M 7.3 15 350 M M 0 M M
4 M M M M M M 0.00 M M 11.0 20 170 M M 0 M M
5 M M M M M M 0.00 M M 8.2 10 40 M M 1 M M
6 M M M M M M 0.04 M M 15.1 23 20 M M 7 31 20
7 M M M M M M 0.00 M M 9.2 15 40 M M 0 M M
8 59 52 56 16 9 0 0.56 M M 10.5 18 160 M M 10 13 M M
9 62 37 50 10 15 0 1.32 M M 19.1 28 20 M M 8 13 36 360
10 45 28 37 -3 28 0 0.00 M M 6.3 16 20 M M 0 M M
11 55 30 43 3 22 0 0.00 M M M M M M M M M M
12 59 35 47 7 18 0 0.00 M M 10.5 12 210 M M 0 M M
13 67 39 53 13 12 0 0.00 M M 8.5 13 270 M M 0 M M
14 58 38 48 8 17 0 T M M 7.0 10 100 M M 0 128 M M
15 49 34 42 2 23 0 0.98 M M 12.9 28 340 M M 8 18 37 340
16 46 33 40 0 25 0 0.15 M M 17.5 27 330 M M 5 1 36 350
17 51 31 41 1 24 0 0.00 M M 9.8 16 300 M M 0 M M
18 61 34 48 8 17 0 0.00 M M 10.9 20 150 M M 1 27 130
19 59 33 46 6 19 0 T M M 14.8 29 360 M M 9 38 350
20 33 23 28 -12 37 0 0.00 M M 20.3 28 340 M M 2 36 340
21 30 18 24 -16 41 0 0.00 M M 13.7 21 360 M M 0 22 10
22 M M M M M M 0.00 M M M M M M M 0 M M
23 M M M M M M 0.00 M M M M M M M 0 M M
24 M M M M M M 0.00 M M M M M M M 0 M M
25 42 29 36 -4 29 0 0.00 M M 15.7 21 360 M M 0 30 350
26 36 24 30 -10 35 0 0.00 M M 11.9 22 360 M M 0 28 360
27 45 25 35 -5 30 0 0.00 M M 4.8 10 290 M M 6 M M
28 49 27 38 -2 27 0 0.00 M M 12.9 23 300 M M 3 36 280
29 49 22 36 -5 29 0 0.00 M M 7.6 15 190 M M 0 M M
30 62 34 48 7 17 0 0.00 M M 7.7 14 260 M M 0 M M
31 67 32 50 9 15 0 T M M 7.0 13 120 M M 1 8 M M
================================================================================
SM 1084 658 489 0 4.13 M 311.7 M 78
================================================================================
AV 51.6 31.3 11.5 FASTST M M 3 MAX(MPH)
MISC ----> 29 360 38 350
================================================================================
NOTES:
# LAST OF SEVERAL OCCURRENCES
COLUMN 17 PEAK WIND IN M.P.H.
PRELIMINARY LOCAL CLIMATOLOGICAL DATA (WS FORM: F-6) , PAGE 2
STATION: STUTTGART AIRPORT
MONTH: JANUARY
YEAR: 2022
LATITUDE: 34 35 N
LONGITUDE: 91 34 W
[TEMPERATURE DATA] [PRECIPITATION DATA] SYMBOLS USED IN COLUMN 16
AVERAGE MONTHLY: 41.5 TOTAL FOR MONTH: 4.13 1 = FOG OR MIST
DPTR FM NORMAL: 1.4 DPTR FM NORMAL: 0.49 2 = FOG REDUCING VISIBILITY
HIGHEST: 67 ON 13,31 GRTST 24HR 2.75 ON 1- 1 TO 1/4 MILE OR LESS
LOWEST: 18 ON 21 3 = THUNDER
SNOW, ICE PELLETS, HAIL 4 = ICE PELLETS
TOTAL MONTH: M 5 = HAIL
GRTST 24HR M ON M 6 = FREEZING RAIN OR DRIZZLE
GRTST DEPTH: M ON M 7 = DUSTSTORM OR SANDSTORM:
VSBY 1/2 MILE OR LESS
8 = SMOKE OR HAZE
[NO. OF DAYS WITH] [WEATHER - DAYS WITH] 9 = BLOWING SNOW
X = TORNADO
MAX 32 OR BELOW: 1 0.01 INCH OR MORE: 7
MAX 90 OR ABOVE: 0 0.10 INCH OR MORE: 5
MIN 32 OR BELOW: 11 0.50 INCH OR MORE: 4
MIN 0 OR BELOW: 0 1.00 INCH OR MORE: 2
[HDD (BASE 65) ]
TOTAL THIS MO. 489 CLEAR (SCALE 0-3) 21
DPTR FM NORMAL -283 PTCLDY (SCALE 4-7) 5
TOTAL FM JUL 1 1243 CLOUDY (SCALE 8-10) 5
DPTR FM NORMAL -780
[CDD (BASE 65) ]
TOTAL THIS MO. 0
DPTR FM NORMAL 0 [PRESSURE DATA]
TOTAL FM JAN 1 0 HIGHEST SLP 30.72 ON 10
DPTR FM NORMAL 0 LOWEST SLP 29.79 ON 15
[REMARKS]
#FINAL-01-22#