000
CXUS54 KLZK 011131
CF6SGT
PRELIMINARY LOCAL CLIMATOLOGICAL DATA (WS FORM: F-6)
STATION: Stuttgart Airport
MONTH: JUNE
YEAR: 2020
LATITUDE: 34 35 N
LONGITUDE: 91 34 W
TEMPERATURE IN F: :PCPN: SNOW: WIND :SUNSHINE: SKY :PK WND
================================================================================
1 2 3 4 5 6A 6B 7 8 9 10 11 12 13 14 15 16 17 18
12Z AVG MX 2MIN
DY MAX MIN AVG DEP HDD CDD WTR SNW DPTH SPD SPD DIR MIN PSBL S-S WX SPD DR
================================================================================
1 83 65 74 -1 0 9 0.00 M M 6.0 9 70 M M 0 M M
2 86 64 75 -1 0 10 0.00 M M 4.8 10 190 M M 0 M M
3 86 73 80 4 0 15 1.52 M M 7.0 20 230 M M 2 13 M M
4 89 71 80 4 0 15 0.40 M M 11.5 23 180 M M 3 13 40 180
5 94 73 84 8 0 19 0.51 M M 8.1 12 240 M M 3 13 M M
6 91 71 81 4 0 16 0.00 M M 6.4 12 110 M M 0 M M
7 93 74 84 7 0 19 0.00 M M 10.8 20 70 M M 0 22 80
8 82 74 78 1 0 13 1.76 M M 16.7 25 60 M M 6 1 36 40
9 91 73 82 5 0 17 T M M 19.1 25 210 M M 7 13 38 230
10 80 66 73 -5 0 8 T M M 14.7 27 230 M M 3 33 230
11 83 63 73 -5 0 8 0.00 M M 5.9 13 30 M M 0 M M
12 87 65 76 -2 0 11 0.00 M M 6.2 13 50 M M 0 17 40
13 91 69 80 2 0 15 0.00 M M 4.0 7 140 M M 0 M M
14 91 72 82 3 0 17 T M M 4.8 9 90 M M 1 M M
15 89 70 80 1 0 15 0.00 M M 6.4 10 40 M M 0 M M
16 85 67 76 -3 0 11 T M M 6.1 9 50 M M 0 16 50
17 88 66 77 -2 0 12 0.00 M M 3.2 7 40 M M 1 M M
18 91 69 80 0 0 15 0.00 M M 3.9 9 220 M M 1 M M
19 93 71 82 2 0 17 0.00 M M 6.4 10 190 M M 1 17 200
20 91 72 82 2 0 17 0.24 M M 7.9 14 190 M M 4 3 M M
21 88 71 80 0 0 15 0.42 M M 7.4 20 180 M M 4 13 M M
22 85 70 78 -2 0 13 0.24 M M 10.5 18 210 M M 4 13 30 210
23 84 68 76 -4 0 11 1.03 M M 5.9 13 210 M M 2 13 M M
24 84 70 77 -4 0 12 0.00 M M 5.6 13 360 M M 4 M M
25 90 69 80 -1 0 15 T M M 6.9 16 170 M M 3 8 M M
26 79 72 76 -5 0 11 0.00 M M 11.4 20 200 M M 7 1 25 210
27 89 73 81 0 0 16 0.02 M M 11.5 18 220 M M 4 1 21 210
28 92 73 83 2 0 18 0.06 M M 12.3 15 200 M M 3 3 21 240
29 86 75 81 0 0 16 0.04 M M 8.3 14 180 M M 2 38 M M
30 90 77 84 3 0 19 0.10 M M 10.8 16 200 M M 3 13 23 210
================================================================================
SM 2631 2106 0 425 6.34 M 250.5 M 68
================================================================================
AV 87.7 70.2 8.3 FASTST M M 2 MAX(MPH)
MISC ----> # 27 230 # 40 180
================================================================================
NOTES:
# LAST OF SEVERAL OCCURRENCES
COLUMN 17 PEAK WIND IN M.P.H.
PRELIMINARY LOCAL CLIMATOLOGICAL DATA (WS FORM: F-6) , PAGE 2
STATION: Stuttgart Airport
MONTH: JUNE
YEAR: 2020
LATITUDE: 34 35 N
LONGITUDE: 91 34 W
[TEMPERATURE DATA] [PRECIPITATION DATA] SYMBOLS USED IN COLUMN 16
AVERAGE MONTHLY: 79.0 TOTAL FOR MONTH: 6.34 1 = FOG OR MIST
DPTR FM NORMAL: 0.2 DPTR FM NORMAL: 3.04 2 = FOG REDUCING VISIBILITY
HIGHEST: 94 ON 5 GRTST 24HR 1.76 ON 8- 8 TO 1/4 MILE OR LESS
LOWEST: 63 ON 11 3 = THUNDER
SNOW, ICE PELLETS, HAIL 4 = ICE PELLETS
TOTAL MONTH: M 5 = HAIL
GRTST 24HR M ON M 6 = FREEZING RAIN OR DRIZZLE
GRTST DEPTH: M ON M 7 = DUSTSTORM OR SANDSTORM:
VSBY 1/2 MILE OR LESS
8 = SMOKE OR HAZE
[NO. OF DAYS WITH] [WEATHER - DAYS WITH] 9 = BLOWING SNOW
X = TORNADO
MAX 32 OR BELOW: 0 0.01 INCH OR MORE: 12
MAX 90 OR ABOVE: 12 0.10 INCH OR MORE: 9
MIN 32 OR BELOW: 0 0.50 INCH OR MORE: 4
MIN 0 OR BELOW: 0 1.00 INCH OR MORE: 3
[HDD (BASE 65) ]
TOTAL THIS MO. 0 CLEAR (SCALE 0-3) 22
DPTR FM NORMAL 0 PTCLDY (SCALE 4-7) 8
TOTAL FM JUL 1 2666 CLOUDY (SCALE 8-10) 0
DPTR FM NORMAL -521
[CDD (BASE 65) ]
TOTAL THIS MO. 425
DPTR FM NORMAL 15 [PRESSURE DATA]
TOTAL FM JAN 1 670 HIGHEST SLP 30.31 ON 12
DPTR FM NORMAL -7 LOWEST SLP 29.39 ON 8
[REMARKS]
#FINAL-06-20#