000
CXUS54 KSHV 030333
CF6SHV
PRELIMINARY LOCAL CLIMATOLOGICAL DATA (WS FORM: F-6)
STATION: SHREVEPORT
MONTH: MAY
YEAR: 2021
LATITUDE: 32 28 N
LONGITUDE: 93 49 W
TEMPERATURE IN F: :PCPN: SNOW: WIND :SUNSHINE: SKY :PK WND
================================================================================
1 2 3 4 5 6A 6B 7 8 9 10 11 12 13 14 15 16 17 18
12Z AVG MX 2MIN
DY MAX MIN AVG DEP HDD CDD WTR SNW DPTH SPD SPD DIR MIN PSBL S-S WX SPD DR
================================================================================
1 73 64 69 -1 0 4 0.01 0.0 0 6.8 15 150 M M 9 20 140
2 83 65 74 4 0 9 0.63 0.0 0 8.6 18 240 M M 7 13 23 240
3 91 71 81 11 0 16 0.00 0.0 0 11.3 20 160 M M 7 18 26 160
4 83 63 73 2 0 8 0.07 0.0 0 12.2 36 290 M M 7 138 46 280
5 79 58 69 -2 0 4 0.00 0.0 0 7.1 18 30 M M 4 22 40
6 83 53 68 -3 0 3 0.00 0.0 0 3.2 12 340 M M 2 16 340
7 82 58 70 -1 0 5 0.00 0.0 0 6.2 13 140 M M 1 19 140
8 89 59 74 2 0 9 0.00 0.0 0 12.0 22 180 M M 3 31 220
9 86 69 78 6 0 13 0.08 0.0 0 9.9 23 210 M M 8 3 29 210
10 71 59 65 -7 0 0 2.06 0.0 0 9.7 24 320 M M 10 138 27 320
11 73 60 67 -6 0 2 3.22 0.0 0 9.5 28 10 M M 10 13 38 360
12 66 59 63 -10 2 0 0.01 0.0 0 8.6 15 30 M M 10 18 19 30
13 78 57 68 -5 0 3 0.00 0.0 0 8.1 15 50 M M 3 20 50
14 79 52 66 -8 0 1 0.00 0.0 0 4.6 13 90 M M 1 17 110
15 84 57 71 -3 0 6 0.00 0.0 0 6.1 15 170 M M 5 21 170
16 85 61 73 -1 0 8 0.27 0.0 0 8.0 20 150 M M 8 1 24 140
17 79 67 73 -1 0 8 0.81 0.0 0 9.1 21 300 M M 9 13 24 300
18 82 68 75 0 0 10 T 0.0 0 8.2 21 110 M M 8 26 140
19 84 70 77 2 0 12 0.24 0.0 0 7.8 16 150 M M 9 18 22 140
20 80 71 76 1 0 11 0.67 0.0 0 11.5 25 110 M M 10 1 33 110
21 80 71 76 0 0 11 0.21 0.0 0 9.7 18 130 M M 10 18 26 150
22 83 68 76 0 0 11 0.00 0.0 0 5.5 17 140 M M 9 20 140
23 86 66 76 0 0 11 0.00 0.0 0 5.3 15 140 M M 8 19 110
24 87 70 79 3 0 14 0.02 0.0 0 5.8 21 160 M M 9 3 24 160
25 88 68 78 1 0 13 0.63 0.0 0 7.7 36 280 M M 9 13 42 270
26 87 68 78 1 0 13 0.22 0.0 0 6.0 17 190 M M 5 1 20 190
27 89 73 81 4 0 16 0.00 0.0 0 8.1 17 180 M M 5 1 21 180
28 84 67 76 -1 0 11 0.43 0.0 0 6.9 33 310 M M 9 13 41 320
29 84 64 74 -4 0 9 0.00 0.0 0 8.6 17 80 M M 6 18 22 80
30 79 56 68 -10 0 3 0.00 0.0 0 7.7 16 60 M M 8 20 60
31 85 60 73 -5 0 8 0.04 0.0 0 5.2 13 130 M M 9 18 130
================================================================================
SM 2542 1972 2 252 9.62 0.0 245.0 M 218
================================================================================
AV 82.0 63.6 7.9 FASTST M M 7 MAX(MPH)
MISC ----> # 36 290 46 280
================================================================================
NOTES:
# LAST OF SEVERAL OCCURRENCES
COLUMN 17 PEAK WIND IN M.P.H.
PRELIMINARY LOCAL CLIMATOLOGICAL DATA (WS FORM: F-6) , PAGE 2
STATION: SHREVEPORT
MONTH: MAY
YEAR: 2021
LATITUDE: 32 28 N
LONGITUDE: 93 49 W
[TEMPERATURE DATA] [PRECIPITATION DATA] SYMBOLS USED IN COLUMN 16
AVERAGE MONTHLY: 72.8 TOTAL FOR MONTH: 9.62 1 = FOG OR MIST
DPTR FM NORMAL: -1.2 DPTR FM NORMAL: 5.16 2 = FOG REDUCING VISIBILITY
HIGHEST: 91 ON 3 GRTST 24HR 4.74 ON 10-11 TO 1/4 MILE OR LESS
LOWEST: 52 ON 14 3 = THUNDER
SNOW, ICE PELLETS, HAIL 4 = ICE PELLETS
TOTAL MONTH: 0.0 INCH 5 = HAIL
GRTST 24HR 0.0 6 = FREEZING RAIN OR DRIZZLE
GRTST DEPTH: 0 7 = DUSTSTORM OR SANDSTORM:
VSBY 1/2 MILE OR LESS
8 = SMOKE OR HAZE
[NO. OF DAYS WITH] [WEATHER - DAYS WITH] 9 = BLOWING SNOW
X = TORNADO
MAX 32 OR BELOW: 0 0.01 INCH OR MORE: 17
MAX 90 OR ABOVE: 1 0.10 INCH OR MORE: 11
MIN 32 OR BELOW: 0 0.50 INCH OR MORE: 6
MIN 0 OR BELOW: 0 1.00 INCH OR MORE: 2
[HDD (BASE 65) ]
TOTAL THIS MO. 2 CLEAR (SCALE 0-3) 4
DPTR FM NORMAL -6 PTCLDY (SCALE 4-7) 13
TOTAL FM JUL 1 1997 CLOUDY (SCALE 8-10) 14
DPTR FM NORMAL -67
[CDD (BASE 65) ]
TOTAL THIS MO. 252
DPTR FM NORMAL -36 [PRESSURE DATA]
TOTAL FM JAN 1 411 HIGHEST SLP 30.30 ON 13
DPTR FM NORMAL -37 LOWEST SLP 29.54 ON 2
[REMARKS]
#FINAL-05-21#