000
CXUS56 KMFR 011000
CF6SIY
PRELIMINARY LOCAL CLIMATOLOGICAL DATA (WS FORM: F-6)
STATION: MONTAGUE CA
MONTH: JUNE
YEAR: 2020
LATITUDE: 41 46 N
LONGITUDE: 122 28 W
TEMPERATURE IN F: :PCPN: SNOW: WIND :SUNSHINE: SKY :PK WND
================================================================================
1 2 3 4 5 6A 6B 7 8 9 10 11 12 13 14 15 16 17 18
12Z AVG MX 2MIN
DY MAX MIN AVG DEP HDD CDD WTR SNW DPTH SPD SPD DIR MIN PSBL S-S WX SPD DR
================================================================================
1 79 55 67 7 0 2 0.00 M M 5.8 16 340 M M 4 21 360
2 89 49 69 9 0 4 0.00 M M 5.8 20 320 M M 0 23 320
3 91 53 72 12 0 7 0.00 M M 7.1 20 330 M M 0 23 340
4 89 53 71 11 0 6 0.00 M M 7.3 20 330 M M 0 23 330
5 84 50 67 7 0 2 0.00 M M 8.7 22 310 M M 2 32 350
6 64 45 55 -6 10 0 0.01 M M 12.5 30 280 M M 3 36 280
7 55 40 48 -13 17 0 0.20 M M 6.3 21 320 M M 9 13 24 320
8 71 35 53 -8 12 0 0.00 M M 4.4 13 300 M M 3 16 310
9 81 42 62 0 3 0 0.00 M M 5.5 16 320 M M 0 22 320
10 88 47 68 6 0 3 T M M 6.3 18 330 M M 1 23 280
11 85 56 71 9 0 6 0.00 M M 9.5 22 160 M M 2 29 160
12 78 51 65 3 0 0 0.46 M M 7.8 28 310 M M 4 3 33 310
13 65 49 57 -6 8 0 0.03 M M 6.7 16 350 M M 9 19 340
14 77 50 64 1 1 0 0.00 M M 5.2 15 300 M M 5 20 290
15 69 52 61 -2 4 0 0.00 M M 7.9 18 300 M M 7 24 300
16 64 41 53 -11 12 0 0.02 M M 9.3 25 20 M M 7 30 20
17 80 37 59 -5 6 0 0.00 M M 8.2 20 320 M M 0 27 340
18 89 45 67 3 0 2 0.00 M M 6.7 18 20 M M 0 22 350
19 94 50 72 7 0 7 0.00 M M 4.8 18 10 M M 0 22 10
20 91 56 74 9 0 9 0.00 M M 6.8 21 320 M M 1 26 350
21 91 57 74 8 0 9 0.00 M M 8.0 23 10 M M 0 29 10
22 99 52 76 10 0 11 0.00 M M 6.6 16 340 M M 0 20 340
23 103 56 80 14 0 15 0.00 M M 6.6 25 340 M M 0 31 340
24 90 62 76 9 0 11 0.00 M M 10.7 24 360 M M 0 29 360
25 98 50 74 7 0 9 0.00 M M 7.3 20 350 M M 0 24 350
26 102 55 79 12 0 14 0.00 M M 7.0 23 20 M M 0 29 30
27 89 57 73 5 0 8 0.00 M M 12.7 29 10 M M 0 36 20
28 70 53 62 -6 3 0 0.00 M M 17.2 29 360 M M 2 36 330
29 77 47 62 -6 3 0 0.00 M M 11.6 24 360 M M 0 35 310
30 83 44 64 -5 1 0 0.00 M M 9.4 24 20 M M 0 30 30
================================================================================
SM 2485 1489 80 125 0.72 M 239.7 M 59
================================================================================
AV 82.8 49.6 8.0 FASTST M M 2 MAX(MPH)
MISC ----> # 30 280 # 36 280
================================================================================
NOTES:
# LAST OF SEVERAL OCCURRENCES
COLUMN 17 PEAK WIND IN M.P.H.
PRELIMINARY LOCAL CLIMATOLOGICAL DATA (WS FORM: F-6) , PAGE 2
STATION: MONTAGUE CA
MONTH: JUNE
YEAR: 2020
LATITUDE: 41 46 N
LONGITUDE: 122 28 W
[TEMPERATURE DATA] [PRECIPITATION DATA] SYMBOLS USED IN COLUMN 16
AVERAGE MONTHLY: 66.2 TOTAL FOR MONTH: 0.72 1 = FOG OR MIST
DPTR FM NORMAL: 2.4 DPTR FM NORMAL: 0.01 2 = FOG REDUCING VISIBILITY
HIGHEST: 103 ON 23 GRTST 24HR 0.46 ON 12-12 TO 1/4 MILE OR LESS
LOWEST: 35 ON 8 3 = THUNDER
SNOW, ICE PELLETS, HAIL 4 = ICE PELLETS
TOTAL MONTH: M 5 = HAIL
GRTST 24HR M ON M 6 = FREEZING RAIN OR DRIZZLE
GRTST DEPTH: M ON M 7 = DUSTSTORM OR SANDSTORM:
VSBY 1/2 MILE OR LESS
8 = SMOKE OR HAZE
[NO. OF DAYS WITH] [WEATHER - DAYS WITH] 9 = BLOWING SNOW
X = TORNADO
MAX 32 OR BELOW: 0 0.01 INCH OR MORE: 5
MAX 90 OR ABOVE: 9 0.10 INCH OR MORE: 2
MIN 32 OR BELOW: 0 0.50 INCH OR MORE: 0
MIN 0 OR BELOW: 0 1.00 INCH OR MORE: 0
[HDD (BASE 65) ]
TOTAL THIS MO. 80 CLEAR (SCALE 0-3) 22
DPTR FM NORMAL -13 PTCLDY (SCALE 4-7) 6
TOTAL FM JUL 1 5032 CLOUDY (SCALE 8-10) 2
DPTR FM NORMAL -450
[CDD (BASE 65) ]
TOTAL THIS MO. 125
DPTR FM NORMAL 67 [PRESSURE DATA]
TOTAL FM JAN 1 182 HIGHEST SLP M ON M
DPTR FM NORMAL 111 LOWEST SLP 29.60 ON 5
[REMARKS]
#FINAL-06-20#