000
CXUS56 KMFR 011030
CF6SIY
PRELIMINARY LOCAL CLIMATOLOGICAL DATA (WS FORM: F-6)
STATION: MONTAGUE CA
MONTH: NOVEMBER
YEAR: 2023
LATITUDE: 41 46 N
LONGITUDE: 122 28 W
TEMPERATURE IN F: :PCPN: SNOW: WIND :SUNSHINE: SKY :PK WND
================================================================================
1 2 3 4 5 6A 6B 7 8 9 10 11 12 13 14 15 16 17 18
12Z AVG MX 2MIN
DY MAX MIN AVG DEP HDD CDD WTR SNW DPTH SPD SPD DIR MIN PSBL S-S WX SPD DR
================================================================================
1 68 33 51 4 14 0 0.00 M M 2.7 8 180 M M 2 10 190
2 57 44 51 5 14 0 0.01 M M 3.9 13 10 M M 8 15 360
3 62 42 52 6 13 0 T M M 3.0 8 290 M M 7 12 11 10
4 72 46 59 13 6 0 0.02 M M 9.4 30 250 M M 5 1 37 150
5 64 47 56 11 9 0 0.04 M M 8.3 24 180 M M 7 32 180
6 58 43 51 6 14 0 0.30 M M 9.2 22 260 M M 6 1 30 230
7 54 32 43 -2 22 0 T M M 4.2 14 30 M M 3 16 30
8 54 25 40 -4 25 0 0.00 M M 1.0 8 50 M M 1 1 10 40
9 48 21 35 -9 30 0 T M M 2.5 8 80 M M 4 10 260
10 58 35 47 3 18 0 T M M 3.0 8 70 M M 4 10 210
11 60 29 45 2 20 0 0.00 M M 3.2 12 30 M M 1 12 16 30
12 65 27 46 3 19 0 0.00 M M 5.5 29 170 M M 1 12 37 180
13 59 36 48 5 17 0 0.00 M M 8.1 14 10 M M 2 18 350
14 58 40 49 7 16 0 0.02 M M 9.8 29 190 M M 6 35 170
15 61 34 48 6 17 0 0.00 M M 3.0 13 30 M M 5 1 14 30
16 62 36 49 7 16 0 T M M 3.7 10 40 M M 6 12 40
17 61 27 44 3 21 0 0.01 M M 1.5 14 150 M M 5 12 22 190
18 57 43 50 9 15 0 0.25 M M 9.1 28 270 M M 8 1 35 280
19 48 29 39 -2 26 0 T M M 5.4 14 30 M M 4 17 30
20 50 24 37 -3 28 0 0.00 M M 1.4 9 230 M M 0 10 220
21 56 25 41 1 24 0 0.00 M M 1.5 7 100 M M 0 8 120
22 49 24 37 -3 28 0 T M M 1.6 8 230 M M 6 10 220
23 53 32 43 3 22 0 0.00 M M 9.7 24 20 M M 1 33 20
24 50 21 36 -3 29 0 0.00 M M 4.6 20 360 M M 0 24 360
25 47 17 32 -7 33 0 0.00 M M 2.6 13 40 M M 0 15 40
26 48 15 32 -7 33 0 0.00 M M 1.7 7 10 M M 0 9 180
27 48 14 31 -7 34 0 0.00 M M 1.0 7 120 M M 0 8 190
28 52 14 33 -5 32 0 0.00 M M 2.2 9 40 M M 0 11 50
29 52 20 36 -2 29 0 0.00 M M 1.5 9 80 M M 5 11 80
30 49 32 41 3 24 0 0.01 M M 2.7 23 300 M M 9 29 310
================================================================================
SM 1680 907 648 0 0.66 M 127.0 M 106
================================================================================
AV 56.0 30.2 4.2 FASTST M M 4 MAX(MPH)
MISC ----> 30 250 # 37 150
================================================================================
NOTES:
# LAST OF SEVERAL OCCURRENCES
COLUMN 17 PEAK WIND IN M.P.H.
PRELIMINARY LOCAL CLIMATOLOGICAL DATA (WS FORM: F-6) , PAGE 2
STATION: MONTAGUE CA
MONTH: NOVEMBER
YEAR: 2023
LATITUDE: 41 46 N
LONGITUDE: 122 28 W
[TEMPERATURE DATA] [PRECIPITATION DATA] SYMBOLS USED IN COLUMN 16
AVERAGE MONTHLY: 43.1 TOTAL FOR MONTH: 0.66 1 = FOG OR MIST
DPTR FM NORMAL: 1.2 DPTR FM NORMAL: -0.68 2 = FOG REDUCING VISIBILITY
HIGHEST: 72 ON 4 GRTST 24HR 0.34 ON 5- 6 TO 1/4 MILE OR LESS
LOWEST: 14 ON 28,27 3 = THUNDER
SNOW, ICE PELLETS, HAIL 4 = ICE PELLETS
TOTAL MONTH: M 5 = HAIL
GRTST 24HR M ON M 6 = FREEZING RAIN OR DRIZZLE
GRTST DEPTH: M ON M 7 = DUSTSTORM OR SANDSTORM:
VSBY 1/2 MILE OR LESS
8 = SMOKE OR HAZE
[NO. OF DAYS WITH] [WEATHER - DAYS WITH] 9 = BLOWING SNOW
X = TORNADO
MAX 32 OR BELOW: 0 0.01 INCH OR MORE: 8
MAX 90 OR ABOVE: 0 0.10 INCH OR MORE: 2
MIN 32 OR BELOW: 18 0.50 INCH OR MORE: 0
MIN 0 OR BELOW: 0 1.00 INCH OR MORE: 0
[HDD (BASE 65) ]
TOTAL THIS MO. 648 CLEAR (SCALE 0-3) 13
DPTR FM NORMAL -45 PTCLDY (SCALE 4-7) 14
TOTAL FM JUL 1 1086 CLOUDY (SCALE 8-10) 3
DPTR FM NORMAL -83
[CDD (BASE 65) ]
TOTAL THIS MO. 0
DPTR FM NORMAL 0 [PRESSURE DATA]
TOTAL FM JAN 1 921 HIGHEST SLP 30.62 ON 20
DPTR FM NORMAL 218 LOWEST SLP 29.67 ON 6
[REMARKS]
#FINAL-11-23#