000
CXUS54 KSJT 011533 CCA
CF6SJT
PRELIMINARY LOCAL CLIMATOLOGICAL DATA (WS FORM: F-6)
STATION: SAN ANGELO
MONTH: APRIL
YEAR: 2020
LATITUDE: 31 21 N
LONGITUDE: 100 30 W
TEMPERATURE IN F: :PCPN: SNOW: WIND :SUNSHINE: SKY :PK WND
================================================================================
1 2 3 4 5 6A 6B 7 8 9 10 11 12 13 14 15 16 17 18
12Z AVG MX 2MIN
DY MAX MIN AVG DEP HDD CDD WTR SNW DPTH SPD SPD DIR MIN PSBL S-S WX SPD DR
================================================================================
1 73 51 62 0 3 0 0.00 0.0 0 9.2 21 170 M M 0 29 170
2 84 62 73 11 0 8 0.00 0.0 0 11.4 17 140 M M 1 25 170
3 67 46 57 -5 8 0 0.01 0.0 0 9.7 23 20 M M 8 12 28 10
4 50 43 47 -16 18 0 T 0.0 0 5.8 15 30 M M 10 1 17 30
5 75 49 62 -1 3 0 T 0.0 0 8.4 17 110 M M 10 1 20 150
6 76 62 69 6 0 4 0.01 0.0 0 7.6 18 190 M M 8 18 24 190
7 90 64 77 13 0 12 0.00 0.0 0 9.9 22 240 M M 2 27 220
8 93 64 79 15 0 14 0.00 0.0 0 6.7 14 290 M M 0 18 250
9 79 55 67 3 0 2 0.04 0.0 0 5.5 18 30 M M 4 3 23 30
10 80 52 66 2 0 1 0.02 0.0 0 11.7 28 160 M M 2 3 37 150
11 86 61 74 9 0 9 0.60 0.0 0 10.1 32 260 M M 6 138 47 270
12 80 47 64 -1 1 0 1.03 T 0 16.3 41 280 M M 2 1358 52 280
13 59 38 49 -16 16 0 0.00 0.0 0 11.3 22 30 M M 0 27 30
14 57 36 47 -19 18 0 0.00 0.0 0 10.4 20 40 M M 2 26 40
15 73 32 53 -13 12 0 0.00 0.0 0 5.8 16 170 M M 0 1 23 150
16 78 42 60 -6 5 0 0.00 0.0 0 11.9 23 180 M M 0 30 190
17 65 50 58 -8 7 0 0.00 0.0 0 8.4 18 190 M M 7 25 200
18 77 49 63 -4 2 0 0.00 0.0 0 6.9 14 170 M M 7 19 180
19 86 52 69 2 0 4 0.00 0.0 0 10.8 28 270 M M 3 12 38 280
20 91 46 69 2 0 4 0.00 0.0 0 6.0 21 260 M M 0 27 250
21 93 50 72 4 0 7 0.00 0.0 0 8.1 25 170 M M 2 128 35 170
22 90 56 73 5 0 8 0.00 0.0 0 13.1 25 270 M M 1 18 32 180
23 90 47 69 1 0 4 0.00 0.0 0 4.5 12 140 M M 0 15 150
24 95 59 77 9 0 12 0.00 0.0 0 15.7 28 290 M M 0 36 190
25 80 51 66 -3 0 1 0.00 0.0 0 9.3 18 40 M M 0 23 30
26 87 44 66 -3 0 1 0.00 0.0 0 8.6 21 190 M M 0 32 180
27 94 66 80 11 0 15 0.00 0.0 M 15.3 26 190 M M 0 39 200
28 105 65 85 15 0 20 0.00 0.0 0 9.8 22 200 M M 0 8 29 280
29 85 53 69 -1 0 4 0.00 0.0 0 13.8 36 40 M M 1 8 48 40
30 93 45 69 -1 0 4 0.00 0.0 0 7.6 18 160 M M 0 26 230
================================================================================
SM 2431 1537 93 134 1.71 T 289.6 M 76
================================================================================
AV 81.0 51.2 9.7 FASTST M M 3 MAX(MPH)
MISC ----> # 41 280 # 52 280
================================================================================
NOTES:
# LAST OF SEVERAL OCCURRENCES
COLUMN 17 PEAK WIND IN M.P.H.
PRELIMINARY LOCAL CLIMATOLOGICAL DATA (WS FORM: F-6) , PAGE 2
STATION: SAN ANGELO
MONTH: APRIL
YEAR: 2020
LATITUDE: 31 21 N
LONGITUDE: 100 30 W
[TEMPERATURE DATA] [PRECIPITATION DATA] SYMBOLS USED IN COLUMN 16
AVERAGE MONTHLY: 66.1 TOTAL FOR MONTH: 1.71 1 = FOG OR MIST
DPTR FM NORMAL: 0.1 DPTR FM NORMAL: 0.29 2 = FOG REDUCING VISIBILITY
HIGHEST: 105 ON 28 GRTST 24HR 1.03 ON 12-12 TO 1/4 MILE OR LESS
LOWEST: 32 ON 15 3 = THUNDER
SNOW, ICE PELLETS, HAIL 4 = ICE PELLETS
TOTAL MONTH: T 5 = HAIL
GRTST 24HR T ON 12-12 6 = FREEZING RAIN OR DRIZZLE
GRTST DEPTH: 0 7 = DUSTSTORM OR SANDSTORM:
VSBY 1/2 MILE OR LESS
8 = SMOKE OR HAZE
[NO. OF DAYS WITH] [WEATHER - DAYS WITH] 9 = BLOWING SNOW
X = TORNADO
MAX 32 OR BELOW: 0 0.01 INCH OR MORE: 6
MAX 90 OR ABOVE: 10 0.10 INCH OR MORE: 2
MIN 32 OR BELOW: 1 0.50 INCH OR MORE: 2
MIN 0 OR BELOW: 0 1.00 INCH OR MORE: 1
[HDD (BASE 65) ]
TOTAL THIS MO. 93 CLEAR (SCALE 0-3) 22
DPTR FM NORMAL 5 PTCLDY (SCALE 4-7) 4
TOTAL FM JUL 1 1976 CLOUDY (SCALE 8-10) 4
DPTR FM NORMAL -330
[CDD (BASE 65) ]
TOTAL THIS MO. 134
DPTR FM NORMAL 16 [PRESSURE DATA]
TOTAL FM JAN 1 212 HIGHEST SLP 30.32 ON 14
DPTR FM NORMAL 56 LOWEST SLP 29.42 ON 12
[REMARKS]
TRACE OF SNOW ON APRIL 12 DUE TO HAIL
#FINAL-04-20#