000
CXUS56 KSLC 010810
CF6SLC
PRELIMINARY LOCAL CLIMATOLOGICAL DATA (WS FORM: F-6)
STATION: SALT LAKE CITY UT
MONTH: JUNE
YEAR: 2023
LATITUDE: 40 46 N
LONGITUDE: 111 58 W
TEMPERATURE IN F: :PCPN: SNOW: WIND :SUNSHINE: SKY :PK WND
================================================================================
1 2 3 4 5 6A 6B 7 8 9 10 11 12 13 14 15 16 17 18
12Z AVG MX 2MIN
DY MAX MIN AVG DEP HDD CDD WTR SNW DPTH SPD SPD DIR MIN PSBL S-S WX SPD DR
================================================================================
1 80 59 70 3 0 5 0.00 0.0 0 8.1 24 340 M M 4 31 350
2 78 62 70 3 0 5 T 0.0 0 5.5 16 30 M M 5 3 25 330
3 75 58 67 0 0 2 T 0.0 0 8.4 26 170 M M 2 38 37 160
4 81 57 69 1 0 4 T 0.0 0 7.2 18 290 M M 2 25 300
5 88 58 73 5 0 8 T 0.0 0 8.0 25 100 M M 2 3 32 100
6 91 63 77 9 0 12 0.08 0.0 0 6.8 23 230 M M 2 3 32 240
7 85 66 76 7 0 11 0.02 0.0 0 9.0 36 180 M M 3 3 50 170
8 83 60 72 3 0 7 0.02 0.0 0 8.8 25 100 M M 3 3 34 90
9 84 58 71 2 0 6 0.00 0.0 0 7.4 26 290 M M 2 3 35 280
10 84 60 72 2 0 7 0.00 0.0 0 7.3 21 100 M M 1 28 90
11 84 63 74 4 0 9 0.09 0.0 0 9.2 30 160 M M 2 35 39 140
12 77 60 69 -1 0 4 0.00 0.0 0 6.1 15 300 M M 3 2 21 20
13 79 61 70 -1 0 5 0.00 0.0 0 7.4 14 360 M M 5 20 340
14 80 63 72 1 0 7 T 0.0 0 9.7 32 180 M M 5 3 43 180
15 75 57 66 -5 0 1 0.15 0.0 0 7.1 24 190 M M 4 13 32 190
16 77 55 66 -6 0 1 0.00 0.0 0 8.4 17 280 M M 0 29 300
17 83 58 71 -1 0 6 0.00 0.0 0 9.1 16 310 M M 1 22 190
18 86 62 74 2 0 9 T 0.0 0 14.6 29 190 M M 5 40 190
19 92 56 74 1 0 9 0.03 0.0 0 15.0 36 190 M M 4 38 50 180
20 72 53 63 -10 2 0 T 0.0 0 9.2 20 340 M M 4 27 350
21 76 52 64 -10 1 0 0.00 0.0 0 7.7 20 340 M M 0 23 350
22 85 55 70 -4 0 5 0.00 0.0 0 6.6 16 320 M M 2 20 310
23 83 62 73 -1 0 8 0.00 0.0 0 13.7 30 320 M M 1 8 41 190
24 85 58 72 -3 0 7 0.00 0.0 0 6.4 17 330 M M 0 24 10
25 91 62 77 2 0 12 0.00 0.0 0 9.4 22 150 M M 0 30 160
26 90 65 78 3 0 13 0.00 0.0 0 11.8 28 160 M M 1 37 180
27 85 64 75 -1 0 10 0.00 0.0 0 7.7 26 340 M M 1 3 35 340
28 82 65 74 -2 0 9 T 0.0 0 6.6 18 280 M M 3 26 230
29 84 63 74 -3 0 9 0.00 0.0 0 6.9 18 280 M M 2 29 280
30 89 64 77 0 0 12 0.00 0.0 0 6.4 17 330 M M 1 26 290
================================================================================
SM 2484 1799 3 203 0.39 0.0 255.5 M 70
================================================================================
AV 82.8 60.0 8.5 FASTST M M 2 MAX(MPH)
MISC ----> # 36 180 # 50 170
================================================================================
NOTES:
# LAST OF SEVERAL OCCURRENCES
COLUMN 17 PEAK WIND IN M.P.H.
PRELIMINARY LOCAL CLIMATOLOGICAL DATA (WS FORM: F-6) , PAGE 2
STATION: SALT LAKE CITY UT
MONTH: JUNE
YEAR: 2023
LATITUDE: 40 46 N
LONGITUDE: 111 58 W
[TEMPERATURE DATA] [PRECIPITATION DATA] SYMBOLS USED IN COLUMN 16
AVERAGE MONTHLY: 71.4 TOTAL FOR MONTH: 0.39 1 = FOG OR MIST
DPTR FM NORMAL: -0.2 DPTR FM NORMAL: -0.56 2 = FOG REDUCING VISIBILITY
HIGHEST: 92 ON 19 GRTST 24HR 0.15 ON 15-15 TO 1/4 MILE OR LESS
LOWEST: 52 ON 21 3 = THUNDER
SNOW, ICE PELLETS, HAIL 4 = ICE PELLETS
TOTAL MONTH: 0.0 INCH 5 = HAIL
GRTST 24HR 0.0 6 = FREEZING RAIN OR DRIZZLE
GRTST DEPTH: 0 7 = DUSTSTORM OR SANDSTORM:
VSBY 1/2 MILE OR LESS
8 = SMOKE OR HAZE
[NO. OF DAYS WITH] [WEATHER - DAYS WITH] 9 = BLOWING SNOW
X = TORNADO
MAX 32 OR BELOW: 0 0.01 INCH OR MORE: 6
MAX 90 OR ABOVE: 4 0.10 INCH OR MORE: 1
MIN 32 OR BELOW: 0 0.50 INCH OR MORE: 0
MIN 0 OR BELOW: 0 1.00 INCH OR MORE: 0
[HDD (BASE 65) ]
TOTAL THIS MO. 3 CLEAR (SCALE 0-3) 20
DPTR FM NORMAL -33 PTCLDY (SCALE 4-7) 10
TOTAL FM JUL 1 5186 CLOUDY (SCALE 8-10) 0
DPTR FM NORMAL 34
[CDD (BASE 65) ]
TOTAL THIS MO. 203
DPTR FM NORMAL -31 [PRESSURE DATA]
TOTAL FM JAN 1 344 HIGHEST SLP M ON M
DPTR FM NORMAL 42 LOWEST SLP 29.40 ON 18
[REMARKS]
#FINAL-06-23#