000
CXUS56 KSLC 010810
CF6SLC
PRELIMINARY LOCAL CLIMATOLOGICAL DATA (WS FORM: F-6)
STATION: SALT LAKE CITY UT
MONTH: MAY
YEAR: 2023
LATITUDE: 40 46 N
LONGITUDE: 111 58 W
TEMPERATURE IN F: :PCPN: SNOW: WIND :SUNSHINE: SKY :PK WND
================================================================================
1 2 3 4 5 6A 6B 7 8 9 10 11 12 13 14 15 16 17 18
12Z AVG MX 2MIN
DY MAX MIN AVG DEP HDD CDD WTR SNW DPTH SPD SPD DIR MIN PSBL S-S WX SPD DR
================================================================================
1 87 64 76 20 0 11 0.00 0.0 0 13.2 25 160 M M 0 40 130
2 81 60 71 14 0 6 0.00 0.0 0 11.5 22 190 M M 1 32 220
3 81 57 69 12 0 4 T 0.0 0 10.2 25 230 M M 2 34 230
4 75 51 63 6 2 0 0.02 0.0 0 11.3 36 160 M M 5 8 48 160
5 63 51 57 -1 8 0 T 0.0 0 15.9 26 150 M M 8 34 150
6 62 46 54 -4 11 0 0.08 0.0 0 9.8 30 200 M M 4 13 43 190
7 65 43 54 -4 11 0 T 0.0 0 6.7 21 170 M M 5 26 180
8 73 46 60 1 5 0 T 0.0 0 10.1 39 310 M M 4 78 53 300
9 69 47 58 -1 7 0 0.00 0.0 0 6.9 16 310 M M 1 22 310
10 71 54 63 3 2 0 0.00 0.0 0 9.2 25 310 M M 3 33 290
11 71 49 60 0 5 0 0.00 0.0 0 8.8 20 310 M M 0 8 26 290
12 76 50 63 3 2 0 0.00 0.0 0 6.3 18 280 M M 2 24 280
13 76 57 67 6 0 2 0.05 0.0 0 10.0 24 100 M M 7 3 37 110
14 76 56 66 5 0 1 0.18 0.0 0 8.5 28 190 M M 6 3 40 160
15 82 56 69 8 0 4 0.00 0.0 0 5.8 17 190 M M 2 3 26 210
16 84 59 72 10 0 7 0.02 0.0 0 6.9 17 160 M M 3 21 150
17 84 59 72 10 0 7 T 0.0 0 8.7 36 320 M M 3 8 50 310
18 81 59 70 8 0 5 0.00 0.0 0 7.3 20 350 M M 2 26 340
19 83 60 72 9 0 7 0.00 0.0 0 8.2 18 340 M M 0 28 10
20 87 59 73 10 0 8 0.00 0.0 0 6.5 15 350 M M 0 8 20 340
21 88 62 75 12 0 10 0.00 0.0 0 7.3 17 30 M M 0 22 20
22 86 67 77 13 0 12 T 0.0 0 11.3 33 180 M M 3 8 49 170
23 85 63 74 10 0 9 0.04 0.0 0 11.5 24 200 M M 3 38 33 220
24 83 58 71 7 0 6 T 0.0 0 7.1 29 310 M M 2 3 37 320
25 79 57 68 3 0 3 0.02 0.0 0 7.9 29 230 M M 4 38 37 230
26 79 58 69 4 0 4 0.05 0.0 0 8.3 21 360 M M 6 35 26 30
27 75 54 65 0 0 0 0.02 0.0 0 7.8 26 210 M M 3 3 34 210
28 79 56 68 2 0 3 T 0.0 0 6.1 15 350 M M 3 22 350
29 83 60 72 6 0 7 0.04 0.0 0 5.7 26 160 M M 2 3 40 170
30 86 58 72 6 0 7 0.00 0.0 0 6.2 23 230 M M 1 31 240
31 85 57 71 5 0 6 T 0.0 0 7.0 32 60 M M 2 3 39 60
================================================================================
SM 2435 1733 53 129 0.52 0.0 268.0 M 87
================================================================================
AV 78.5 55.9 8.6 FASTST M M 3 MAX(MPH)
MISC ----> 39 310 53 300
================================================================================
NOTES:
# LAST OF SEVERAL OCCURRENCES
COLUMN 17 PEAK WIND IN M.P.H.
PRELIMINARY LOCAL CLIMATOLOGICAL DATA (WS FORM: F-6) , PAGE 2
STATION: SALT LAKE CITY UT
MONTH: MAY
YEAR: 2023
LATITUDE: 40 46 N
LONGITUDE: 111 58 W
[TEMPERATURE DATA] [PRECIPITATION DATA] SYMBOLS USED IN COLUMN 16
AVERAGE MONTHLY: 67.2 TOTAL FOR MONTH: 0.52 1 = FOG OR MIST
DPTR FM NORMAL: 5.7 DPTR FM NORMAL: -1.30 2 = FOG REDUCING VISIBILITY
HIGHEST: 88 ON 21 GRTST 24HR 0.18 ON 14-14 TO 1/4 MILE OR LESS
LOWEST: 43 ON 7 3 = THUNDER
SNOW, ICE PELLETS, HAIL 4 = ICE PELLETS
TOTAL MONTH: 0.0 INCH 5 = HAIL
GRTST 24HR 0.0 6 = FREEZING RAIN OR DRIZZLE
GRTST DEPTH: 0 7 = DUSTSTORM OR SANDSTORM:
VSBY 1/2 MILE OR LESS
8 = SMOKE OR HAZE
[NO. OF DAYS WITH] [WEATHER - DAYS WITH] 9 = BLOWING SNOW
X = TORNADO
MAX 32 OR BELOW: 0 0.01 INCH OR MORE: 10
MAX 90 OR ABOVE: 0 0.10 INCH OR MORE: 1
MIN 32 OR BELOW: 0 0.50 INCH OR MORE: 0
MIN 0 OR BELOW: 0 1.00 INCH OR MORE: 0
[HDD (BASE 65) ]
TOTAL THIS MO. 53 CLEAR (SCALE 0-3) 21
DPTR FM NORMAL -119 PTCLDY (SCALE 4-7) 10
TOTAL FM JUL 1 5183 CLOUDY (SCALE 8-10) 0
DPTR FM NORMAL 66
[CDD (BASE 65) ]
TOTAL THIS MO. 129
DPTR FM NORMAL 66 [PRESSURE DATA]
TOTAL FM JAN 1 141 HIGHEST SLP M ON M
DPTR FM NORMAL 73 LOWEST SLP 29.41 ON 1
[REMARKS]
#FINAL-05-23#