000
CXUS56 KSLC 010910
CF6SLC
PRELIMINARY LOCAL CLIMATOLOGICAL DATA (WS FORM: F-6)
STATION: SALT LAKE CITY UT
MONTH: FEBRUARY
YEAR: 2024
LATITUDE: 40 46 N
LONGITUDE: 111 58 W
TEMPERATURE IN F: :PCPN: SNOW: WIND :SUNSHINE: SKY :PK WND
================================================================================
1 2 3 4 5 6A 6B 7 8 9 10 11 12 13 14 15 16 17 18
12Z AVG MX 2MIN
DY MAX MIN AVG DEP HDD CDD WTR SNW DPTH SPD SPD DIR MIN PSBL S-S WX SPD DR
================================================================================
1 58 46 52 19 13 0 T 0.0 0 11.5 22 190 M M 4 33 150
2 48 35 42 9 23 0 1.08 0.0 0 8.0 20 310 M M 10 1 25 280
3 44 35 40 7 25 0 0.02 0.0 0 6.2 18 260 M M 10 18 24 260
4 46 30 38 4 27 0 0.00 0.0 0 10.4 22 170 M M 3 31 180
5 49 42 46 12 19 0 T 0.0 0 17.3 33 160 M M 10 45 190
6 54 39 47 13 18 0 0.13 0.0 0 7.9 21 190 M M 9 1 27 190
7 44 34 39 5 26 0 0.79 0.1 0 6.1 21 190 M M 8 1 31 180
8 42 33 38 4 27 0 0.31 T 0 4.0 14 20 M M 9 15 16 290
9 40 30 35 0 30 0 0.07 1.1 T 3.5 16 350 M M 9 12 20 340
10 39 26 33 -2 32 0 0.00 0.0 0 6.1 18 330 M M 2 23 350
11 39 24 32 -3 33 0 0.00 0.0 0 4.8 10 340 M M 0 8 15 350
12 47 27 37 1 28 0 0.00 0.0 0 6.2 12 140 M M 2 8 14 160
13 48 30 39 3 26 0 0.00 0.0 0 5.9 12 310 M M 3 15 310
14 51 36 44 8 21 0 0.02 0.0 0 9.0 18 170 M M 7 26 170
15 48 37 43 7 22 0 0.01 0.0 0 8.3 23 170 M M 7 35 180
16 48 33 41 4 24 0 0.02 0.0 0 9.6 25 320 M M 8 33 300
17 46 26 36 -1 29 0 0.00 0.0 0 5.7 10 150 M M 1 20 120
18 50 35 43 5 22 0 T T M 8.8 24 320 M M 6 32 180
19 60 32 46 8 19 0 0.14 0.0 0 11.4 24 180 M M 4 1 33 170
20 50 38 44 6 21 0 0.34 0.0 0 5.4 16 170 M M 9 18 22 210
21 47 33 40 1 25 0 0.26 1.0 0 8.0 17 350 M M 10 1 29 180
22 48 33 41 2 24 0 T 0.0 1 3.5 13 350 M M 5 18 19 30
23 51 31 41 2 24 0 0.00 0.0 0 5.5 10 340 M M 1 18 14 350
24 56 32 44 4 21 0 0.00 0.0 0 6.3 13 180 M M 0 17 180
25 63 35 49 9 16 0 0.00 0.0 0 6.8 21 180 M M 0 27 180
26 59 32 46 6 19 0 0.08 0.6 0 15.2 30 310 M M 6 1 41 260
27 35 27 31 -10 34 0 0.10 1.8 2 12.0 26 300 M M 7 1 38 310
28 49 26 38 -3 27 0 0.00 0.0 0 6.5 14 160 M M 0 19 170
29 61 33 47 6 18 0 0.00 0.0 0 15.2 27 180 M M 4 45 M
================================================================================
SM 1420 950 693 0 3.37 4.6 235.1 M 154
================================================================================
AV 49.0 32.8 8.1 FASTST M M 5 MAX(MPH)
MISC ----> 33 160 45 190
================================================================================
NOTES:
# LAST OF SEVERAL OCCURRENCES
COLUMN 17 PEAK WIND IN M.P.H.
PRELIMINARY LOCAL CLIMATOLOGICAL DATA (WS FORM: F-6) , PAGE 2
STATION: SALT LAKE CITY UT
MONTH: FEBRUARY
YEAR: 2024
LATITUDE: 40 46 N
LONGITUDE: 111 58 W
[TEMPERATURE DATA] [PRECIPITATION DATA] SYMBOLS USED IN COLUMN 16
AVERAGE MONTHLY: 40.9 TOTAL FOR MONTH: 3.37 1 = FOG OR MIST
DPTR FM NORMAL: 4.3 DPTR FM NORMAL: 2.07 2 = FOG REDUCING VISIBILITY
HIGHEST: 63 ON 25 GRTST 24HR 1.08 ON 2- 2 TO 1/4 MILE OR LESS
LOWEST: 24 ON 11 3 = THUNDER
SNOW, ICE PELLETS, HAIL 4 = ICE PELLETS
TOTAL MONTH: 4.6 INCHES 5 = HAIL
GRTST 24HR 1.8 ON 27-27 6 = FREEZING RAIN OR DRIZZLE
GRTST DEPTH: 2 ON 27 7 = DUSTSTORM OR SANDSTORM:
VSBY 1/2 MILE OR LESS
8 = SMOKE OR HAZE
[NO. OF DAYS WITH] [WEATHER - DAYS WITH] 9 = BLOWING SNOW
X = TORNADO
MAX 32 OR BELOW: 0 0.01 INCH OR MORE: 14
MAX 90 OR ABOVE: 0 0.10 INCH OR MORE: 8
MIN 32 OR BELOW: 13 0.50 INCH OR MORE: 2
MIN 0 OR BELOW: 0 1.00 INCH OR MORE: 1
[HDD (BASE 65) ]
TOTAL THIS MO. 693 CLEAR (SCALE 0-3) 10
DPTR FM NORMAL -101 PTCLDY (SCALE 4-7) 9
TOTAL FM JUL 1 3438 CLOUDY (SCALE 8-10) 10
DPTR FM NORMAL -560
[CDD (BASE 65) ]
TOTAL THIS MO. 0
DPTR FM NORMAL 0 [PRESSURE DATA]
TOTAL FM JAN 1 0 HIGHEST SLP M ON M
DPTR FM NORMAL 0 LOWEST SLP 29.43 ON 7
[REMARKS]
#FINAL-02-24#