000
CXUS51 KBTV 010700
CF6SLK
PRELIMINARY LOCAL CLIMATOLOGICAL DATA (WS FORM: F-6)
STATION: SARANAC LAKE NY
MONTH: APRIL
YEAR: 2020
LATITUDE: 44 23 N
LONGITUDE: 74 12 W
TEMPERATURE IN F: :PCPN: SNOW: WIND :SUNSHINE: SKY :PK WND
================================================================================
1 2 3 4 5 6A 6B 7 8 9 10 11 12 13 14 15 16 17 18
12Z AVG MX 2MIN
DY MAX MIN AVG DEP HDD CDD WTR SNW DPTH SPD SPD DIR MIN PSBL S-S WX SPD DR
================================================================================
1 45 15 30 -2 35 0 T M M 4.7 18 40 M M 4 25 30
2 41 31 36 4 29 0 0.06 M M 5.3 13 350 M M 9 1 21 330
3 43 33 38 6 27 0 0.03 M M 8.0 17 60 M M 10 1 23 60
4 53 32 43 10 22 0 0.00 M M 2.3 10 60 M M 10 12 60
5 46 28 37 4 28 0 0.02 M M 3.8 9 270 M M 9 1 16 220
6 51 20 36 2 29 0 T M M 4.8 17 250 M M 2 1 30 240
7 52 20 36 2 29 0 0.00 M M 3.5 17 230 M M 1 23 240
8 49 29 39 4 26 0 0.00 M M 2.3 10 30 M M 9 14 40
9 43 30 37 2 28 0 0.38 M M 5.7 17 240 M M 10 18 28 250
10 36 30 33 -3 32 0 0.08 M M 8.2 15 240 M M 10 18 26 290
11 38 25 32 -4 33 0 T M M 8.8 18 240 M M 7 30 300
12 51 21 36 -1 29 0 T M M 7.6 24 210 M M 5 31 210
13 63 36 50 13 15 0 0.34 M M 14.5 26 240 M M 10 1 42 260
14 40 27 34 -4 31 0 0.01 M M 10.2 22 250 M M 5 1 37 260
15 37 25 31 -7 34 0 0.01 M M 9.6 21 240 M M 7 128 34 240
16 35 18 27 -11 38 0 T M M 7.6 20 230 M M 6 18 30 260
17 37 23 30 -9 35 0 0.01 M M 7.2 22 230 M M 7 29 240
18 45 20 33 -6 32 0 0.00 M M 4.8 13 230 M M 5 17 270
19 52 19 36 -4 29 0 0.08 M M 10.5 25 220 M M 6 1 34 210
20 46 19 33 -7 32 0 0.00 M M 3.5 13 290 M M 2 22 300
21 46 16 31 -9 34 0 0.10 M M 10.3 36 200 M M 6 12 47 220
22 33 18 26 -15 39 0 0.03 M M 11.3 24 250 M M 8 128 37 260
23 45 15 30 -11 35 0 0.00 M M 4.9 16 220 M M 0 27 220
24 52 23 38 -4 27 0 0.00 M M 6.3 14 50 M M 6 18 50
25 59 27 43 1 22 0 0.00 M M 3.0 13 60 M M 2 17 60
26 50 28 39 -4 26 0 0.15 M M 10.0 24 50 M M 8 1 32 50
27 38 31 35 -8 30 0 0.15 M M 8.3 20 50 M M 10 1 27 60
28 53 25 39 -4 26 0 0.00 M M 2.5 12 20 M M 2 12 18 280
29 60 21 41 -3 24 0 T M M 8.6 23 180 M M 4 32 160
30 53 48 51 7 14 0 0.01 M M 17.3 35 160 M M 8 52 160
================================================================================
SM 1392 753 870 0 1.46 M 215.4 M 188
================================================================================
AV 46.4 25.1 7.2 FASTST M M 6 MAX(MPH)
MISC ----> 36 200 52 160
================================================================================
NOTES:
# LAST OF SEVERAL OCCURRENCES
COLUMN 17 PEAK WIND IN M.P.H.
PRELIMINARY LOCAL CLIMATOLOGICAL DATA (WS FORM: F-6) , PAGE 2
STATION: SARANAC LAKE NY
MONTH: APRIL
YEAR: 2020
LATITUDE: 44 23 N
LONGITUDE: 74 12 W
[TEMPERATURE DATA] [PRECIPITATION DATA] SYMBOLS USED IN COLUMN 16
AVERAGE MONTHLY: 35.8 TOTAL FOR MONTH: 1.46 1 = FOG OR MIST
DPTR FM NORMAL: -2.2 DPTR FM NORMAL: -1.43 2 = FOG REDUCING VISIBILITY
HIGHEST: 63 ON 13 GRTST 24HR 0.39 ON 9-10 TO 1/4 MILE OR LESS
LOWEST: 15 ON 23, 1 3 = THUNDER
SNOW, ICE PELLETS, HAIL 4 = ICE PELLETS
TOTAL MONTH: M 5 = HAIL
GRTST 24HR M ON M 6 = FREEZING RAIN OR DRIZZLE
GRTST DEPTH: M ON M 7 = DUSTSTORM OR SANDSTORM:
VSBY 1/2 MILE OR LESS
8 = SMOKE OR HAZE
[NO. OF DAYS WITH] [WEATHER - DAYS WITH] 9 = BLOWING SNOW
X = TORNADO
MAX 32 OR BELOW: 0 0.01 INCH OR MORE: 15
MAX 90 OR ABOVE: 0 0.10 INCH OR MORE: 5
MIN 32 OR BELOW: 27 0.50 INCH OR MORE: 0
MIN 0 OR BELOW: 0 1.00 INCH OR MORE: 0
[HDD (BASE 65) ]
TOTAL THIS MO. 870 CLEAR (SCALE 0-3) 6
DPTR FM NORMAL 61 PTCLDY (SCALE 4-7) 14
TOTAL FM JUL 1 8427 CLOUDY (SCALE 8-10) 10
DPTR FM NORMAL -345
[CDD (BASE 65) ]
TOTAL THIS MO. 0
DPTR FM NORMAL 0 [PRESSURE DATA]
TOTAL FM JAN 1 0 HIGHEST SLP M ON M
DPTR FM NORMAL 0 LOWEST SLP 29.06 ON 9
[REMARKS]
#FINAL-04-20#