000
CXUS53 KICT 010919
CLMSLN
CLIMATE REPORT
NATIONAL WEATHER SERVICE WICHITA KANSAS
419 AM CDT TUE AUG 01 2023
...................................
...THE SALINA KS CLIMATE SUMMARY FOR THE MONTH OF JULY 2023...
CLIMATE NORMAL PERIOD 1991 TO 2020
CLIMATE RECORD PERIOD 1894 TO 2023
WEATHER OBSERVED NORMAL DEPART LAST YEAR`S
VALUE DATE(S) VALUE FROM VALUE DATE(S)
NORMAL
................................................................
TEMPERATURE (F)
RECORD
HIGH 116 07/24/1936
07/18/1936
LOW 46 07/03/1924
07/07/1908
HIGHEST 108 07/28 106 07/15
07/19
LOWEST 60 07/22 61 07/21
07/30
AVG. MAXIMUM 92.3 92.8 -0.5 93.6
AVG. MINIMUM 68.9 69.1 -0.2 69.5
MEAN 80.6 80.9 -0.3 81.6
DAYS MAX >= 90 20 22.0 -2.0 20
DAYS MAX <= 32 0 0.0 0.0 0
DAYS MIN <= 32 0 0.0 0.0 0
DAYS MIN <= 0 0 0.0 0.0 0
PRECIPITATION (INCHES)
RECORD
MAXIMUM 17.93 1993
MINIMUM 0.00 1975
TOTALS 3.69 3.92 -0.23 4.25
DAILY AVG. 0.12 0.13 -0.01 0.14
DAYS >= .01 11 9.5 1.5 8
DAYS >= .10 4 6.2 -2.2 7
DAYS >= .50 3 2.5 0.5 3
DAYS >= 1.00 2 1.1 0.9 1
GREATEST
24 HR. TOTAL 1.14 06/30 TO 07/01
DEGREE DAYS
HEATING TOTAL 0 0 0 0
SINCE 7/1 0 0 0 MM
COOLING TOTAL 492 494 -2 521
................................................................
WIND (MPH)
AVERAGE WIND SPEED 8.5
HIGHEST WIND SPEED/DIRECTION 51/010 DATE 07/04
HIGHEST GUST SPEED/DIRECTION 73/010 DATE 07/04
SKY COVER
POSSIBLE SUNSHINE (PERCENT) MM
AVERAGE SKY COVER 0.18
NUMBER OF DAYS FAIR 25
NUMBER OF DAYS PC 6
NUMBER OF DAYS CLOUDY 0
AVERAGE RH (PERCENT) 65
WEATHER CONDITIONS. NUMBER OF DAYS WITH
THUNDERSTORM 13 MIXED PRECIP 0
HEAVY RAIN 4 RAIN 3
LIGHT RAIN 11 FREEZING RAIN 0
LT FREEZING RAIN 0 HAIL 0
HEAVY SNOW 0 SNOW 0
LIGHT SNOW 0 SLEET 0
FOG 6 FOG W/VIS <= 1/4 MILE 1
HAZE 2
- INDICATES NEGATIVE NUMBERS.
R INDICATES RECORD WAS SET OR TIED.
MM INDICATES DATA IS MISSING.
T INDICATES TRACE AMOUNT.
$$