000
CXUS56 KLOX 011155
CF6SMO
PRELIMINARY LOCAL CLIMATOLOGICAL DATA (WS FORM: F-6)
STATION: SANTA MONICA AIRPORT CA
MONTH: APRIL
YEAR: 2023
LATITUDE: 34 0 N
LONGITUDE: 118 27 W
TEMPERATURE IN F: :PCPN: SNOW: WIND :SUNSHINE: SKY :PK WND
================================================================================
1 2 3 4 5 6A 6B 7 8 9 10 11 12 13 14 15 16 17 18
12Z AVG MX 2MIN
DY MAX MIN AVG DEP HDD CDD WTR SNW DPTH SPD SPD DIR MIN PSBL S-S WX SPD DR
================================================================================
1 64 45 55 -5 10 0 0.00 M M 4.7 14 240 M M 0 18 230
2 61 48 55 -5 10 0 0.00 M M 4.7 14 240 M M 2 19 240
3 63 50 57 -3 8 0 0.00 M M 6.5 16 260 M M 5 25 260
4 60 48 54 -6 11 0 0.00 M M 8.9 18 260 M M 0 26 270
5 62 45 54 -6 11 0 0.00 M M 4.8 14 260 M M 0 20 250
6 69 49 59 -1 6 0 0.00 M M 4.7 15 240 M M 0 21 230
7 67 52 60 0 5 0 0.00 M M 3.7 16 230 M M 0 21 230
8 64 49 57 -3 8 0 0.00 M M 5.0 13 250 M M 3 18 240
9 60 52 56 -4 9 0 0.00 M M 3.4 10 230 M M 7 18 14 240
10 64 51 58 -2 7 0 0.00 M M 3.5 12 230 M M 8 12 15 220
11 61 51 56 -4 9 0 0.00 M M 3.2 10 230 M M 10 18 14 230
12 58 53 56 -4 9 0 0.00 M M 4.1 9 210 M M 10 1 12 220
13 59 53 56 -4 9 0 0.02 M M 4.0 10 220 M M 10 18 14 210
14 62 52 57 -3 8 0 T M M 4.3 13 210 M M 7 1 18 230
15 63 48 56 -4 9 0 0.00 M M 5.2 15 240 M M 0 19 240
16 60 49 55 -5 10 0 0.00 M M 3.6 12 220 M M 6 16 220
17 62 53 58 -2 7 0 0.00 M M 4.7 14 230 M M 8 19 230
18 62 51 57 -4 8 0 0.00 M M 4.5 13 220 M M 4 18 210
19 67 48 58 -3 7 0 0.00 M M 6.2 17 250 M M 0 25 250
20 71 50 61 0 4 0 0.00 M M 5.0 12 250 M M 0 17 250
21 82 56 69 8 0 4 0.00 M M 5.1 13 250 M M 0 20 260
22 78 56 67 6 0 2 0.00 M M 5.3 12 220 M M 0 16 220
23 67 55 61 0 4 0 0.00 M M 4.4 13 220 M M 5 12 17 240
24 65 56 61 0 4 0 0.00 M M 5.2 14 250 M M 9 18 250
25 65 56 61 0 4 0 0.00 M M 5.0 13 230 M M 5 8 17 210
26 65 53 59 -2 6 0 0.00 M M 4.6 13 220 M M 9 18 18 280
27 73 52 63 2 2 0 0.00 M M 3.9 13 220 M M 9 18 16 210
28 60 53 57 -4 8 0 0.00 M M 4.2 12 240 M M 10 18 18 300
29 61 53 57 -5 8 0 0.00 M M 4.4 13 230 M M 10 18 16 240
30 62 54 58 -4 7 0 0.00 M M 3.9 10 220 M M 10 1 14 250
================================================================================
SM 1937 1541 208 6 0.02 M 140.7 M 147
================================================================================
AV 64.6 51.4 4.7 FASTST M M 5 MAX(MPH)
MISC ----> 18 260 26 270
================================================================================
NOTES:
# LAST OF SEVERAL OCCURRENCES
COLUMN 17 PEAK WIND IN M.P.H.
PRELIMINARY LOCAL CLIMATOLOGICAL DATA (WS FORM: F-6) , PAGE 2
STATION: SANTA MONICA AIRPORT CA
MONTH: APRIL
YEAR: 2023
LATITUDE: 34 0 N
LONGITUDE: 118 27 W
[TEMPERATURE DATA] [PRECIPITATION DATA] SYMBOLS USED IN COLUMN 16
AVERAGE MONTHLY: 58.0 TOTAL FOR MONTH: 0.02 1 = FOG OR MIST
DPTR FM NORMAL: -2.4 DPTR FM NORMAL: -0.54 2 = FOG REDUCING VISIBILITY
HIGHEST: 82 ON 21 GRTST 24HR 0.02 ON 13-13 TO 1/4 MILE OR LESS
LOWEST: 45 ON 5, 1 3 = THUNDER
SNOW, ICE PELLETS, HAIL 4 = ICE PELLETS
TOTAL MONTH: M 5 = HAIL
GRTST 24HR M ON M 6 = FREEZING RAIN OR DRIZZLE
GRTST DEPTH: M ON M 7 = DUSTSTORM OR SANDSTORM:
VSBY 1/2 MILE OR LESS
8 = SMOKE OR HAZE
[NO. OF DAYS WITH] [WEATHER - DAYS WITH] 9 = BLOWING SNOW
X = TORNADO
MAX 32 OR BELOW: 0 0.01 INCH OR MORE: 1
MAX 90 OR ABOVE: 0 0.10 INCH OR MORE: 0
MIN 32 OR BELOW: 0 0.50 INCH OR MORE: 0
MIN 0 OR BELOW: 0 1.00 INCH OR MORE: 0
[HDD (BASE 65) ]
TOTAL THIS MO. 208 CLEAR (SCALE 0-3) 12
DPTR FM NORMAL 55 PTCLDY (SCALE 4-7) 7
TOTAL FM JUL 1 1631 CLOUDY (SCALE 8-10) 11
DPTR FM NORMAL 352
[CDD (BASE 65) ]
TOTAL THIS MO. 6
DPTR FM NORMAL -10 [PRESSURE DATA]
TOTAL FM JAN 1 7 HIGHEST SLP 30.15 ON 4
DPTR FM NORMAL -33 LOWEST SLP 29.77 ON 23
[REMARKS]
#FINAL-04-23#