000
CXUS56 KLOX 011155
CF6SMO
PRELIMINARY LOCAL CLIMATOLOGICAL DATA (WS FORM: F-6)
STATION: SANTA MONICA AIRPORT CA
MONTH: MARCH
YEAR: 2021
LATITUDE: 34 0 N
LONGITUDE: 118 27 W
TEMPERATURE IN F: :PCPN: SNOW: WIND :SUNSHINE: SKY :PK WND
================================================================================
1 2 3 4 5 6A 6B 7 8 9 10 11 12 13 14 15 16 17 18
12Z AVG MX 2MIN
DY MAX MIN AVG DEP HDD CDD WTR SNW DPTH SPD SPD DIR MIN PSBL S-S WX SPD DR
================================================================================
1 76 49 63 5 2 0 0.00 M M 5.7 14 200 M M 0 17 200
2 74 46 60 2 5 0 0.00 M M 4.2 13 260 M M 0 20 270
3 59 44 52 -6 13 0 0.08 M M 5.2 17 80 M M 4 25 80
4 63 45 54 -4 11 0 0.00 M M 4.1 12 240 M M 0 16 230
5 74 46 60 2 5 0 0.00 M M 4.3 13 240 M M 0 16 240
6 65 48 57 -1 8 0 0.00 M M 5.1 16 240 M M 2 21 230
7 62 52 57 -1 8 0 0.00 M M 3.4 14 220 M M 7 17 220
8 62 51 57 -1 8 0 0.00 M M 4.5 16 240 M M 4 25 240
9 60 45 53 -5 12 0 0.00 M M 6.8 21 250 M M 1 34 240
10 58 45 52 -6 13 0 0.80 M M 6.1 18 230 M M 6 13 26 220
11 57 43 50 -8 15 0 0.05 M M 4.5 14 240 M M 4 1 18 210
12 58 42 50 -8 15 0 T M M 4.6 14 210 M M 1 20 210
13 60 43 52 -6 13 0 0.00 M M 5.0 16 230 M M 3 22 240
14 62 51 57 -1 8 0 0.00 M M 5.3 14 220 M M 6 19 270
15 58 45 52 -6 13 0 0.21 M M 6.0 16 250 M M 6 1 32 260
16 58 42 50 -8 15 0 0.00 M M 4.3 10 220 M M 0 M M
17 61 42 52 -6 13 0 0.00 M M 4.4 14 260 M M 0 M M
18 61 48 55 -3 10 0 0.00 M M 3.4 12 230 M M 0 21 250
19 65 48 57 -1 8 0 0.00 M M 4.2 12 240 M M 1 M M
20 63 54 59 1 6 0 0.00 M M 5.1 14 250 M M 5 1 19 360
21 69 50 60 2 5 0 0.00 M M 7.0 14 350 M M 0 25 360
22 63 50 57 -1 8 0 0.00 M M 4.9 13 230 M M 0 17 230
23 70 50 60 2 5 0 0.00 M M 7.9 21 250 M M 3 31 250
24 71 52 62 4 3 0 0.00 M M 8.0 18 250 M M 0 32 260
25 59 49 54 -4 11 0 0.00 M M 6.5 14 230 M M 7 23 230
26 59 47 53 -5 12 0 0.00 M M 4.2 15 240 M M 2 20 230
27 70 45 58 0 7 0 0.00 M M 4.1 9 260 M M 0 M M
28 80 50 65 7 0 0 0.00 M M 4.2 15 260 M M 0 22 270
29 69 51 60 2 5 0 0.00 M M 3.9 13 220 M M 0 16 210
30 66 52 59 1 6 0 0.00 M M 4.4 12 240 M M 4 1 16 220
31 86 50 68 10 0 3 0.00 M M 4.3 14 210 M M 0 17 200
================================================================================
SM 2018 1475 263 3 1.14 M 155.5 M 66
================================================================================
AV 65.1 47.6 5.0 FASTST M M 2 MAX(MPH)
MISC ----> # 21 250 34 240
================================================================================
NOTES:
# LAST OF SEVERAL OCCURRENCES
COLUMN 17 PEAK WIND IN M.P.H.
PRELIMINARY LOCAL CLIMATOLOGICAL DATA (WS FORM: F-6) , PAGE 2
STATION: SANTA MONICA AIRPORT CA
MONTH: MARCH
YEAR: 2021
LATITUDE: 34 0 N
LONGITUDE: 118 27 W
[TEMPERATURE DATA] [PRECIPITATION DATA] SYMBOLS USED IN COLUMN 16
AVERAGE MONTHLY: 56.3 TOTAL FOR MONTH: 1.14 1 = FOG OR MIST
DPTR FM NORMAL: -2.0 DPTR FM NORMAL: -1.41 2 = FOG REDUCING VISIBILITY
HIGHEST: 86 ON 31 GRTST 24HR 0.85 ON 10-11 TO 1/4 MILE OR LESS
LOWEST: 42 ON 17,16 3 = THUNDER
SNOW, ICE PELLETS, HAIL 4 = ICE PELLETS
TOTAL MONTH: M 5 = HAIL
GRTST 24HR M ON M 6 = FREEZING RAIN OR DRIZZLE
GRTST DEPTH: M ON M 7 = DUSTSTORM OR SANDSTORM:
VSBY 1/2 MILE OR LESS
8 = SMOKE OR HAZE
[NO. OF DAYS WITH] [WEATHER - DAYS WITH] 9 = BLOWING SNOW
X = TORNADO
MAX 32 OR BELOW: 0 0.01 INCH OR MORE: 4
MAX 90 OR ABOVE: 0 0.10 INCH OR MORE: 2
MIN 32 OR BELOW: 0 0.50 INCH OR MORE: 1
MIN 0 OR BELOW: 0 1.00 INCH OR MORE: 0
[HDD (BASE 65) ]
TOTAL THIS MO. 263 CLEAR (SCALE 0-3) 21
DPTR FM NORMAL 49 PTCLDY (SCALE 4-7) 10
TOTAL FM JUL 1 1099 CLOUDY (SCALE 8-10) 0
DPTR FM NORMAL -127
[CDD (BASE 65) ]
TOTAL THIS MO. 3
DPTR FM NORMAL -3 [PRESSURE DATA]
TOTAL FM JAN 1 20 HIGHEST SLP 30.28 ON 14
DPTR FM NORMAL 0 LOWEST SLP 29.78 ON 3
[REMARKS]
#FINAL-03-21#