000
CXUS56 KLOX 011155
CF6SMX
PRELIMINARY LOCAL CLIMATOLOGICAL DATA (WS FORM: F-6)
STATION: SANTA MARIA AIRPORT CA
MONTH: MAY
YEAR: 2023
LATITUDE: 34 54 N
LONGITUDE: 120 27 W
TEMPERATURE IN F: :PCPN: SNOW: WIND :SUNSHINE: SKY :PK WND
================================================================================
1 2 3 4 5 6A 6B 7 8 9 10 11 12 13 14 15 16 17 18
12Z AVG MX 2MIN
DY MAX MIN AVG DEP HDD CDD WTR SNW DPTH SPD SPD DIR MIN PSBL S-S WX SPD DR
================================================================================
1 62 46 54 -4 11 0 0.00 M M 10.2 22 280 M M 7 18 27 300
2 62 45 54 -4 11 0 0.01 M M 8.4 17 240 M M 7 1 24 200
3 60 41 51 -7 14 0 0.24 M M 10.4 23 160 M M 6 1 29 160
4 63 46 55 -3 10 0 0.04 M M 7.0 17 170 M M 8 1 22 170
5 65 46 56 -2 9 0 0.00 M M 5.9 18 290 M M 4 23 300
6 65 42 54 -4 11 0 0.00 M M 6.7 20 290 M M 1 25 290
7 67 47 57 -1 8 0 0.00 M M 8.8 23 300 M M 2 12 29 300
8 66 45 56 -2 9 0 0.00 M M 10.7 28 290 M M 1 34 290
9 64 47 56 -2 9 0 0.00 M M 8.9 21 270 M M 5 1 25 280
10 64 48 56 -3 9 0 0.00 M M 13.0 25 280 M M 4 18 31 290
11 65 47 56 -3 9 0 0.00 M M 11.5 26 280 M M 3 18 32 280
12 69 47 58 -1 7 0 0.00 M M 6.5 18 280 M M 4 128 22 280
13 70 49 60 1 5 0 0.00 M M 4.4 12 310 M M 6 12 17 300
14 69 49 59 0 6 0 0.00 M M 5.9 14 320 M M 7 1 20 300
15 67 51 59 0 6 0 0.00 M M 5.0 14 300 M M 8 1 18 310
16 67 50 59 0 6 0 0.00 M M 5.1 14 320 M M 8 1 18 300
17 68 52 60 1 5 0 0.00 M M 4.3 14 310 M M 8 12 19 290
18 67 50 59 0 6 0 0.00 M M 5.0 14 310 M M 6 12 18 260
19 69 52 61 2 4 0 0.00 M M 6.1 18 320 M M 8 1 22 330
20 68 50 59 0 6 0 0.00 M M 8.7 21 290 M M 6 1 25 290
21 68 51 60 1 5 0 0.00 M M 6.4 18 300 M M 7 1 23 310
22 69 51 60 0 5 0 0.00 M M 5.8 16 290 M M 8 18 20 300
23 61 51 56 -4 9 0 0.00 M M 6.7 13 290 M M 10 1 16 280
24 62 53 58 -2 7 0 0.00 M M 7.1 15 290 M M 10 18 18 290
25 67 49 58 -2 7 0 0.00 M M 7.0 20 310 M M 7 1 26 320
26 67 48 58 -2 7 0 0.00 M M 7.5 18 300 M M 6 23 300
27 66 53 60 0 5 0 0.00 M M 7.9 16 300 M M 9 21 290
28 64 52 58 -2 7 0 0.00 M M 6.6 16 240 M M 10 1 21 230
29 62 53 58 -2 7 0 0.00 M M 4.2 14 300 M M 10 8 16 300
30 64 53 59 -1 6 0 0.00 M M 5.6 17 300 M M 10 20 300
31 65 50 58 -2 7 0 0.00 M M 8.6 21 290 M M 7 8 27 310
================================================================================
SM 2032 1514 233 0 0.29 M 225.9 M 203
================================================================================
AV 65.5 48.8 7.3 FASTST M M 7 MAX(MPH)
MISC ----> 28 290 34 290
================================================================================
NOTES:
# LAST OF SEVERAL OCCURRENCES
COLUMN 17 PEAK WIND IN M.P.H.
PRELIMINARY LOCAL CLIMATOLOGICAL DATA (WS FORM: F-6) , PAGE 2
STATION: SANTA MARIA AIRPORT CA
MONTH: MAY
YEAR: 2023
LATITUDE: 34 54 N
LONGITUDE: 120 27 W
[TEMPERATURE DATA] [PRECIPITATION DATA] SYMBOLS USED IN COLUMN 16
AVERAGE MONTHLY: 57.2 TOTAL FOR MONTH: 0.29 1 = FOG OR MIST
DPTR FM NORMAL: -1.8 DPTR FM NORMAL: -0.07 2 = FOG REDUCING VISIBILITY
HIGHEST: 70 ON 13 GRTST 24HR 0.28 ON 3- 4 TO 1/4 MILE OR LESS
LOWEST: 41 ON 3 3 = THUNDER
SNOW, ICE PELLETS, HAIL 4 = ICE PELLETS
TOTAL MONTH: M 5 = HAIL
GRTST 24HR M ON M 6 = FREEZING RAIN OR DRIZZLE
GRTST DEPTH: M ON M 7 = DUSTSTORM OR SANDSTORM:
VSBY 1/2 MILE OR LESS
8 = SMOKE OR HAZE
[NO. OF DAYS WITH] [WEATHER - DAYS WITH] 9 = BLOWING SNOW
X = TORNADO
MAX 32 OR BELOW: 0 0.01 INCH OR MORE: 3
MAX 90 OR ABOVE: 0 0.10 INCH OR MORE: 1
MIN 32 OR BELOW: 0 0.50 INCH OR MORE: 0
MIN 0 OR BELOW: 0 1.00 INCH OR MORE: 0
[HDD (BASE 65) ]
TOTAL THIS MO. 233 CLEAR (SCALE 0-3) 4
DPTR FM NORMAL 39 PTCLDY (SCALE 4-7) 21
TOTAL FM JUL 1 2910 CLOUDY (SCALE 8-10) 6
DPTR FM NORMAL 543
[CDD (BASE 65) ]
TOTAL THIS MO. 0
DPTR FM NORMAL -8 [PRESSURE DATA]
TOTAL FM JAN 1 2 HIGHEST SLP M ON M
DPTR FM NORMAL -14 LOWEST SLP 29.81 ON 4
[REMARKS]
#FINAL-05-23#