000
CXUS56 KSGX 011245
CF6SNA
PRELIMINARY LOCAL CLIMATOLOGICAL DATA (WS FORM: F-6)
STATION: JOHN WAYNE AIRPORT CA
MONTH: JULY
YEAR: 2020
LATITUDE: 33 40 N
LONGITUDE: 117 53 W
TEMPERATURE IN F: :PCPN: SNOW: WIND :SUNSHINE: SKY :PK WND
================================================================================
1 2 3 4 5 6A 6B 7 8 9 10 11 12 13 14 15 16 17 18
12Z AVG MX 2MIN
DY MAX MIN AVG DEP HDD CDD WTR SNW DPTH SPD SPD DIR MIN PSBL S-S WX SPD DR
================================================================================
1 74 65 70 1 0 5 T 0.0 0 6.0 13 210 M M 8 18 18 220
2 77 65 71 1 0 6 0.00 0.0 0 5.1 12 200 M M 5 16 200
3 80 63 72 2 0 7 0.00 0.0 0 4.8 12 210 M M 0 16 210
4 82 65 74 4 0 9 0.00 0.0 0 5.2 13 210 M M 1 8 16 220
5 85 65 75 5 0 10 0.00 0.0 0 4.8 15 190 M M 2 18 19 190
6 83 64 74 4 0 9 0.00 0.0 0 6.0 15 200 M M 2 1 19 220
7 79 65 72 2 0 7 0.00 0.0 0 6.7 15 190 M M 2 22 180
8 77 65 71 1 0 6 0.00 0.0 0 6.5 15 200 M M 4 19 200
9 79 66 73 3 0 8 0.00 0.0 0 5.0 15 190 M M 4 1 20 200
10 84 68 76 5 0 11 0.00 0.0 0 5.5 13 200 M M 4 17 240
11 91 68 80 9 0 15 0.00 0.0 0 5.3 13 220 M M 1 16 270
12 88 69 79 8 0 14 0.00 0.0 0 5.8 14 210 M M 1 1 18 200
13 81 69 75 4 0 10 0.00 0.0 0 8.5 17 210 M M 5 22 210
14 79 67 73 2 0 8 0.00 0.0 0 6.5 13 210 M M 6 19 190
15 78 66 72 1 0 7 0.00 0.0 0 5.2 14 200 M M 4 18 210
16 78 66 72 1 0 7 0.00 0.0 0 5.2 13 210 M M 4 21 230
17 79 67 73 1 0 8 0.00 0.0 0 3.9 13 210 M M 3 17 210
18 80 65 73 1 0 8 0.00 0.0 0 5.4 12 220 M M 1 16 220
19 79 63 71 -1 0 6 0.00 0.0 0 5.3 12 210 M M 3 15 220
20 77 64 71 -1 0 6 0.00 0.0 0 4.9 13 210 M M 1 18 200
21 78 63 71 -1 0 6 0.00 0.0 0 5.4 14 190 M M 3 17 210
22 75 65 70 -2 0 5 0.00 0.0 0 6.1 13 200 M M 7 22 200
23 74 64 69 -3 0 4 0.00 0.0 0 5.6 13 200 M M 7 18 210
24 75 65 70 -2 0 5 0.00 0.0 0 5.9 14 210 M M 6 19 210
25 78 66 72 0 0 7 0.00 0.0 0 5.1 13 220 M M 5 17 220
26 78 62 70 -2 0 5 0.00 0.0 0 4.6 12 210 M M 2 18 15 200
27 77 63 70 -2 0 5 0.00 0.0 0 4.9 14 200 M M 2 16 220
28 74 62 68 -4 0 3 0.00 0.0 0 5.0 13 210 M M 3 17 220
29 77 62 70 -2 0 5 0.00 0.0 0 4.1 12 210 M M 3 1 19 210
30 83 61 72 0 0 7 0.00 0.0 0 4.2 12 210 M M 4 18 15 210
31 86 64 75 3 0 10 0.00 0.0 0 5.5 12 210 M M 1 16 200
================================================================================
SM 2465 2012 0 229 T 0.0 168.0 M 104
================================================================================
AV 79.5 64.9 5.4 FASTST M M 3 MAX(MPH)
MISC ----> # 17 210 # 22 180
================================================================================
NOTES:
# LAST OF SEVERAL OCCURRENCES
COLUMN 17 PEAK WIND IN M.P.H.
PRELIMINARY LOCAL CLIMATOLOGICAL DATA (WS FORM: F-6) , PAGE 2
STATION: JOHN WAYNE AIRPORT CA
MONTH: JULY
YEAR: 2020
LATITUDE: 33 40 N
LONGITUDE: 117 53 W
[TEMPERATURE DATA] [PRECIPITATION DATA] SYMBOLS USED IN COLUMN 16
AVERAGE MONTHLY: 72.2 TOTAL FOR MONTH: T 1 = FOG OR MIST
DPTR FM NORMAL: 1.1 DPTR FM NORMAL: -0.04 2 = FOG REDUCING VISIBILITY
HIGHEST: 91 ON 11 GRTST 24HR T ON 1- 1 TO 1/4 MILE OR LESS
LOWEST: 61 ON 30 3 = THUNDER
SNOW, ICE PELLETS, HAIL 4 = ICE PELLETS
TOTAL MONTH: 0.0 INCH 5 = HAIL
GRTST 24HR 0.0 6 = FREEZING RAIN OR DRIZZLE
GRTST DEPTH: 0 7 = DUSTSTORM OR SANDSTORM:
VSBY 1/2 MILE OR LESS
8 = SMOKE OR HAZE
[NO. OF DAYS WITH] [WEATHER - DAYS WITH] 9 = BLOWING SNOW
X = TORNADO
MAX 32 OR BELOW: 0 0.01 INCH OR MORE: 0
MAX 90 OR ABOVE: 1 0.10 INCH OR MORE: 0
MIN 32 OR BELOW: 0 0.50 INCH OR MORE: 0
MIN 0 OR BELOW: 0 1.00 INCH OR MORE: 0
[HDD (BASE 65) ]
TOTAL THIS MO. 0 CLEAR (SCALE 0-3) 15
DPTR FM NORMAL 0 PTCLDY (SCALE 4-7) 16
TOTAL FM JUL 1 0 CLOUDY (SCALE 8-10) 0
DPTR FM NORMAL 0
[CDD (BASE 65) ]
TOTAL THIS MO. 229
DPTR FM NORMAL 38 [PRESSURE DATA]
TOTAL FM JAN 1 730 HIGHEST SLP M ON M
DPTR FM NORMAL 396 LOWEST SLP 29.74 ON 21
[REMARKS]
#FINAL-07-20#