000
CXUS56 KMTR 011000
CF6SNS
PRELIMINARY LOCAL CLIMATOLOGICAL DATA (WS FORM: F-6)
STATION: SALINAS AIRPORT
MONTH: JANUARY
YEAR: 2024
LATITUDE: 36 40 N
LONGITUDE: 121 36 W
TEMPERATURE IN F: :PCPN: SNOW: WIND :SUNSHINE: SKY :PK WND
================================================================================
1 2 3 4 5 6A 6B 7 8 9 10 11 12 13 14 15 16 17 18
12Z AVG MX 2MIN
DY MAX MIN AVG DEP HDD CDD WTR SNW DPTH SPD SPD DIR MIN PSBL S-S WX SPD DR
================================================================================
1 66 41 54 3 11 0 0.00 M M 2.6 12 290 M M 1 1 16 290
2 62 45 54 3 11 0 M M M 8.6 22 270 M M 5 1 31 280
3 57 46 52 1 13 0 0.44 M M 7.7 18 290 M M 8 1 25 290
4 59 42 51 0 14 0 0.00 M M 3.5 13 280 M M 1 1 17 270
5 63 43 53 2 12 0 0.00 M M 4.6 12 340 M M 1 8 M M
6 57 39 48 -3 17 0 0.03 M M 10.6 23 250 M M 2 18 31 240
7 54 36 45 -7 20 0 0.00 M M 3.9 14 270 M M 0 18 260
8 58 33 46 -6 19 0 0.00 M M 3.5 10 300 M M 0 14 300
9 M 39 M M M M 0.01 M M 6.2 15 130 M M 5 18 18 140
10 53 36 45 -7 20 0 0.22 M M 7.0 21 300 M M 6 18 32 310
11 56 37 47 -5 18 0 0.00 M M 4.7 14 300 M M 0 21 310
12 56 33 45 -7 20 0 0.00 M M 5.4 16 130 M M 2 19 130
13 58 39 49 -3 16 0 T M M 6.8 14 140 M M 6 18 14 140
14 61 45 53 1 12 0 M M M 9.0 18 130 M M 7 1 23 130
15 62 45 54 2 11 0 0.00 M M 5.4 14 110 M M 2 1 19 130
16 62 46 54 2 11 0 0.09 M M 6.0 14 300 M M 6 1 18 310
17 64 46 55 3 10 0 0.02 M M 5.7 20 130 M M 7 1 23 140
18 61 43 52 0 13 0 0.00 M M 9.0 24 130 M M 0 1 32 130
19 59 48 54 2 11 0 0.04 M M 14.6 30 130 M M 5 1 35 120
20 62 M M M M M 0.03 M M 10.4 23 140 M M 8 1 30 140
21 63 52 58 6 7 0 0.02 M M 17.4 25 130 M M 7 1 34 130
22 62 54 58 6 7 0 0.22 M M 8.2 21 140 M M 9 1 27 160
23 63 51 57 5 8 0 0.01 M M 4.6 18 290 M M 7 1 23 290
24 59 51 55 3 10 0 0.36 M M 12.1 22 150 M M 10 1 30 150
25 62 47 55 3 10 0 0.04 M M 4.2 15 290 M M 5 1 21 280
26 64 47 56 4 9 0 0.00 M M 8.1 20 120 M M 0 25 130
27 68 52 60 8 5 0 0.00 M M 8.1 18 130 M M 0 22 120
28 79 52 66 14 0 1 0.00 M M 9.9 24 120 M M 0 34 130
29 73 51 62 10 3 0 0.00 M M 11.3 25 140 M M 0 30 140
30 64 48 56 3 9 0 0.00 M M 7.9 18 150 M M 2 M M
31 61 52 57 4 8 0 0.93 M M 16.6 38 140 M M 5 1 51 140
================================================================================
SM 1848 1339 335 1 2.46 M 243.6 M 117
================================================================================
AV 61.6 44.6 7.9 FASTST M M 4 MAX(MPH)
MISC ----> 38 140 51 140
================================================================================
NOTES:
# LAST OF SEVERAL OCCURRENCES
COLUMN 17 PEAK WIND IN M.P.H.
PRELIMINARY LOCAL CLIMATOLOGICAL DATA (WS FORM: F-6) , PAGE 2
STATION: SALINAS AIRPORT
MONTH: JANUARY
YEAR: 2024
LATITUDE: 36 40 N
LONGITUDE: 121 36 W
[TEMPERATURE DATA] [PRECIPITATION DATA] SYMBOLS USED IN COLUMN 16
AVERAGE MONTHLY: 53.1 TOTAL FOR MONTH: 2.46 1 = FOG OR MIST
DPTR FM NORMAL: 1.2 DPTR FM NORMAL: -0.17 2 = FOG REDUCING VISIBILITY
HIGHEST: 79 ON 28 GRTST 24HR 0.93 ON 31-31 TO 1/4 MILE OR LESS
LOWEST: 33 ON 12, 8 3 = THUNDER
SNOW, ICE PELLETS, HAIL 4 = ICE PELLETS
TOTAL MONTH: M 5 = HAIL
GRTST 24HR M ON M 6 = FREEZING RAIN OR DRIZZLE
GRTST DEPTH: M ON M 7 = DUSTSTORM OR SANDSTORM:
VSBY 1/2 MILE OR LESS
8 = SMOKE OR HAZE
[NO. OF DAYS WITH] [WEATHER - DAYS WITH] 9 = BLOWING SNOW
X = TORNADO
MAX 32 OR BELOW: 0 0.01 INCH OR MORE: 14
MAX 90 OR ABOVE: 0 0.10 INCH OR MORE: 5
MIN 32 OR BELOW: 0 0.50 INCH OR MORE: 1
MIN 0 OR BELOW: 0 1.00 INCH OR MORE: 0
[HDD (BASE 65) ]
TOTAL THIS MO. 335 CLEAR (SCALE 0-3) 15
DPTR FM NORMAL -70 PTCLDY (SCALE 4-7) 14
TOTAL FM JUL 1 945 CLOUDY (SCALE 8-10) 2
DPTR FM NORMAL -494
[CDD (BASE 65) ]
TOTAL THIS MO. 1
DPTR FM NORMAL 1 [PRESSURE DATA]
TOTAL FM JAN 1 1 HIGHEST SLP M ON M
DPTR FM NORMAL 1 LOWEST SLP 29.61 ON 31
[REMARKS]
#FINAL-01-24#