000
CXUS55 KPIH 011445
CF6SNT
PRELIMINARY LOCAL CLIMATOLOGICAL DATA (WS FORM: F-6)
STATION: STANLEY
MONTH: DECEMBER
YEAR: 2022
LATITUDE: 44 10 N
LONGITUDE: 114 56 W
TEMPERATURE IN F: :PCPN: SNOW: WIND :SUNSHINE: SKY :PK WND
================================================================================
1 2 3 4 5 6A 6B 7 8 9 10 11 12 13 14 15 16 17 18
12Z AVG MX 2MIN
DY MAX MIN AVG DEP HDD CDD WTR SNW DPTH SPD SPD DIR MIN PSBL S-S WX SPD DR
================================================================================
1 32 3 18 -2 47 0 0.48 M M 8.5 16 140 M M 0 26 310
2 21 -9 6 -13 59 0 0.05 M M 1.5 10 120 M M 0 17 180
3 11 -19 -4 -23 69 0 0.00 M M 0.3 5 80 M M 0 9 270
4 25 -12 7 -12 58 0 0.32 M M 0.8 7 350 M M 0 12 200
5 28 18 23 5 42 0 0.13 M M 2.9 9 120 M M 0 14 100
6 30 9 20 2 45 0 0.00 M M 2.4 9 120 M M 0 13 200
7 21 -9 6 -12 59 0 0.00 M M 3.1 10 120 M M 0 14 130
8 23 -9 7 -11 58 0 0.00 M M 4.3 15 150 M M 0 27 150
9 28 8 18 1 47 0 0.12 M M 6.0 16 150 M M 0 28 160
10 32 21 27 10 38 0 0.28 M M 12.7 20 160 M M 0 36 150
11 34 24 29 12 36 0 0.17 M M 4.4 14 150 M M 0 28 160
12 31 20 26 9 39 0 0.12 M M 0.8 5 340 M M 0 8 350
13 31 17 24 7 41 0 0.00 M M 1.8 8 340 M M 0 13 340
14 26 12 19 3 46 0 0.04 M M 0.9 6 320 M M 0 9 340
15 19 -9 5 -11 60 0 0.00 M M 0.3 6 80 M M 0 8 80
16 12 -19 -3 -19 68 0 0.00 M M 1.3 6 170 M M 0 9 150
17 12 -18 -3 -19 68 0 0.00 M M 1.1 7 100 M M 0 9 100
18 28 -11 9 -7 56 0 0.00 M M 2.8 12 120 M M 0 16 160
19 28 -1 14 -2 51 0 0.03 M M 2.3 15 310 M M 0 24 320
20 31 19 25 9 40 0 0.23 M M 5.4 14 110 M M 0 22 200
21 32 -12 10 -6 55 0 0.10 M M 8.5 25 290 M M 0 45 310
22 3 -27 -12 -28 77 0 0.00 M M 0.6 5 90 M M 0 7 280
23 21 2 12 -4 53 0 0.08 M M 0.3 6 330 M M 0 8 330
24 36 16 26 10 39 0 0.03 M M 1.0 7 340 M M 0 11 100
25 43 22 33 17 32 0 0.00 M M 2.4 8 160 M M 0 10 320
26 51 26 39 23 26 0 0.00 M M 5.2 16 150 M M 0 28 140
27 48 28 38 22 27 0 0.83 M M 10.6 22 270 M M 0 44 270
28 30 10 20 4 45 0 0.04 M M 3.1 12 320 M M 0 21 330
29 23 2 13 -3 52 0 0.00 M M 3.4 12 150 M M 0 18 150
30 36 15 26 10 39 0 0.22 M M 6.6 16 140 M M 0 31 140
31 34 7 21 5 44 0 0.10 M M 1.8 7 180 M M 0 11 10
================================================================================
SM 860 124 1516 0 3.37 M 107.1 M 0
================================================================================
AV 27.7 4.0 3.5 FASTST M M 0 MAX(MPH)
MISC ----> 25 290 45 310
================================================================================
NOTES:
# LAST OF SEVERAL OCCURRENCES
COLUMN 17 PEAK WIND IN M.P.H.
PRELIMINARY LOCAL CLIMATOLOGICAL DATA (WS FORM: F-6) , PAGE 2
STATION: STANLEY
MONTH: DECEMBER
YEAR: 2022
LATITUDE: 44 10 N
LONGITUDE: 114 56 W
[TEMPERATURE DATA] [PRECIPITATION DATA] SYMBOLS USED IN COLUMN 16
AVERAGE MONTHLY: 15.9 TOTAL FOR MONTH: 3.37 1 = FOG OR MIST
DPTR FM NORMAL: -0.9 DPTR FM NORMAL: 1.45 2 = FOG REDUCING VISIBILITY
HIGHEST: 51 ON 26 GRTST 24HR 0.84 ON 27-28 TO 1/4 MILE OR LESS
LOWEST: -27 ON 22 3 = THUNDER
SNOW, ICE PELLETS, HAIL 4 = ICE PELLETS
TOTAL MONTH: M 5 = HAIL
GRTST 24HR M ON M 6 = FREEZING RAIN OR DRIZZLE
GRTST DEPTH: M ON M 7 = DUSTSTORM OR SANDSTORM:
VSBY 1/2 MILE OR LESS
8 = SMOKE OR HAZE
[NO. OF DAYS WITH] [WEATHER - DAYS WITH] 9 = BLOWING SNOW
X = TORNADO
MAX 32 OR BELOW: 24 0.01 INCH OR MORE: 18
MAX 90 OR ABOVE: 0 0.10 INCH OR MORE: 12
MIN 32 OR BELOW: 31 0.50 INCH OR MORE: 1
MIN 0 OR BELOW: 12 1.00 INCH OR MORE: 0
[HDD (BASE 65) ]
TOTAL THIS MO. 1516 CLEAR (SCALE 0-3) 31
DPTR FM NORMAL 24 PTCLDY (SCALE 4-7) 0
TOTAL FM JUL 1 4199 CLOUDY (SCALE 8-10) 0
DPTR FM NORMAL -72
[CDD (BASE 65) ]
TOTAL THIS MO. 0
DPTR FM NORMAL 0 [PRESSURE DATA]
TOTAL FM JAN 1 13 HIGHEST SLP 30.68 ON 16
DPTR FM NORMAL 0 LOWEST SLP 29.20 ON 27
[REMARKS]
25TH: HIGH OF 43 BREAKS PREVIOUS RECORD OF 40 WHICH WAS SET IN 1980.
26TH: HIGH OF 51 BREAKS PREVIOUS RECORD OF 47 WHICH WAS SET IN 1980.
27TH: HIGH OF 48 TIES OLD RECORD SET IN 1980.
27TH: RAINFALL OF 0.83 BREAKS PREVIOUS RECORD OF 0.75 SET IN 1992.
#FINAL-12-22#