000
CXUS55 KCYS 101136 CCA
CF6SNY
PRELIMINARY LOCAL CLIMATOLOGICAL DATA (WS FORM: F-6)...CORRECTED
STATION: SIDNEY NEBRASKA AIRPORT
MONTH: JANUARY
YEAR: 2022
LATITUDE: 41 5 N
LONGITUDE: 102 59 W
TEMPERATURE IN F: :PCPN: SNOW: WIND :SUNSHINE: SKY :PK WND
================================================================================
1 2 3 4 5 6A 6B 7 8 9 10 11 12 13 14 15 16 17 18
12Z AVG MX 2MIN
DY MAX MIN AVG DEP HDD CDD WTR SNW DPTH SPD SPD DIR MIN PSBL S-S WX SPD DR
================================================================================
1 10 -16 -3 -30 68 0 T M M 9.8 15 360 M M 5 18 18 340
2 40 -15 13 -14 52 0 0.00 M M 11.6 20 310 M M 0 26 320
3 52 14 33 6 32 0 0.00 M M 9.2 21 220 M M 0 1 25 220
4 51 15 33 6 32 0 T M M 22.4 51 280 M M 3 8 70 290
5 23 -5 9 -18 56 0 0.07 M M 13.8 24 360 M M 9 128 33 40
6 10 -5 3 -24 62 0 0.01 M M 9.3 18 170 M M 9 18 22 180
7 39 1 20 -7 45 0 0.00 M M 8.9 16 230 M M 0 22 230
8 42 11 27 0 38 0 0.00 M M 10.2 18 20 M M 2 26 300
9 31 3 17 -10 48 0 0.00 M M 11.1 20 220 M M 1 26 220
10 41 15 28 1 37 0 0.00 M M 9.6 17 300 M M 0 20 290
11 46 14 30 3 35 0 0.00 M M 12.5 23 310 M M 0 30 310
12 46 24 35 7 30 0 0.00 M M 15.0 25 300 M M 0 34 290
13 52 33 43 15 22 0 0.00 M M 10.6 21 310 M M 0 28 310
14 43 22 33 5 32 0 T M M 26.1 47 340 M M 6 67 340
15 41 10 26 -2 39 0 0.00 M M 11.1 23 340 M M 3 29 360
16 48 20 34 6 31 0 0.00 M M 14.2 31 340 M M 0 39 330
17 59 22 41 13 24 0 0.00 M M 11.2 22 320 M M 0 29 320
18 54 24 39 11 26 0 0.00 M M 11.2 23 330 M M 2 30 320
19 24 3 14 -14 51 0 T M M 9.4 20 20 M M 10 18 22 20
20 34 1 18 -10 47 0 0.00 M M 9.3 17 210 M M 3 21 210
21 42 17 30 2 35 0 T M M 11.6 30 340 M M 6 16 39 340
22 47 11 29 1 36 0 0.00 M M 12.9 24 290 M M 1 32 300
23 54 27 41 13 24 0 0.00 M M 15.0 28 300 M M 0 36 280
24 46 26 36 8 29 0 T M M 12.2 26 330 M M 3 1 33 330
25 30 12 21 -7 44 0 T M M 9.3 24 360 M M 8 1 29 360
26 43 8 26 -2 39 0 0.00 M M 12.7 25 300 M M 0 33 300
27 38 13 26 -2 39 0 T M M 12.8 28 340 M M 5 35 320
28 47 17 32 4 33 0 0.00 M M 16.2 28 280 M M 1 36 280
29 56 19 38 10 27 0 0.00 M M 14.5 23 310 M M 0 32 300
30 59 13 36 8 29 0 0.00 M M 11.2 22 310 M M 0 28 310
31 57 14 36 8 29 0 0.00 M M 16.5 43 310 M M 0 61 320
================================================================================
SM 1305 368 1171 0 0.08 M 391.4 M 77
================================================================================
AV 42.1 11.9 12.6 FASTST M M 2 MAX(MPH)
MISC ----> 51 280 70 290
================================================================================
NOTES:
# LAST OF SEVERAL OCCURRENCES
COLUMN 17 PEAK WIND IN M.P.H.
PRELIMINARY LOCAL CLIMATOLOGICAL DATA (WS FORM: F-6) , PAGE 2
STATION: SIDNEY NEBRASKA AIRPORT
MONTH: JANUARY
YEAR: 2022
LATITUDE: 41 5 N
LONGITUDE: 102 59 W
[TEMPERATURE DATA] [PRECIPITATION DATA] SYMBOLS USED IN COLUMN 16
AVERAGE MONTHLY: 27.0 TOTAL FOR MONTH: 0.08 1 = FOG OR MIST
DPTR FM NORMAL: -0.6 DPTR FM NORMAL: -0.06 2 = FOG REDUCING VISIBILITY
HIGHEST: 59 ON 30,17 GRTST 24HR 0.07 ON 5 TO 1/4 MILE OR LESS
LOWEST: -16 ON 1 3 = THUNDER
SNOW, ICE PELLETS, HAIL 4 = ICE PELLETS
TOTAL MONTH: M 5 = HAIL
GRTST 24HR M ON M 6 = FREEZING RAIN OR DRIZZLE
GRTST DEPTH: M ON M 7 = DUSTSTORM OR SANDSTORM:
VSBY 1/2 MILE OR LESS
8 = SMOKE OR HAZE
[NO. OF DAYS WITH] [WEATHER - DAYS WITH] 9 = BLOWING SNOW
X = TORNADO
MAX 32 OR BELOW: 6 0.01 INCH OR MORE: 2
MAX 90 OR ABOVE: 0 0.10 INCH OR MORE: 0
MIN 32 OR BELOW: 30 0.50 INCH OR MORE: 0
MIN 0 OR BELOW: 4 1.00 INCH OR MORE: 0
[HDD (BASE 65) ]
TOTAL THIS MO. 1171 CLEAR (SCALE 0-3) 23
DPTR FM NORMAL 10 PTCLDY (SCALE 4-7) 4
TOTAL FM JUL 1 3329 CLOUDY (SCALE 8-10) 4
DPTR FM NORMAL -545
[CDD (BASE 65) ]
TOTAL THIS MO. 0
DPTR FM NORMAL 0 [PRESSURE DATA]
TOTAL FM JAN 1 0 HIGHEST SLP 30.70 ON 9
DPTR FM NORMAL 0 LOWEST SLP 29.58 ON 8
[REMARKS]
JANUARY 1...RECORD LOW -16 DEGREES (PREVIOUS -15 DEGREES IN 1979)
JANUARY 2...RECORD LOW -15 DEGREES (PREVIOUS -13 DEGREES IN 1968)
#FINAL-01-22#