000
CXUS55 KCYS 011602
CLMSNY
CLIMATE REPORT
NATIONAL WEATHER SERVICE CHEYENNE WY
1002 AM MDT SAT JUL 01 2023
...................................
...THE SIDNEY NEBRASKA AIRPORT CLIMATE SUMMARY FOR THE MONTH OF JUNE 2023...
CLIMATE NORMAL PERIOD 1991 TO 2020
CLIMATE RECORD PERIOD 1948 TO 2023
WEATHER OBSERVED NORMAL DEPART LAST YEAR`S
VALUE DATE(S) VALUE FROM VALUE DATE(S)
NORMAL
................................................................
TEMPERATURE (F)
RECORD
HIGH 111 06/26/2012
LOW 28 06/14/1969
06/02/1969
06/03/1954
HIGHEST 87 06/19 MM MM 103
06/27
LOWEST 45 06/05 MM MM 37
AVG. MAXIMUM 76.5 82.3 -5.8 87.7
AVG. MINIMUM 52.4 50.7 1.7 51.5
MEAN 64.4 66.5 -2.1 69.6
DAYS MAX >= 90 0 7.6 -7.6 12
DAYS MAX <= 32 0 0.0 0.0 0
DAYS MIN <= 32 0 0.1 -0.1 0
DAYS MIN <= 0 0 0.0 0.0 0
PRECIPITATION (INCHES)
RECORD
MAXIMUM 10.07 1965
TOTALS 5.97 3.15 2.82 0.75
DAYS >= .01 16 10.5 5.5 6
DAYS >= .10 14 5.9 8.1 2
DAYS >= .50 5 1.5 3.5 0
DAYS >= 1.00 1 0.5 0.5 0
GREATEST
24 HR. TOTAL 1.45 06/21 TO 06/21 0.29 06/07 TO 06/07
DEGREE DAYS
HEATING TOTAL 57 69 -12 35
SINCE 7/1 7141
COOLING TOTAL 50 114 -64 181
SINCE 1/1 51
................................................................
WIND (MPH)
AVERAGE WIND SPEED 8.8
HIGHEST WIND SPEED/DIRECTION 46/050 DATE 06/21
HIGHEST GUST SPEED/DIRECTION 65/210 DATE 06/23
SKY COVER
POSSIBLE SUNSHINE (PERCENT) MM
AVERAGE SKY COVER 0.31
NUMBER OF DAYS FAIR 19
NUMBER OF DAYS PC 8
NUMBER OF DAYS CLOUDY 3
AVERAGE RH (PERCENT) 72
WEATHER CONDITIONS. NUMBER OF DAYS WITH
THUNDERSTORM 13 MIXED PRECIP 0
HEAVY RAIN 8 RAIN 9
LIGHT RAIN 20 FREEZING RAIN 0
LT FREEZING RAIN 0 HAIL 0
HEAVY SNOW 0 SNOW 0
LIGHT SNOW 0 SLEET 0
FOG 20 FOG W/VIS <= 1/4 MILE 6
HAZE 6
- INDICATES NEGATIVE NUMBERS.
R INDICATES RECORD WAS SET OR TIED.
MM INDICATES DATA IS MISSING.
T INDICATES TRACE AMOUNT.
$$