000
CXUS55 KCYS 051825
CLMSNY
CLIMATE REPORT
NATIONAL WEATHER SERVICE CHEYENNE WY
1225 PM MDT FRI APR 05 2024
...................................
...THE SIDNEY NEBRASKA AIRPORT CLIMATE SUMMARY FOR THE MONTH OF MARCH 2024...
CLIMATE NORMAL PERIOD 1991 TO 2020
CLIMATE RECORD PERIOD 1948 TO 2024
WEATHER OBSERVED NORMAL DEPART LAST YEAR`S
VALUE DATE(S) VALUE FROM VALUE DATE(S)
NORMAL
................................................................
TEMPERATURE (F)
RECORD
HIGH 83 03/26/2012
03/28/1963
LOW -25 03/03/1960
HIGHEST 72 03/21 MM MM 70
LOWEST 4 03/26 MM MM 3
AVG. MAXIMUM 54.7 53.8 0.9 42.3
AVG. MINIMUM 23.3 22.9 0.4 21.0
MEAN 39.0 38.3 0.7 31.6
DAYS MAX >= 90 0 0.0 0.0 0
DAYS MAX <= 32 1 2.2 -1.2 4
DAYS MIN <= 32 24 26.9 -2.9 31
DAYS MIN <= 0 0 0.6 -0.6 0
PRECIPITATION (INCHES)
RECORD
MAXIMUM 2.45 1992
TOTALS 0.65 0.58 0.07 0.57
DAYS >= .01 4 5.9 -1.9 7
DAYS >= .10 1 1.4 -0.4 2
DAYS >= .50 1 0.2 0.8 0
DAYS >= 1.00 0 0.0 0.0 0
GREATEST
24 HR. TOTAL 0.53 03/07 TO 03/07 0.25 03/15 TO 03/16
DEGREE DAYS
HEATING TOTAL 797 826 -29 1028
SINCE 7/1 5297
COOLING TOTAL 0 0 0 0
SINCE 1/1 0
................................................................
WIND (MPH)
AVERAGE WIND SPEED 12.1
HIGHEST WIND SPEED/DIRECTION 38/360 DATE 03/24
38/350 03/25
HIGHEST GUST SPEED/DIRECTION 52/350 DATE 03/25
SKY COVER
POSSIBLE SUNSHINE (PERCENT) MM
AVERAGE SKY COVER 0.37
NUMBER OF DAYS FAIR 17
NUMBER OF DAYS PC 9
NUMBER OF DAYS CLOUDY 5
AVERAGE RH (PERCENT) 51
WEATHER CONDITIONS. NUMBER OF DAYS WITH
THUNDERSTORM 3 MIXED PRECIP 0
HEAVY RAIN 0 RAIN 0
LIGHT RAIN 4 FREEZING RAIN 0
LT FREEZING RAIN 1 HAIL 0
HEAVY SNOW 1 SNOW 1
LIGHT SNOW 4 SLEET 0
FOG 5 FOG W/VIS <= 1/4 MILE 2
HAZE 5
- INDICATES NEGATIVE NUMBERS.
R INDICATES RECORD WAS SET OR TIED.
MM INDICATES DATA IS MISSING.
T INDICATES TRACE AMOUNT.
$$