613
CXUS56 KPQR 011210
CF6SPB
PRELIMINARY LOCAL CLIMATOLOGICAL DATA (WS FORM: F-6)
STATION: SCAPPOOSE OR
MONTH: JANUARY
YEAR: 2021
LATITUDE: 45 46 N
LONGITUDE: 122 50 W
TEMPERATURE IN F: :PCPN: SNOW: WIND :SUNSHINE: SKY :PK WND
================================================================================
1 2 3 4 5 6A 6B 7 8 9 10 11 12 13 14 15 16 17 18
12Z AVG MX 2MIN
DY MAX MIN AVG DEP HDD CDD WTR SNW DPTH SPD SPD DIR MIN PSBL S-S WX SPD DR
================================================================================
1 49 45 47 9 18 0 0.31 M M 4.2 10 170 M M 10 1 16 170
2 51 47 49 11 16 0 1.64 M M 10.7 17 160 M M 10 1 26 150
3 52 39 46 7 19 0 0.50 M M 4.6 18 290 M M 9 1 28 290
4 52 42 47 8 18 0 0.74 M M 5.4 15 230 M M 8 1 21 230
5 48 42 45 6 20 0 0.15 M M 4.0 10 150 M M 9 1 15 150
6 48 43 46 7 19 0 0.21 M M 1.7 7 160 M M 10 1 9 170
7 51 36 44 5 21 0 0.01 M M 1.4 9 220 M M 5 12 12 210
8 53 32 43 4 22 0 0.22 M M 2.6 12 180 M M 6 12 17 190
9 47 32 40 1 25 0 T M M 1.8 9 190 M M 6 12 15 190
10 46 41 44 5 21 0 0.08 M M 3.1 9 150 M M 10 1 12 210
11 46 40 43 3 22 0 0.94 M M 1.6 9 180 M M 8 1 13 190
12 59 45 52 12 13 0 2.14 M M 8.9 15 210 M M 10 1 22 150
13 54 39 47 7 18 0 T M M 2.5 10 220 M M 2 12 220
14 55 36 46 6 19 0 0.01 M M 2.4 10 140 M M 3 1 13 140
15 50 44 47 7 18 0 0.06 M M 0.5 7 220 M M 10 1 9 220
16 48 40 44 4 21 0 0.00 M M 0.5 7 100 M M 6 12 9 90
17 51 39 45 5 20 0 0.02 M M 1.8 7 280 M M 8 1 10 300
18 52 33 43 3 22 0 0.00 M M 5.0 16 340 M M 2 1 24 330
19 54 29 42 2 23 0 0.00 M M 1.5 6 340 M M 0 8 280
20 44 28 36 -4 29 0 0.01 M M 0.7 5 130 M M 5 1 5 240
21 49 40 45 4 20 0 0.08 M M 1.6 7 360 M M 7 1 10 360
22 52 36 44 3 21 0 0.00 M M 3.9 9 350 M M 4 14 320
23 45 26 36 -5 29 0 0.00 M M 1.0 6 70 M M 4 7 120
24 39 33 36 -5 29 0 0.21 M M 2.1 9 140 M M 10 12 11 190
25 41 31 36 -5 29 0 T M M 1.3 8 150 M M 10 12 10 80
26 M M M M M M M M M M M M M M M M M
27 43 38 41 0 24 0 0.05 M M 1.2 8 190 M M 9 1 11 170
28 46 36 41 0 24 0 0.11 M M 0.9 7 270 M M 10 1 9 320
29 46 34 40 -1 25 0 0.05 M M 3.1 10 150 M M 9 1 13 140
30 47 41 44 3 21 0 0.21 M M 4.2 10 140 M M 10 1 16 130
31 54 44 49 8 16 0 0.31 M M 4.4 10 150 M M 10 1 15 170
================================================================================
SM 1472 1131 642 0 8.06 M 88.6 M 220
================================================================================
AV 49.1 37.7 3.0 FASTST M M 7 MAX(MPH)
MISC ----> 18 290 28 290
================================================================================
NOTES:
# LAST OF SEVERAL OCCURRENCES
COLUMN 17 PEAK WIND IN M.P.H.
PRELIMINARY LOCAL CLIMATOLOGICAL DATA (WS FORM: F-6) , PAGE 2
STATION: SCAPPOOSE OR
MONTH: JANUARY
YEAR: 2021
LATITUDE: 45 46 N
LONGITUDE: 122 50 W
[TEMPERATURE DATA] [PRECIPITATION DATA] SYMBOLS USED IN COLUMN 16
AVERAGE MONTHLY: 43.4 TOTAL FOR MONTH: 8.06 1 = FOG OR MIST
DPTR FM NORMAL: 3.4 DPTR FM NORMAL: 1.44 2 = FOG REDUCING VISIBILITY
HIGHEST: 59 ON 12 GRTST 24HR 2.14 ON 12-12 TO 1/4 MILE OR LESS
LOWEST: 26 ON 23 3 = THUNDER
SNOW, ICE PELLETS, HAIL 4 = ICE PELLETS
TOTAL MONTH: M 5 = HAIL
GRTST 24HR M ON M 6 = FREEZING RAIN OR DRIZZLE
GRTST DEPTH: M ON M 7 = DUSTSTORM OR SANDSTORM:
VSBY 1/2 MILE OR LESS
8 = SMOKE OR HAZE
[NO. OF DAYS WITH] [WEATHER - DAYS WITH] 9 = BLOWING SNOW
X = TORNADO
MAX 32 OR BELOW: 0 0.01 INCH OR MORE: 22
MAX 90 OR ABOVE: 0 0.10 INCH OR MORE: 13
MIN 32 OR BELOW: 6 0.50 INCH OR MORE: 5
MIN 0 OR BELOW: 0 1.00 INCH OR MORE: 2
[HDD (BASE 65) ]
TOTAL THIS MO. 642 CLEAR (SCALE 0-3) 4
DPTR FM NORMAL -133 PTCLDY (SCALE 4-7) 10
TOTAL FM JUL 1 2414 CLOUDY (SCALE 8-10) 17
DPTR FM NORMAL -412
[CDD (BASE 65) ]
TOTAL THIS MO. 0
DPTR FM NORMAL 0 [PRESSURE DATA]
TOTAL FM JAN 1 0 HIGHEST SLP 29.96 ON 30
DPTR FM NORMAL 0 LOWEST SLP 29.60 ON 28
[REMARKS]
#FINAL-01-21#