000
CXUS52 KTBW 051743
CF6SPG
PRELIMINARY LOCAL CLIMATOLOGICAL DATA (WS FORM: F-6)
STATION: SAINT PETERSBURG
MONTH: NOVEMBER
YEAR: 2022
LATITUDE: 27 46 N
LONGITUDE: 82 38 W
TEMPERATURE IN F: :PCPN: SNOW: WIND :SUNSHINE: SKY :PK WND
================================================================================
1 2 3 4 5 6A 6B 7 8 9 10 11 12 13 14 15 16 17 18
12Z AVG MX 2MIN
DY MAX MIN AVG DEP HDD CDD WTR SNW DPTH SPD SPD DIR MIN PSBL S-S WX SPD DR
================================================================================
1 88 74 81 7 0 16 0.00 0.0 0 6.7 13 40 M M 3 16 360
2 89 76 83 9 0 18 T 0.0 0 6.9 14 70 M M 6 16 100
3 87 73 80 7 0 15 0.11 0.0 0 9.7 22 60 M M 4 1 26 50
4 84 70 77 4 0 12 0.00 0.0 0 11.7 20 60 M M 1 23 60
5 87 72 80 7 0 15 0.00 0.0 0 9.0 17 80 M M 2 22 60
6 87 75 81 8 0 16 T 0.0 0 10.6 23 50 M M 2 31 50
7 83 74 79 7 0 14 T 0.0 0 16.1 28 50 M M 3 33 50
8 81 72 77 5 0 12 0.05 0.0 0 17.3 32 60 M M 5 18 46 60
9 75 67 71 -1 0 6 0.10 0.0 0 21.2 30 20 M M 9 1 42 20
10 74 67 71 -1 0 6 1.95 0.0 0 18.3 30 250 M M 8 1 54 320
11 79 71 75 3 0 10 0.26 0.0 0 5.4 23 260 M M 5 13 31 270
12 79 68 74 3 0 9 0.00 0.0 0 3.4 13 240 M M 2 1 19 250
13 76 66 71 0 0 6 0.14 0.0 0 6.6 17 360 M M 5 13 23 350
14 79 65 72 1 0 7 0.00 0.0 0 7.8 17 60 M M 5 21 50
15 80 71 76 5 0 11 0.00 0.0 0 7.1 15 150 M M 1 18 150
16 75 64 70 0 0 5 0.02 0.0 0 7.1 15 350 M M 7 1 23 350
17 67 56 62 -8 3 0 0.00 0.0 0 11.8 22 30 M M 0 27 40
18 67 54 61 -9 4 0 0.00 0.0 0 13.3 21 40 M M 0 25 30
19 71 56 64 -6 1 0 0.00 0.0 0 12.8 22 50 M M 2 25 50
20 63 54 59 -11 6 0 0.22 0.0 0 18.3 26 70 M M 9 1 32 70
21 72 56 64 -6 1 0 0.01 0.0 0 14.4 21 60 M M 7 26 30
22 74 65 70 1 0 5 T 0.0 0 11.3 18 50 M M 7 23 50
23 74 65 70 1 0 5 0.01 0.0 0 7.4 15 40 M M 5 1 19 30
24 75 67 71 2 0 6 0.00 0.0 0 5.7 13 50 M M 6 1 15 50
25 79 68 74 5 0 9 0.00 0.0 0 3.2 13 220 M M 4 12 19 230
26 78 69 74 5 0 9 0.00 0.0 0 3.5 9 60 M M 7 128 10 50
27 80 68 74 6 0 9 0.06 0.0 0 8.3 18 220 M M 5 13 29 240
28 74 66 70 2 0 5 0.00 0.0 0 2.5 10 50 M M 3 11 40
29 78 66 72 4 0 7 0.00 0.0 0 7.1 14 110 M M 0 17 120
30 80 68 74 6 0 9 0.02 0.0 0 6.1 23 360 M M 1 29 350
================================================================================
SM 2335 2003 15 242 2.95 0.0 290.6 M 124
================================================================================
AV 77.8 66.8 9.7 FASTST M M 4 MAX(MPH)
MISC ----> 32 60 54 320
================================================================================
NOTES:
# LAST OF SEVERAL OCCURRENCES
COLUMN 17 PEAK WIND IN M.P.H.
PRELIMINARY LOCAL CLIMATOLOGICAL DATA (WS FORM: F-6) , PAGE 2
STATION: SAINT PETERSBURG
MONTH: NOVEMBER
YEAR: 2022
LATITUDE: 27 46 N
LONGITUDE: 82 38 W
[TEMPERATURE DATA] [PRECIPITATION DATA] SYMBOLS USED IN COLUMN 16
AVERAGE MONTHLY: 72.3 TOTAL FOR MONTH: 2.95 1 = FOG OR MIST
DPTR FM NORMAL: 1.7 DPTR FM NORMAL: 1.49 2 = FOG REDUCING VISIBILITY
HIGHEST: 89 ON 2 GRTST 24HR 2.04 ON 9-10 TO 1/4 MILE OR LESS
LOWEST: 54 ON 20,18 3 = THUNDER
SNOW, ICE PELLETS, HAIL 4 = ICE PELLETS
TOTAL MONTH: 0.0 INCH 5 = HAIL
GRTST 24HR 0.0 6 = FREEZING RAIN OR DRIZZLE
GRTST DEPTH: 0 7 = DUSTSTORM OR SANDSTORM:
VSBY 1/2 MILE OR LESS
8 = SMOKE OR HAZE
[NO. OF DAYS WITH] [WEATHER - DAYS WITH] 9 = BLOWING SNOW
X = TORNADO
MAX 32 OR BELOW: 0 0.01 INCH OR MORE: 12
MAX 90 OR ABOVE: 0 0.10 INCH OR MORE: 6
MIN 32 OR BELOW: 0 0.50 INCH OR MORE: 1
MIN 0 OR BELOW: 0 1.00 INCH OR MORE: 1
[HDD (BASE 65) ]
TOTAL THIS MO. 15 CLEAR (SCALE 0-3) 13
DPTR FM NORMAL -5 PTCLDY (SCALE 4-7) 14
TOTAL FM JUL 1 18 CLOUDY (SCALE 8-10) 3
DPTR FM NORMAL -1
[CDD (BASE 65) ]
TOTAL THIS MO. 242
DPTR FM NORMAL 53 [PRESSURE DATA]
TOTAL FM JAN 1 4098 HIGHEST SLP 30.26 ON 20
DPTR FM NORMAL 276 LOWEST SLP 29.36 ON 10
[REMARKS]
#FINAL-11-22#