000
CXUS53 KILX 010900
CF6SPI
PRELIMINARY LOCAL CLIMATOLOGICAL DATA (WS FORM: F-6)
STATION: SPRINGFIELD IL
MONTH: JULY
YEAR: 2023
LATITUDE: 39 50 N
LONGITUDE: 89 41 W
TEMPERATURE IN F: :PCPN: SNOW: WIND :SUNSHINE: SKY :PK WND
================================================================================
1 2 3 4 5 6A 6B 7 8 9 10 11 12 13 14 15 16 17 18
12Z AVG MX 2MIN
DY MAX MIN AVG DEP HDD CDD WTR SNW DPTH SPD SPD DIR MIN PSBL S-S WX SPD DR
================================================================================
1 84 69 77 1 0 12 1.87 0.0 0 6.9 23 180 M M 5 138 29 180
2 78 67 73 -3 0 8 0.44 0.0 0 6.2 15 260 M M 6 1238 20 240
3 88 64 76 0 0 11 T 0.0 0 4.0 13 250 M M 2 18 16 270
4 90 68 79 3 0 14 0.00 0.0 0 4.6 21 120 M M 2 138 26 120
5 89 70 80 4 0 15 1.12 0.0 0 7.7 20 280 M M 2 1238 26 280
6 82 62 72 -5 0 7 0.00 0.0 0 7.4 15 330 M M 1 1 20 280
7 82 60 71 -6 0 6 0.15 0.0 0 3.2 10 240 M M 2 138 14 240
8 77 61 69 -8 0 4 0.02 0.0 0 6.9 16 330 M M 6 13 21 320
9 83 60 72 -5 0 7 0.00 0.0 0 3.5 10 280 M M 1 1 15 310
10 85 58 72 -5 0 7 0.00 0.0 0 5.1 13 250 M M 0 1 17 260
11 90 66 78 1 0 13 0.00 0.0 0 6.6 14 190 M M 0 22 190
12 86 72 79 2 0 14 0.00 0.0 M 8.4 23 170 M M 1 33 210
13 84 68 76 -1 0 11 0.00 0.0 0 5.2 10 90 M M 5 14 60
14 92 66 79 2 0 14 0.24 0.0 0 5.1 32 250 M M 1 13 47 240
15 85 65 75 -2 0 10 0.08 0.0 0 5.5 15 300 M M 3 18 21 310
16 84 64 74 -3 0 9 0.00 0.0 0 6.9 15 260 M M 0 18 20 250
17 83 63 73 -4 0 8 T 0.0 0 5.5 14 320 M M 2 138 18 320
18 79 62 71 -6 0 6 T 0.0 0 4.3 12 40 M M 3 18 16 60
19 87 64 76 -1 0 11 0.00 0.0 0 4.5 10 100 M M 5 18 16 130
20 89 65 77 0 0 12 T 0.0 0 6.2 20 320 M M 1 1238 28 330
21 81 59 70 -6 0 5 0.00 0.0 0 4.7 12 350 M M 1 1 17 350
22 84 57 71 -5 0 6 0.00 0.0 0 2.4 9 260 M M 2 1 16 200
23 87 60 74 -2 0 9 T 0.0 0 4.6 17 200 M M 1 13 23 180
24 89 60 75 -1 0 10 0.00 0.0 0 2.5 8 40 M M 0 18 11 350
25 91 68 80 4 0 15 T 0.0 0 7.7 20 180 M M 2 138 28 110
26 91 76 84 8 0 19 0.05 0.0 0 10.8 22 230 M M 2 38 33 230
27 96 74 85 9 0 20 0.00 0.0 0 4.0 10 190 M M 2 13 17 180
28 95 79 87 11 0 22 T 0.0 0 8.8 31 360 M M 0 3 43 350
29 91 68 80 4 0 15 0.02 0.0 0 6.7 18 350 M M 1 3 25 340
30 89 62 76 0 0 11 0.00 0.0 0 5.2 14 20 M M 1 12 20 350
31 83 61 72 -4 0 7 0.00 0.0 0 5.6 13 130 M M 2 17 120
================================================================================
SM 2674 2018 0 338 3.99 0.0 176.7 M 62
================================================================================
AV 86.3 65.1 5.7 FASTST M M 2 MAX(MPH)
MISC ----> 32 250 47 240
================================================================================
NOTES:
# LAST OF SEVERAL OCCURRENCES
COLUMN 17 PEAK WIND IN M.P.H.
PRELIMINARY LOCAL CLIMATOLOGICAL DATA (WS FORM: F-6) , PAGE 2
STATION: SPRINGFIELD IL
MONTH: JULY
YEAR: 2023
LATITUDE: 39 50 N
LONGITUDE: 89 41 W
[TEMPERATURE DATA] [PRECIPITATION DATA] SYMBOLS USED IN COLUMN 16
AVERAGE MONTHLY: 75.7 TOTAL FOR MONTH: 3.99 1 = FOG OR MIST
DPTR FM NORMAL: -0.8 DPTR FM NORMAL: 0.14 2 = FOG REDUCING VISIBILITY
HIGHEST: 96 ON 27 GRTST 24HR 1.87 ON 1- 1 TO 1/4 MILE OR LESS
LOWEST: 57 ON 22 3 = THUNDER
SNOW, ICE PELLETS, HAIL 4 = ICE PELLETS
TOTAL MONTH: 0.0 INCH 5 = HAIL
GRTST 24HR 0.0 6 = FREEZING RAIN OR DRIZZLE
GRTST DEPTH: 0 7 = DUSTSTORM OR SANDSTORM:
VSBY 1/2 MILE OR LESS
8 = SMOKE OR HAZE
[NO. OF DAYS WITH] [WEATHER - DAYS WITH] 9 = BLOWING SNOW
X = TORNADO
MAX 32 OR BELOW: 0 0.01 INCH OR MORE: 9
MAX 90 OR ABOVE: 8 0.10 INCH OR MORE: 5
MIN 32 OR BELOW: 0 0.50 INCH OR MORE: 2
MIN 0 OR BELOW: 0 1.00 INCH OR MORE: 2
[HDD (BASE 65) ]
TOTAL THIS MO. 0 CLEAR (SCALE 0-3) 25
DPTR FM NORMAL -1 PTCLDY (SCALE 4-7) 6
TOTAL FM JUL 1 0 CLOUDY (SCALE 8-10) 0
DPTR FM NORMAL 0
[CDD (BASE 65) ]
TOTAL THIS MO. 338
DPTR FM NORMAL -19 [PRESSURE DATA]
TOTAL FM JAN 1 677 HIGHEST SLP 30.16 ON 31
DPTR FM NORMAL -84 LOWEST SLP 29.69 ON 12
[REMARKS]
#FINAL-07-23#