000
CXUS53 KILX 011554
CLSSPI
CLIMATE REPORT
NATIONAL WEATHER SERVICE LINCOLN IL
1054 AM CDT THU SEP 01 2022
...................................
...THE SPRINGFIELD IL CLIMATE SUMMARY FOR THE SEASON, FROM
6/1/2022 TO 8/31/2022...
CLIMATE NORMAL PERIOD 1991 TO 2020
CLIMATE RECORD PERIOD 1879 TO 2022
WEATHER OBSERVED NORMAL DEPART LAST YEAR`S
VALUE DATE(S) VALUE FROM VALUE
NORMAL
..............................................................
TEMPERATURE (F)
RECORD
HIGH 112 07/14/1954
LOW 39 06/01/2003
HIGHEST 97 06/16 MM MM 99
07/05
LOWEST 53 06/03 MM MM 48
06/04
AVG. MAXIMUM 85.3 85.4 -0.1 85.6
AVG. MINIMUM 64.7 64.6 0.1 65.7
MEAN 75.0 75.0 -0.0 75.7
DAYS MAX >= 90 17 23.0 -6.0 18
DAYS MAX <= 32 0 0.0 0.0 0
DAYS MIN <= 32 0 0.0 0.0 0
DAYS MIN <= 0 0 0.0 0.0 0
PRECIPITATION (INCHES)
RECORD
MAXIMUM 24.93 1981
MINIMUM 3.87 1893
TOTALS 15.11 11.83 3.28 16.26
DAILY AVG. 0.16 0.18
DAYS >= .01 27 27.3 -0.3 30
DAYS >= .10 17 17.2 -0.2 20
DAYS >= .50 8 7.9 0.1 13
DAYS >= 1.00 6 3.2 2.8 7
GREATEST
24 HR. TOTAL 3.72 2.84
SNOWFALL (INCHES)
RECORDS
TOTAL 0.0 MM
24 HR TOTAL 0.0 MM
TOTALS 0.0 0.0 0.0 0.0
SINCE 7/1 0.0 0.0 0.0 MM
DAYS >= TRACE 0 0.0 0.0 0
DAYS >= 1.0 0 0.0 0.0 0
GREATEST
SNOW DEPTH 0 0
24 HR TOTAL MM MM
DEGREE DAYS
HEATING TOTAL 0 14 -14 4
SINCE 7/1 0 1 -1 MM
COOLING TOTAL 942 935 7 1010
SINCE 1/1 1125 1069 56 MM
FREEZE DATES
RECORD
EARLIEST 09/20/1991
LATEST 05/10/1966
EARLIEST MM
LATEST 04/19
..............................................................
WIND (MPH)
AVERAGE WIND SPEED 6.2
HIGHEST WIND SPEED/DIRECTION 30/260 DATE 08/29
HIGHEST GUST SPEED/DIRECTION 44/260 DATE 08/29
SKY COVER
POSSIBLE SUNSHINE (PERCENT) MM
AVERAGE SKY COVER 0.25
NUMBER OF DAYS FAIR 67
NUMBER OF DAYS PC 20
NUMBER OF DAYS CLOUDY 5
AVERAGE RH (PERCENT) 70
WEATHER CONDITIONS. NUMBER OF DAYS WITH
THUNDERSTORM 18 MIXED PRECIP 0
HEAVY RAIN 16 RAIN 14
LIGHT RAIN 36 FREEZING RAIN 0
LT FREEZING RAIN 0 HAIL 0
HEAVY SNOW 0 SNOW 0
LIGHT SNOW 0 SLEET 0
FOG 31 FOG W/VIS <= 1/4 MILE 2
HAZE 2
- INDICATES NEGATIVE NUMBERS.
R INDICATES RECORD WAS SET OR TIED.
MM INDICATES DATA IS MISSING.
T INDICATES TRACE AMOUNT.
&&
RECORDS SET IN SPRINGFIELD IL DURING 2022 SUMMER SEASON (JUN-AUG)...
NO MONTHLY OR SEASONAL RECORDS WERE SET.
$$
ERWIN