000
CXUS54 KLZK 011130
CF6SRC
PRELIMINARY LOCAL CLIMATOLOGICAL DATA (WS FORM: F-6)
STATION: SEARCY AIRPORT
MONTH: APRIL
YEAR: 2022
LATITUDE: 35 12 N
LONGITUDE: 91 44 W
TEMPERATURE IN F: :PCPN: SNOW: WIND :SUNSHINE: SKY :PK WND
================================================================================
1 2 3 4 5 6A 6B 7 8 9 10 11 12 13 14 15 16 17 18
12Z AVG MX 2MIN
DY MAX MIN AVG DEP HDD CDD WTR SNW DPTH SPD SPD DIR MIN PSBL S-S WX SPD DR
================================================================================
1 60 28 44 -12 21 0 0.00 M M 3.2 7 120 M M 0 M M
2 73 41 57 1 8 0 T M M 3.3 8 340 M M 5 M M
3 71 43 57 0 8 0 0.00 M M 5.5 10 100 M M 0 8 M M
4 63 45 54 -3 11 0 0.01 M M 4.4 10 350 M M 4 M M
5 76 54 65 8 0 0 0.56 M M 7.1 24 40 M M 5 1 20 160
6 69 48 59 1 6 0 0.05 M M 6.0 18 350 M M 7 3 28 340
7 64 44 54 -4 11 0 0.00 M M 9.5 17 280 M M 4 31 290
8 52 38 45 -13 20 0 T M M 7.2 18 300 M M 10 31 320
9 69 28 49 -9 16 0 0.00 M M 4.0 10 240 M M 0 18 260
10 82 41 62 3 3 0 0.00 M M 12.3 29 180 M M 1 38 190
11 71 61 66 7 0 1 1.34 M M 8.3 15 170 M M 8 13 16 50
12 81 65 73 14 0 8 0.13 M M 13.2 21 180 M M 9 3 31 180
13 75 48 62 2 3 0 0.92 M M 9.4 24 180 M M 7 13 36 190
14 70 36 53 -7 12 0 0.00 M M 3.0 7 150 M M 0 M M
15 80 41 61 1 4 0 0.00 M M 7.6 15 160 M M 5 23 180
16 69 54 62 2 3 0 0.21 M M 10.1 17 50 M M 10 23 30
17 57 47 52 -9 13 0 0.17 M M 11.5 21 50 M M 10 28 50
18 67 45 56 -5 9 0 0.00 M M 8.5 14 360 M M 4 22 360
19 63 38 51 -10 14 0 0.00 M M 6.3 13 110 M M 0 17 80
20 66 48 57 -5 8 0 1.09 M M 5.7 14 190 M M 8 13 22 190
21 79 63 71 9 0 6 0.29 M M 8.4 15 190 M M 8 1 20 140
22 83 62 73 11 0 8 0.00 M M 10.3 20 160 M M 3 25 180
23 82 64 73 10 0 8 0.00 M M 11.6 23 190 M M 2 32 170
24 84 68 76 13 0 11 0.02 M M 10.5 18 170 M M 7 3 24 170
25 70 53 62 -1 3 0 0.58 M M 6.9 15 10 M M 6 21 330
26 68 43 56 -8 9 0 0.00 M M 6.1 14 30 M M 0 21 40
27 72 39 56 -8 9 0 0.00 M M 3.6 10 130 M M 0 M M
28 78 46 62 -2 3 0 0.00 M M 4.6 15 130 M M 4 17 170
29 83 51 67 3 0 2 0.00 M M 9.2 20 150 M M 1 28 180
30 81 58 70 5 0 5 0.04 M M 7.5 17 190 M M 5 3 24 210
================================================================================
SM 2158 1440 194 49 5.41 M 225.0 M 133
================================================================================
AV 71.9 48.0 7.5 FASTST M M 4 MAX(MPH)
MISC ----> 29 180 38 190
================================================================================
NOTES:
# LAST OF SEVERAL OCCURRENCES
COLUMN 17 PEAK WIND IN M.P.H.
PRELIMINARY LOCAL CLIMATOLOGICAL DATA (WS FORM: F-6) , PAGE 2
STATION: SEARCY AIRPORT
MONTH: APRIL
YEAR: 2022
LATITUDE: 35 12 N
LONGITUDE: 91 44 W
[TEMPERATURE DATA] [PRECIPITATION DATA] SYMBOLS USED IN COLUMN 16
AVERAGE MONTHLY: 60.0 TOTAL FOR MONTH: 5.41 1 = FOG OR MIST
DPTR FM NORMAL: -0.4 DPTR FM NORMAL: 0.45 2 = FOG REDUCING VISIBILITY
HIGHEST: 84 ON 24 GRTST 24HR 1.37 ON 20-21 TO 1/4 MILE OR LESS
LOWEST: 28 ON 9, 1 3 = THUNDER
SNOW, ICE PELLETS, HAIL 4 = ICE PELLETS
TOTAL MONTH: M 5 = HAIL
GRTST 24HR M ON M 6 = FREEZING RAIN OR DRIZZLE
GRTST DEPTH: M ON M 7 = DUSTSTORM OR SANDSTORM:
VSBY 1/2 MILE OR LESS
8 = SMOKE OR HAZE
[NO. OF DAYS WITH] [WEATHER - DAYS WITH] 9 = BLOWING SNOW
X = TORNADO
MAX 32 OR BELOW: 0 0.01 INCH OR MORE: 13
MAX 90 OR ABOVE: 0 0.10 INCH OR MORE: 9
MIN 32 OR BELOW: 2 0.50 INCH OR MORE: 5
MIN 0 OR BELOW: 0 1.00 INCH OR MORE: 2
[HDD (BASE 65) ]
TOTAL THIS MO. 194 CLEAR (SCALE 0-3) 10
DPTR FM NORMAL 12 PTCLDY (SCALE 4-7) 15
TOTAL FM JUL 1 3068 CLOUDY (SCALE 8-10) 5
DPTR FM NORMAL -431
[CDD (BASE 65) ]
TOTAL THIS MO. 49
DPTR FM NORMAL 6 [PRESSURE DATA]
TOTAL FM JAN 1 57 HIGHEST SLP 30.42 ON 26
DPTR FM NORMAL 5 LOWEST SLP 29.49 ON 6
[REMARKS]
#FINAL-04-22#