000
CXUS52 KJAX 010800
CF6SSI
PRELIMINARY LOCAL CLIMATOLOGICAL DATA (WS FORM: F-6)
STATION: ST SIMONS ISLAND
MONTH: SEPTEMBER
YEAR: 2023
LATITUDE: 31 9 N
LONGITUDE: 81 23 W
TEMPERATURE IN F: :PCPN: SNOW: WIND :SUNSHINE: SKY :PK WND
================================================================================
1 2 3 4 5 6A 6B 7 8 9 10 11 12 13 14 15 16 17 18
12Z AVG MX 2MIN
DY MAX MIN AVG DEP HDD CDD WTR SNW DPTH SPD SPD DIR MIN PSBL S-S WX SPD DR
================================================================================
1 86 80 83 2 0 18 0.07 0.0 0 12.7 20 60 M M 9 28 60
2 88 80 84 3 0 19 0.00 0.0 0 10.6 17 70 M M 5 22 60
3 88 75 82 1 0 17 0.00 0.0 0 6.7 13 70 M M 2 18 70
4 87 72 80 -1 0 15 0.00 0.0 0 4.5 12 130 M M 1 16 110
5 89 71 80 -1 0 15 0.00 0.0 0 3.6 10 210 M M 0 14 280
6 97 76 87 6 0 22 0.00 0.0 0 6.7 13 130 M M 0 17 130
7 95 77 86 5 0 21 T 0.0 0 6.5 22 320 M M 0 3 34 310
8 90 74 82 2 0 17 T 0.0 0 7.7 20 150 M M 1 3 31 140
9 89 73 81 1 0 16 0.00 0.0 0 6.9 15 130 M M 0 20 110
10 90 80 85 5 0 20 0.00 0.0 0 6.7 15 130 M M 1 3 19 160
11 93 78 86 6 0 21 0.04 0.0 0 5.5 13 150 M M 1 3 22 160
12 91 72 82 2 0 17 0.30 0.0 0 5.9 26 270 M M 1 13 43 260
13 90 72 81 1 0 16 0.02 0.0 0 4.6 15 350 M M 2 3 21 350
14 90 76 83 3 0 18 0.22 0.0 0 6.8 15 80 M M 4 13 22 80
15 82 73 78 -1 0 13 1.15 0.0 0 9.9 17 100 M M 7 1 25 80
16 87 74 81 2 0 16 0.00 0.0 0 9.1 14 60 M M 4 21 80
17 89 74 82 3 0 17 0.67 0.0 0 4.8 14 160 M M 5 13 21 140
18 89 70 80 1 0 15 0.00 0.0 0 6.1 13 330 M M 0 19 290
19 87 65 76 -3 0 11 0.00 0.0 0 5.9 14 80 M M 0 19 60
20 86 72 79 1 0 14 0.17 0.0 0 9.0 20 70 M M 6 1 29 60
21 87 73 80 2 0 15 0.06 0.0 0 11.3 21 50 M M 4 13 32 60
22 88 68 78 0 0 13 0.00 0.0 0 8.8 20 10 M M 1 28 10
23 87 65 76 -2 0 11 0.00 0.0 0 6.7 14 280 M M 0 21 310
24 92 70 81 3 0 16 0.00 0.0 0 8.1 15 150 M M 1 22 190
25 90 71 81 3 0 16 0.00 0.0 0 7.2 13 140 M M 1 17 140
26 81 72 77 0 0 12 6.14 0.0 0 8.4 20 70 M M 10 13 30 70
27 78 73 76 -1 0 11 0.53 0.0 0 14.3 25 40 M M 9 1 38 40
28 79 69 74 -3 0 9 0.00 0.0 0 12.0 20 40 M M 8 28 20
29 83 69 76 0 0 11 0.00 0.0 0 10.1 17 40 M M 2 26 50
30 83 69 76 0 0 11 0.00 0.0 0 11.5 20 40 M M 3 29 20
================================================================================
SM 2631 2183 0 463 9.37 0.0 238.6 M 88
================================================================================
AV 87.7 72.8 8.0 FASTST M M 3 MAX(MPH)
MISC ----> 26 270 43 260
================================================================================
NOTES:
# LAST OF SEVERAL OCCURRENCES
COLUMN 17 PEAK WIND IN M.P.H.
PRELIMINARY LOCAL CLIMATOLOGICAL DATA (WS FORM: F-6) , PAGE 2
STATION: ST SIMONS ISLAND
MONTH: SEPTEMBER
YEAR: 2023
LATITUDE: 31 9 N
LONGITUDE: 81 23 W
[TEMPERATURE DATA] [PRECIPITATION DATA] SYMBOLS USED IN COLUMN 16
AVERAGE MONTHLY: 80.2 TOTAL FOR MONTH: 9.37 1 = FOG OR MIST
DPTR FM NORMAL: 1.1 DPTR FM NORMAL: 3.37 2 = FOG REDUCING VISIBILITY
HIGHEST: 97 ON 6 GRTST 24HR 6.16 ON 26-27 TO 1/4 MILE OR LESS
LOWEST: 65 ON 23,19 3 = THUNDER
SNOW, ICE PELLETS, HAIL 4 = ICE PELLETS
TOTAL MONTH: 0.0 INCH 5 = HAIL
GRTST 24HR 0.0 6 = FREEZING RAIN OR DRIZZLE
GRTST DEPTH: 0 7 = DUSTSTORM OR SANDSTORM:
VSBY 1/2 MILE OR LESS
8 = SMOKE OR HAZE
[NO. OF DAYS WITH] [WEATHER - DAYS WITH] 9 = BLOWING SNOW
X = TORNADO
MAX 32 OR BELOW: 0 0.01 INCH OR MORE: 11
MAX 90 OR ABOVE: 10 0.10 INCH OR MORE: 7
MIN 32 OR BELOW: 0 0.50 INCH OR MORE: 4
MIN 0 OR BELOW: 0 1.00 INCH OR MORE: 2
[HDD (BASE 65) ]
TOTAL THIS MO. 0 CLEAR (SCALE 0-3) 19
DPTR FM NORMAL 0 PTCLDY (SCALE 4-7) 8
TOTAL FM JUL 1 0 CLOUDY (SCALE 8-10) 3
DPTR FM NORMAL 0
[CDD (BASE 65) ]
TOTAL THIS MO. 463
DPTR FM NORMAL 39 [PRESSURE DATA]
TOTAL FM JAN 1 3207 HIGHEST SLP 30.18 ON 2
DPTR FM NORMAL 649 LOWEST SLP 29.81 ON 17
[REMARKS]
#FINAL-09-23#