000
CXUS55 KSTO 131722
CF6STO
PRELIMINARY LOCAL CLIMATOLOGICAL DATA (WS FORM: F-6)
STATION: SACRAMENTO CITY
MONTH: FEBRUARY
YEAR: 2021
LATITUDE: 38 36 N
LONGITUDE: 121 23 W
TEMPERATURE IN F: :PCPN: SNOW: WIND :SUNSHINE: SKY :PK WND
================================================================================
1 2 3 4 5 6A 6B 7 8 9 10 11 12 13 14 15 16 17 18
12Z AVG MX 2MIN
DY MAX MIN AVG DEP HDD CDD WTR SNW DPTH SPD SPD DIR MIN PSBL S-S WX SPD DR
================================================================================
1 69 49 59 9 6 0 0.00 0.0 M M M M M M M M M
2 59 45 52 2 13 0 0.26 0.0 M M M M M M M M M
3 60 40 50 0 15 0 0.00 0.0 M M M M M M M M M
4 61 39 50 0 15 0 0.00 0.0 M M M M M M M M M
5 66 37 52 1 13 0 0.00 M M M M M M M M M M
6 67 38 53 2 12 0 0.00 0.0 M M M M M M M M M
7 68 40 54 3 11 0 0.00 0.0 M M M M M M M M M
8 64 41 53 2 12 0 0.00 0.0 M M M M M M M M M
9 69 52 61 10 4 0 0.00 0.0 M M M M M M M M M
10 70 48 59 7 6 0 0.00 0.0 M M M M M M M M M
11 58 49 54 2 11 0 0.59 0.0 M M M M M M M M M
12 63 46 55 3 10 0 0.00 0.0 M M M M M M M M M
13 66 50 58 6 7 0 0.00 M M M M M M M M M M
14 57 46 52 0 13 0 0.00 0.0 M M M M M M M M M
15 57 47 52 -1 13 0 0.02 0.0 M M M M M M M M M
16 62 43 53 0 12 0 0.00 0.0 M M M M M M M M M
17 62 42 52 -1 13 0 0.00 0.0 M M M M M M M M M
18 63 37 50 -3 15 0 0.00 0.0 M M M M M M M M M
19 59 48 54 1 11 0 0.12 0.0 M M M M M M M M M
20 58 43 51 -3 14 0 0.06 0.0 M M M M M M M M M
21 64 40 52 -2 13 0 0.00 0.0 M M M M M M M M M
22 72 42 57 3 8 0 0.00 0.0 M M M M M M M M M
23 75 47 61 7 4 0 0.00 M M M M M M M M M M
24 66 44 55 1 10 0 0.00 M M M M M M M M M M
25 67 43 55 1 10 0 0.00 0.0 M M M M M M M M M
26 68 38 53 -2 12 0 0.00 0.0 M M M M M M M M M
27 64 44 54 -1 11 0 0.00 0.0 M M M M M M M M M
28 68 41 55 0 10 0 0.00 0.0 M M M M M M M M M
================================================================================
SM 1802 1219 304 0 1.05 0.0 M M M
================================================================================
AV 64.4 43.5 M FASTST M M 3 MAX(MPH)
MISC ----> M M M M
================================================================================
NOTES:
# LAST OF SEVERAL OCCURRENCES
COLUMN 17 PEAK WIND IN M.P.H.
PRELIMINARY LOCAL CLIMATOLOGICAL DATA (WS FORM: F-6) , PAGE 2
STATION: SACRAMENTO CITY
MONTH: FEBRUARY
YEAR: 2021
LATITUDE: 38 36 N
LONGITUDE: 121 23 W
[TEMPERATURE DATA] [PRECIPITATION DATA] SYMBOLS USED IN COLUMN 16
AVERAGE MONTHLY: 54.0 TOTAL FOR MONTH: 1.05 1 = FOG OR MIST
DPTR FM NORMAL: 1.5 DPTR FM NORMAL: -2.64 2 = FOG REDUCING VISIBILITY
HIGHEST: 75 ON 23 GRTST 24HR 0.59 ON 11-11 TO 1/4 MILE OR LESS
LOWEST: 37 ON 18, 5 3 = THUNDER
SNOW, ICE PELLETS, HAIL 4 = ICE PELLETS
TOTAL MONTH: 0.0 INCH 5 = HAIL
GRTST 24HR 0.0 6 = FREEZING RAIN OR DRIZZLE
GRTST DEPTH: M ON M 7 = DUSTSTORM OR SANDSTORM:
VSBY 1/2 MILE OR LESS
8 = SMOKE OR HAZE
[NO. OF DAYS WITH] [WEATHER - DAYS WITH] 9 = BLOWING SNOW
X = TORNADO
MAX 32 OR BELOW: 0 0.01 INCH OR MORE: 5
MAX 90 OR ABOVE: 0 0.10 INCH OR MORE: 3
MIN 32 OR BELOW: 0 0.50 INCH OR MORE: 1
MIN 0 OR BELOW: 0 1.00 INCH OR MORE: 0
[HDD (BASE 65) ]
TOTAL THIS MO. 304 CLEAR (SCALE 0-3) 0
DPTR FM NORMAL -47 PTCLDY (SCALE 4-7) 0
TOTAL FM JUL 1 1550 CLOUDY (SCALE 8-10) 0
DPTR FM NORMAL -277
[CDD (BASE 65) ]
TOTAL THIS MO. 0
DPTR FM NORMAL 0 [PRESSURE DATA]
TOTAL FM JAN 1 0 HIGHEST SLP M ON M
DPTR FM NORMAL 0 LOWEST SLP M ON M
[REMARKS]
#FINAL-02-21#