000
CXUS56 KMTR 011100
CF6STS
PRELIMINARY LOCAL CLIMATOLOGICAL DATA (WS FORM: F-6)
STATION: SANTA ROSA AIRPORT
MONTH: NOVEMBER
YEAR: 2021
LATITUDE: 38 30 N
LONGITUDE: 122 49 W
TEMPERATURE IN F: :PCPN: SNOW: WIND :SUNSHINE: SKY :PK WND
================================================================================
1 2 3 4 5 6A 6B 7 8 9 10 11 12 13 14 15 16 17 18
12Z AVG MX 2MIN
DY MAX MIN AVG DEP HDD CDD WTR SNW DPTH SPD SPD DIR MIN PSBL S-S WX SPD DR
================================================================================
1 60 54 57 0 8 0 0.66 M M 5.7 16 150 M M 9 1 23 140
2 67 49 58 1 7 0 0.00 M M 2.8 9 320 M M 5 12 13 260
3 73 46 60 4 5 0 0.20 M M 3.3 9 230 M M 7 12 11 220
4 68 46 57 1 8 0 0.08 M M 4.9 13 330 M M 4 1 16 320
5 62 39 51 -5 14 0 T M M 1.7 10 250 M M 4 12 12 260
6 63 46 55 -1 10 0 0.02 M M 3.9 16 330 M M 4 1 19 320
7 64 36 50 -5 15 0 T M M 3.1 16 330 M M 0 23 350
8 62 37 50 -5 15 0 1.06 M M 5.2 16 150 M M 5 18 21 140
9 62 47 55 0 10 0 0.85 M M 3.2 13 150 M M 9 1 17 140
10 67 50 59 5 6 0 T M M 1.5 8 350 M M 6 12 10 350
11 73 44 59 5 6 0 0.00 M M 1.1 6 150 M M 5 12 8 190
12 73 46 60 6 5 0 0.00 M M 1.1 8 180 M M 5 12 9 180
13 72 47 60 7 5 0 0.00 M M 1.2 8 140 M M 5 12 11 140
14 65 49 57 4 8 0 0.00 M M 2.0 7 180 M M 7 128 9 160
15 59 51 55 2 10 0 0.00 M M 1.3 6 160 M M 10 128 7 130
16 67 47 57 5 8 0 0.00 M M 3.2 9 140 M M 5 12 13 180
17 66 43 55 3 10 0 T M M 2.7 9 170 M M 5 12 11 160
18 58 42 50 -2 15 0 0.01 M M 1.4 8 180 M M 5 18 10 180
19 59 52 56 4 9 0 0.05 M M 0.7 7 350 M M 10 128 8 320
20 69 42 56 5 9 0 0.00 M M 3.6 12 330 M M 3 12 13 330
21 67 34 51 0 14 0 0.00 M M 1.9 9 330 M M 1 12 10 160
22 67 36 52 1 13 0 0.00 M M 1.8 9 280 M M 0 1 10 280
23 67 35 51 1 14 0 T M M 3.7 14 360 M M 1 1 15 360
24 68 35 52 2 13 0 T M M 3.1 12 10 M M 1 1 15 10
25 64 33 49 -1 16 0 0.00 M M 1.3 8 290 M M 1 1 9 290
26 65 36 51 1 14 0 0.00 M M 1.4 7 310 M M 1 1 7 150
27 70 40 55 5 10 0 0.00 M M 0.9 5 300 M M 1 1 7 160
28 70 43 57 8 8 0 T M M 2.5 8 150 M M 0 1 10 190
29 72 43 58 9 7 0 T M M 1.4 7 160 M M 3 12 7 160
30 71 37 54 5 11 0 T M M 1.2 6 300 M M 4 12 7 330
================================================================================
SM 1990 1285 303 0 2.93 M 72.8 M 126
================================================================================
AV 66.3 42.8 2.4 FASTST M M 4 MAX(MPH)
MISC ----> # 16 150 # 23 140
================================================================================
NOTES:
# LAST OF SEVERAL OCCURRENCES
COLUMN 17 PEAK WIND IN M.P.H.
PRELIMINARY LOCAL CLIMATOLOGICAL DATA (WS FORM: F-6) , PAGE 2
STATION: SANTA ROSA AIRPORT
MONTH: NOVEMBER
YEAR: 2021
LATITUDE: 38 30 N
LONGITUDE: 122 49 W
[TEMPERATURE DATA] [PRECIPITATION DATA] SYMBOLS USED IN COLUMN 16
AVERAGE MONTHLY: 54.6 TOTAL FOR MONTH: 2.93 1 = FOG OR MIST
DPTR FM NORMAL: 1.8 DPTR FM NORMAL: -0.65 2 = FOG REDUCING VISIBILITY
HIGHEST: 73 ON 12,11 GRTST 24HR 1.91 ON 8- 9 TO 1/4 MILE OR LESS
LOWEST: 33 ON 25 3 = THUNDER
SNOW, ICE PELLETS, HAIL 4 = ICE PELLETS
TOTAL MONTH: M 5 = HAIL
GRTST 24HR M ON M 6 = FREEZING RAIN OR DRIZZLE
GRTST DEPTH: M ON M 7 = DUSTSTORM OR SANDSTORM:
VSBY 1/2 MILE OR LESS
8 = SMOKE OR HAZE
[NO. OF DAYS WITH] [WEATHER - DAYS WITH] 9 = BLOWING SNOW
X = TORNADO
MAX 32 OR BELOW: 0 0.01 INCH OR MORE: 8
MAX 90 OR ABOVE: 0 0.10 INCH OR MORE: 4
MIN 32 OR BELOW: 0 0.50 INCH OR MORE: 3
MIN 0 OR BELOW: 0 1.00 INCH OR MORE: 1
[HDD (BASE 65) ]
TOTAL THIS MO. 303 CLEAR (SCALE 0-3) 9
DPTR FM NORMAL -65 PTCLDY (SCALE 4-7) 17
TOTAL FM JUL 1 534 CLOUDY (SCALE 8-10) 4
DPTR FM NORMAL -39
[CDD (BASE 65) ]
TOTAL THIS MO. 0
DPTR FM NORMAL -1 [PRESSURE DATA]
TOTAL FM JAN 1 397 HIGHEST SLP 30.39 ON 25
DPTR FM NORMAL -14 LOWEST SLP 29.92 ON 9
[REMARKS]
#FINAL-11-21#