000
CXUS53 KGRB 300737
CF6SUE
PRELIMINARY LOCAL CLIMATOLOGICAL DATA (WS FORM: F-6)
STATION: STURGEON BAY WI
MONTH: SEPTEMBER
YEAR: 2021
LATITUDE: 44 55 N
LONGITUDE: 87 25 W
TEMPERATURE IN F: :PCPN: SNOW: WIND :SUNSHINE: SKY :PK WND
================================================================================
1 2 3 4 5 6A 6B 7 8 9 10 11 12 13 14 15 16 17 18
12Z AVG MX 2MIN
DY MAX MIN AVG DEP HDD CDD WTR SNW DPTH SPD SPD DIR MIN PSBL S-S WX SPD DR
================================================================================
1 72 56 64 M 1 0 1.01 M M 7.3 16 350 M M 2 M M
2 71 52 62 M 3 0 M M M 4.2 9 10 M M 1 M M
3 70 57 64 M 1 0 T M M 3.2 8 250 M M 5 1 M M
4 67 58 63 M 2 0 0.03 M M 7.0 12 280 M M 8 1 M M
5 73 58 66 M 0 1 0.01 M M 10.0 14 290 M M 4 31 320
6 71 54 63 M 2 0 M M M 7.5 12 300 M M 0 20 320
7 75 60 68 M 0 3 T M M 9.3 16 170 M M 3 13 38 330
8 69 58 64 M 1 0 M M M 10.7 17 300 M M 4 25 300
9 71 52 62 M 3 0 M M M 4.9 10 350 M M 2 M M
10 75 51 63 M 2 0 M M M 5.4 13 170 M M 3 12 M M
11 81 61 71 M 0 6 M M M 10.1 17 230 M M 1 26 230
12 69 54 62 M 3 0 M M M 3.6 12 10 M M 1 M M
13 67 53 60 M 5 0 M M M 6.3 13 140 M M 4 16 70
14 72 61 67 M 0 2 M M M 12.7 23 270 M M 8 13 32 190
15 74 52 63 M 2 0 M M M 6.8 12 240 M M 1 M M
16 73 56 65 M 0 0 M M M 12.9 21 170 M M 0 30 170
17 80 55 68 M 0 3 M M M 9.8 16 350 M M 0 22 180
18 69 49 59 M 6 0 M M M 5.2 12 140 M M 0 M M
19 78 58 68 M 0 3 M M M 9.6 14 170 M M 1 16 160
20 76 68 72 M 0 7 0.01 M M 14.5 28 190 M M 6 1 39 180
21 69 55 62 M 3 0 T M M 12.2 17 190 M M 6 1 25 310
22 61 53 57 M 8 0 M M M 15.4 23 360 M M 2 33 360
23 61 49 55 M 10 0 T M M 15.2 25 360 M M 4 33 360
24 73 44 59 M 6 0 T M M 12.2 24 300 M M 3 31 300
25 64 47 56 M 9 0 M M M 11.0 18 250 M M 5 24 250
26 69 52 61 M 4 0 M M M 6.9 16 200 M M 3 M M
27 68 52 60 M 5 0 M M M 7.1 13 10 M M 1 M M
28 66 45 56 M 9 0 M M M 5.0 8 140 M M 0 M M
29 70 49 60 M 5 0 M M M 3.1 9 80 M M 0 12 M M
================================================================================
SM 2054 1569 90 25 1.06 M 249.2 M 78
================================================================================
AV 70.8 54.1 8.6 FASTST M M 3 MAX(MPH)
MISC ----> 28 190 39 180
================================================================================
NOTES:
# LAST OF SEVERAL OCCURRENCES
COLUMN 17 PEAK WIND IN M.P.H.
PRELIMINARY LOCAL CLIMATOLOGICAL DATA (WS FORM: F-6) , PAGE 2
STATION: STURGEON BAY WI
MONTH: SEPTEMBER
YEAR: 2021
LATITUDE: 44 55 N
LONGITUDE: 87 25 W
[TEMPERATURE DATA] [PRECIPITATION DATA] SYMBOLS USED IN COLUMN 16
AVERAGE MONTHLY: 62.5 TOTAL FOR MONTH: 1.06 1 = FOG OR MIST
DPTR FM NORMAL: 0.0 DPTR FM NORMAL: 1.06 2 = FOG REDUCING VISIBILITY
HIGHEST: 81 ON 11 GRTST 24HR 1.01 ON 1- 1 TO 1/4 MILE OR LESS
LOWEST: 44 ON 24 3 = THUNDER
SNOW, ICE PELLETS, HAIL 4 = ICE PELLETS
TOTAL MONTH: M 5 = HAIL
GRTST 24HR M ON M 6 = FREEZING RAIN OR DRIZZLE
GRTST DEPTH: M ON M 7 = DUSTSTORM OR SANDSTORM:
VSBY 1/2 MILE OR LESS
8 = SMOKE OR HAZE
[NO. OF DAYS WITH] [WEATHER - DAYS WITH] 9 = BLOWING SNOW
X = TORNADO
MAX 32 OR BELOW: 0 0.01 INCH OR MORE: 4
MAX 90 OR ABOVE: 0 0.10 INCH OR MORE: 1
MIN 32 OR BELOW: 0 0.50 INCH OR MORE: 1
MIN 0 OR BELOW: 0 1.00 INCH OR MORE: 1
[HDD (BASE 65) ]
TOTAL THIS MO. 90 CLEAR (SCALE 0-3) 18
DPTR FM NORMAL M PTCLDY (SCALE 4-7) 11
TOTAL FM JUL 1 116 CLOUDY (SCALE 8-10) 0
DPTR FM NORMAL M
[CDD (BASE 65) ]
TOTAL THIS MO. 25
DPTR FM NORMAL M [PRESSURE DATA]
TOTAL FM JAN 1 527 HIGHEST SLP M ON M
DPTR FM NORMAL 527 LOWEST SLP M ON M
[REMARKS]